CRAN Package Check Results for Package tapnet

Last updated on 2025-07-11 09:50:21 CEST.

Flavor Version Tinstall Tcheck Ttotal Status Flags
r-devel-linux-x86_64-debian-clang 0.3 12.38 106.14 118.52 NOTE
r-devel-linux-x86_64-debian-gcc 0.3 9.44 78.75 88.19 NOTE
r-devel-linux-x86_64-fedora-clang 0.3 183.87 NOTE
r-devel-linux-x86_64-fedora-gcc 0.3 185.36 NOTE
r-devel-windows-x86_64 0.3 15.00 116.00 131.00 NOTE
r-patched-linux-x86_64 0.3 12.34 101.20 113.54 NOTE
r-release-linux-x86_64 0.3 10.83 100.76 111.59 NOTE
r-release-macos-arm64 0.3 67.00 NOTE
r-release-macos-x86_64 0.3 108.00 NOTE
r-release-windows-x86_64 0.3 16.00 119.00 135.00 NOTE
r-oldrel-macos-arm64 0.3 55.00 NOTE
r-oldrel-macos-x86_64 0.3 87.00 NOTE
r-oldrel-windows-x86_64 0.3 20.00 140.00 160.00 NOTE

Check Details

Version: 0.3
Check: Rd files
Result: NOTE checkRd: (-1) tapnet-package.Rd:40: Escaped LaTeX specials: \& Flavors: r-devel-linux-x86_64-debian-clang, r-devel-linux-x86_64-debian-gcc, r-devel-linux-x86_64-fedora-clang, r-devel-linux-x86_64-fedora-gcc, r-devel-windows-x86_64, r-patched-linux-x86_64, r-release-linux-x86_64, r-release-macos-arm64, r-release-macos-x86_64, r-release-windows-x86_64, r-oldrel-macos-arm64, r-oldrel-macos-x86_64, r-oldrel-windows-x86_64