Last updated on 2025-10-21 09:48:49 CEST.
Flavor | Version | Tinstall | Tcheck | Ttotal | Status | Flags |
---|---|---|---|---|---|---|
r-devel-linux-x86_64-debian-clang | 0.2.2 | 3.82 | 69.87 | 73.69 | OK | |
r-devel-linux-x86_64-debian-gcc | 0.2.2 | 2.90 | 52.22 | 55.12 | NOTE | |
r-devel-linux-x86_64-fedora-clang | 0.2.2 | 110.41 | OK | |||
r-devel-linux-x86_64-fedora-gcc | 0.2.2 | 117.04 | OK | |||
r-devel-windows-x86_64 | 0.2.2 | 6.00 | 88.00 | 94.00 | OK | |
r-patched-linux-x86_64 | 0.2.2 | 3.67 | 66.13 | 69.80 | OK | |
r-release-linux-x86_64 | 0.2.2 | 3.60 | 65.61 | 69.21 | OK | |
r-release-macos-arm64 | 0.2.2 | 42.00 | OK | |||
r-release-macos-x86_64 | 0.2.2 | 76.00 | OK | |||
r-release-windows-x86_64 | 0.2.2 | 6.00 | 90.00 | 96.00 | OK | |
r-oldrel-macos-arm64 | 0.2.2 | 41.00 | OK | |||
r-oldrel-macos-x86_64 | 0.2.2 | 78.00 | OK | |||
r-oldrel-windows-x86_64 | 0.2.2 | 7.00 | 101.00 | 108.00 | OK |
Version: 0.2.2
Check: HTML version of manual
Result: NOTE
Found the following HTML validation problems:
get_fun.html:46:1 (get_fun.Rd:10): Warning: missing </ul> before </div>
seq_pal.html:51:1 (seq_pal.Rd:12): Warning: missing </ul> before </div>
Flavor: r-devel-linux-x86_64-debian-gcc