Last updated on 2025-10-21 09:48:49 CEST.
Flavor | Version | Tinstall | Tcheck | Ttotal | Status | Flags |
---|---|---|---|---|---|---|
r-devel-linux-x86_64-debian-clang | 0.4.2 | 8.18 | 87.04 | 95.22 | OK | |
r-devel-linux-x86_64-debian-gcc | 0.4.2 | 4.76 | 58.26 | 63.02 | NOTE | |
r-devel-linux-x86_64-fedora-clang | 0.4.2 | 141.80 | OK | |||
r-devel-linux-x86_64-fedora-gcc | 0.4.2 | 132.73 | OK | |||
r-devel-windows-x86_64 | 0.4.2 | 9.00 | 97.00 | 106.00 | OK | |
r-patched-linux-x86_64 | 0.4.2 | 7.04 | 74.46 | 81.50 | OK | |
r-release-linux-x86_64 | 0.4.2 | 7.61 | 72.81 | 80.42 | OK | |
r-release-macos-arm64 | 0.4.2 | 51.00 | OK | |||
r-release-macos-x86_64 | 0.4.2 | 85.00 | OK | |||
r-release-windows-x86_64 | 0.4.2 | 10.00 | 96.00 | 106.00 | OK | |
r-oldrel-macos-arm64 | 0.4.2 | 46.00 | OK | |||
r-oldrel-macos-x86_64 | 0.4.2 | 77.00 | OK | |||
r-oldrel-windows-x86_64 | 0.4.2 | 14.00 | 118.00 | 132.00 | OK |
Version: 0.4.2
Check: HTML version of manual
Result: NOTE
Found the following HTML validation problems:
EagerExprBuilder.html:191:1 (EagerExprBuilder.Rd:104): Warning: missing </ul> before </div>
EagerExprBuilder.html:110:1 (EagerExprBuilder.Rd:59): Warning: <h5> anchor "Usage" already defined
EagerExprBuilder.html:116:1 (EagerExprBuilder.Rd:63): Warning: <h5> anchor "Arguments" already defined
EagerExprBuilder.html:139:1 (EagerExprBuilder.Rd:76): Warning: <h5> anchor "Usage" already defined
EagerExprBuilder.html:145:1 (EagerExprBuilder.Rd:80): Warning: <h5> anchor "Arguments" already defined
EagerExprBuilder.html:168:1 (EagerExprBuilder.Rd:93): Warning: <h5> anchor "Usage" already defined
EagerExprBuilder.html:174:1 (EagerExprBuilder.Rd:97): Warning: <h5> anchor "Arguments" already defined
ExprBuilder.html:449:1 (ExprBuilder.Rd:259): Warning: missing </ul> before </div>
ExprBuilder.html:142:1 (ExprBuilder.Rd:72): Warning: <h5> anchor "Usage" already defined
ExprBuilder.html:148:1 (ExprBuilder.Rd:76): Warning: <h5> anchor "Arguments" already defined
ExprBuilder.html:173:1 (ExprBuilder.Rd:91): Warning: <h5> anchor "Usage" already defined
ExprBuilder.html:179:1 (ExprBuilder.Rd:95): Warning: <h5> anchor "Arguments" already defined
ExprBuilder.html:204:1 (ExprBuilder.Rd:110): Warning: <h5> anchor "Usage" already defined
ExprBuilder.html:210:1 (ExprBuilder.Rd:114): Warning: <h5> anchor "Arguments" already defined
ExprBuilder.html:237:1 (ExprBuilder.Rd:131): Warning: <h5> anchor "Usage" already defined
ExprBuilder.html:243:1 (ExprBuilder.Rd:135): Warning: <h5> anchor "Arguments" already defined
ExprBuilder.html:274:1 (ExprBuilder.Rd:156): Warning: <h5> anchor "Usage" already defined
ExprBuilder.html:280:1 (ExprBuilder.Rd:160): Warning: <h5> anchor "Arguments" already defined
ExprBuilder.html:303:1 (ExprBuilder.Rd:173): Warning: <h5> anchor "Usage" already defined
ExprBuilder.html:309:1 (ExprBuilder.Rd:177): Warning: <h5> anchor "Arguments" already defined
ExprBuilder.html:335:1 (ExprBuilder.Rd:193): Warning: <h5> anchor "Usage" already defined
ExprBuilder.html:341:1 (ExprBuilder.Rd:197): Warning: <h5> anchor "Arguments" already defined
ExprBuilder.html:368:1 (ExprBuilder.Rd:214): Warning: <h5> anchor "Usage" already defined
ExprBuilder.html:374:1 (ExprBuilder.Rd:218): Warning: <h5> anchor "Arguments" already defined
ExprBuilder.html:397:1 (ExprBuilder.Rd:231): Warning: <h5> anchor "Usage" already defined
ExprBuilder.html:403:1 (ExprBuilder.Rd:235): Warning: <h5> anchor "Arguments" already defined
ExprBuilder.html:426:1 (ExprBuilder.Rd:248): Warning: <h5> anchor "Usage" already defined
ExprBuilder.html:432:1 (ExprBuilder.Rd:252): Warning: <h5> anchor "Arguments" already defined
Flavor: r-devel-linux-x86_64-debian-gcc