Last updated on 2025-10-21 09:48:49 CEST.
Flavor | Version | Tinstall | Tcheck | Ttotal | Status | Flags |
---|---|---|---|---|---|---|
r-devel-linux-x86_64-debian-clang | 0.8.9 | 4.48 | 23.03 | 27.51 | NOTE | |
r-devel-linux-x86_64-debian-gcc | 0.8.9 | 3.34 | 19.53 | 22.87 | NOTE | |
r-devel-linux-x86_64-fedora-clang | 0.8.9 | 42.58 | OK | |||
r-devel-linux-x86_64-fedora-gcc | 0.8.9 | 40.13 | OK | |||
r-devel-windows-x86_64 | 0.8.9 | 16.00 | 56.00 | 72.00 | OK | |
r-patched-linux-x86_64 | 0.8.9 | 3.57 | 21.88 | 25.45 | OK | |
r-release-linux-x86_64 | 0.8.9 | 3.32 | 21.79 | 25.11 | OK | |
r-release-macos-arm64 | 0.8.9 | 26.00 | OK | |||
r-release-macos-x86_64 | 0.8.9 | 37.00 | OK | |||
r-release-windows-x86_64 | 0.8.9 | 17.00 | 60.00 | 77.00 | OK | |
r-oldrel-macos-arm64 | 0.8.9 | 22.00 | WARN | |||
r-oldrel-macos-x86_64 | 0.8.9 | 29.00 | NOTE | |||
r-oldrel-windows-x86_64 | 0.8.9 | 19.00 | 63.00 | 82.00 | OK |
Version: 0.8.9
Check: CRAN incoming feasibility
Result: NOTE
Maintainer: ‘Yixuan Qiu <yixuan.qiu@cos.name>’
No Authors@R field in DESCRIPTION.
Please add one, modifying
Authors@R: c(person(given = "Yixuan",
family = "Qiu",
role = c("aut", "cre"),
email = "yixuan.qiu@cos.name"),
person(given = c("authors/contributors", "of", "the", "included", "fonts.", "See", "file", "AUTHORS", "for"),
family = "details.",
role = "aut"))
as necessary.
Flavors: r-devel-linux-x86_64-debian-clang, r-devel-linux-x86_64-debian-gcc
Version: 0.8.9
Check: top-level files
Result: NOTE
Found the following validation problem for the NEWS.Rd HTML conversion:
NEWS.html:468:1 (inst/NEWS.Rd:239): Warning: missing </ul> before </div>
NEWS.html:52:1 (inst/NEWS.Rd:19): Warning: <h4> anchor "BUG-FIXES" already defined
NEWS.html:71:1 (inst/NEWS.Rd:29): Warning: <h4> anchor "NEW-FEATURES" already defined
NEWS.html:82:1 (inst/NEWS.Rd:34): Warning: <h4> anchor "BUG-FIXES" already defined
NEWS.html:101:1 (inst/NEWS.Rd:44): Warning: <h4> anchor "BUG-FIXES" already defined
NEWS.html:116:1 (inst/NEWS.Rd:52): Warning: <h4> anchor "BUG-FIXES" already defined
NEWS.html:134:1 (inst/NEWS.Rd:61): Warning: <h4> anchor "NEW-FEATURES" already defined
NEWS.html:145:1 (inst/NEWS.Rd:66): Warning: <h4> anchor "BUG-FIXES" already defined
NEWS.html:161:1 (inst/NEWS.Rd:75): Warning: <h4> anchor "BUG-FIXES" already defined
NEWS.html:177:1 (inst/NEWS.Rd:84): Warning: <h4> anchor "NEW-FEATURES" already defined
NEWS.html:196:1 (inst/NEWS.Rd:94): Warning: <h4> anchor "NEW-FEATURES" already defined
NEWS.html:207:1 (inst/NEWS.Rd:99): Warning: <h4> anchor "BUG-FIXES" already defined
NEWS.html:222:1 (inst/NEWS.Rd:107): Warning: <h4> anchor "NEW-FEATURES" already defined
NEWS.html:244:1 (inst/NEWS.Rd:120): Warning: <h4> anchor "NEW-FEATURES" already defined
NEWS.html:272:1 (inst/NEWS.Rd:137): Warning: <h4> anchor "NEW-FEATURES" already defined
NEWS.html:283:1 (inst/NEWS.Rd:142): Warning: <h4> anchor "BUG-FIXES" already defined
NEWS.html:298:1 (inst/NEWS.Rd:150): Warning: <h4> anchor "BUG-FIXES" already defined
NEWS.html:330:1 (inst/NEWS.Rd:168): Warning: <h4> anchor "NEW-FEATURES" already defined
NEWS.html:348:1 (inst/NEWS.Rd:179): Warning: <h4> anchor "NEW-FEATURES" already defined
NEWS.html:371:1 (inst/NEWS.Rd:190): Warning: <h4> anchor "BUG-FIXES" already defined
NEWS.html:389:1 (inst/NEWS.Rd:200): Warning: <h4> anchor "BUG-FIXES" already defined
NEWS.html:404:1 (inst/NEWS.Rd:208): Warning: <h4> anchor "BUG-FIXES" already defined
NEWS.html:420:1 (inst/NEWS.Rd:217): Warning: <h4> anchor "NEW-FEATURES" already defined
NEWS.html:438:1 (inst/NEWS.Rd:226): Warning: <h4> anchor "NEW-FEATURES" already defined
NEWS.html:454:1 (inst/NEWS.Rd:235): Warning: <h4> anchor "NEW-FEATURES" already defined
Flavor: r-devel-linux-x86_64-debian-gcc
Version: 0.8.9
Check: installed package size
Result: NOTE
installed size is 21.3Mb
sub-directories of 1Mb or more:
fonts 1.8Mb
libs 19.4Mb
Flavors: r-oldrel-macos-arm64, r-oldrel-macos-x86_64
Version: 0.8.9
Check: package subdirectories
Result: WARN
Error: inferior call failed
Execution halted
Please remove or rename the files.
See section ‘Package subdirectories’ in the ‘Writing R Extensions’
manual.
Problems with news in ‘inst/NEWS.Rd’:
cannot open the connection
Flavor: r-oldrel-macos-arm64
Version: 0.8.9
Check: for missing documentation entries
Result: WARN
Fatal error: cannot create 'R_TempDir'
All user-level objects in a package should have documentation entries.
See chapter ‘Writing R documentation files’ in the ‘Writing R
Extensions’ manual.
Flavor: r-oldrel-macos-arm64
Version: 0.8.9
Check: for code/documentation mismatches
Result: WARN
Fatal error: cannot create 'R_TempDir'
* checking Rd \usage sections ...* using check arguments '--no-clean-on-error '
Flavor: r-oldrel-macos-arm64