Last updated on 2025-10-21 09:48:49 CEST.
Flavor | Version | Tinstall | Tcheck | Ttotal | Status | Flags |
---|---|---|---|---|---|---|
r-devel-linux-x86_64-debian-clang | 0.1-6 | 4.56 | 36.92 | 41.48 | NOTE | |
r-devel-linux-x86_64-debian-gcc | 0.1-6 | 2.85 | 28.31 | 31.16 | NOTE | |
r-devel-linux-x86_64-fedora-clang | 0.1-6 | 67.76 | NOTE | |||
r-devel-linux-x86_64-fedora-gcc | 0.1-6 | 73.47 | NOTE | |||
r-devel-windows-x86_64 | 0.1-6 | 6.00 | 55.00 | 61.00 | NOTE | |
r-patched-linux-x86_64 | 0.1-6 | 3.99 | 33.90 | 37.89 | NOTE | |
r-release-linux-x86_64 | 0.1-6 | 3.34 | 34.01 | 37.35 | NOTE | |
r-release-macos-arm64 | 0.1-6 | 25.00 | NOTE | |||
r-release-macos-x86_64 | 0.1-6 | 55.00 | NOTE | |||
r-release-windows-x86_64 | 0.1-6 | 8.00 | 57.00 | 65.00 | NOTE | |
r-oldrel-macos-arm64 | 0.1-6 | 28.00 | NOTE | |||
r-oldrel-macos-x86_64 | 0.1-6 | 42.00 | NOTE | |||
r-oldrel-windows-x86_64 | 0.1-6 | 6.00 | 64.00 | 70.00 | NOTE |
Version: 0.1-6
Check: Rd files
Result: NOTE
checkRd: (-1) kRp.hyphen-methods.Rd:84: Lost braces in \itemize; meant \describe ?
checkRd: (-1) kRp.hyphen-methods.Rd:85: Lost braces in \itemize; meant \describe ?
checkRd: (-1) kRp.hyphen-methods.Rd:86: Lost braces in \itemize; meant \describe ?
checkRd: (-1) kRp.hyphen-methods.Rd:87: Lost braces in \itemize; meant \describe ?
checkRd: (-1) manage.hyph.pat.Rd:53: Lost braces in \itemize; meant \describe ?
checkRd: (-1) manage.hyph.pat.Rd:54: Lost braces in \itemize; meant \describe ?
checkRd: (-1) manage.hyph.pat.Rd:55: Lost braces in \itemize; meant \describe ?
checkRd: (-1) manage.hyph.pat.Rd:56: Lost braces in \itemize; meant \describe ?
Flavors: r-devel-linux-x86_64-debian-clang, r-devel-linux-x86_64-debian-gcc, r-devel-linux-x86_64-fedora-clang, r-devel-linux-x86_64-fedora-gcc, r-devel-windows-x86_64, r-patched-linux-x86_64, r-release-linux-x86_64, r-release-macos-arm64, r-release-macos-x86_64, r-release-windows-x86_64, r-oldrel-macos-arm64, r-oldrel-macos-x86_64, r-oldrel-windows-x86_64
Version: 0.1-6
Check: top-level files
Result: NOTE
Found the following validation problem for the NEWS.Rd HTML conversion:
NEWS.html:289:1 (inst/NEWS.Rd:133): Warning: missing </ul> before </div>
NEWS.html:71:1 (inst/NEWS.Rd:27): Warning: <h4> anchor "fixed" already defined
NEWS.html:82:1 (inst/NEWS.Rd:32): Warning: <h4> anchor "changed" already defined
NEWS.html:130:1 (inst/NEWS.Rd:56): Warning: <h4> anchor "fixed" already defined
NEWS.html:146:1 (inst/NEWS.Rd:64): Warning: <h4> anchor "changed" already defined
NEWS.html:170:1 (inst/NEWS.Rd:76): Warning: <h4> anchor "changed" already defined
NEWS.html:188:1 (inst/NEWS.Rd:84): Warning: <h4> anchor "added" already defined
NEWS.html:214:1 (inst/NEWS.Rd:96): Warning: <h4> anchor "changed" already defined
NEWS.html:242:1 (inst/NEWS.Rd:112): Warning: <h4> anchor "added" already defined
NEWS.html:275:1 (inst/NEWS.Rd:129): Warning: <h4> anchor "removed" already defined
Flavor: r-devel-linux-x86_64-debian-gcc
Version: 0.1-6
Check: package dependencies
Result: NOTE
Packages suggested but not available for checking: 'sylly.de', 'sylly.es'
Flavors: r-oldrel-macos-arm64, r-oldrel-macos-x86_64, r-oldrel-windows-x86_64