Last updated on 2025-02-21 09:51:03 CET.
Flavor | Version | Tinstall | Tcheck | Ttotal | Status | Flags |
---|---|---|---|---|---|---|
r-devel-linux-x86_64-debian-clang | 0.3.1 | 28.59 | 34.19 | 62.78 | OK | |
r-devel-linux-x86_64-debian-gcc | 0.3.1 | 23.97 | 26.65 | 50.62 | OK | |
r-devel-linux-x86_64-fedora-clang | 0.3.1 | 112.14 | OK | |||
r-devel-linux-x86_64-fedora-gcc | 0.3.1 | 142.83 | OK | |||
r-devel-macos-arm64 | 0.3.1 | 39.00 | OK | |||
r-devel-macos-x86_64 | 0.3.1 | 64.00 | OK | |||
r-devel-windows-x86_64 | 0.3.1 | 48.00 | 79.00 | 127.00 | OK | |
r-patched-linux-x86_64 | 0.3.1 | 35.27 | 32.44 | 67.71 | NOTE | |
r-release-linux-x86_64 | 0.3.1 | 34.68 | 32.50 | 67.18 | NOTE | |
r-release-macos-arm64 | 0.3.1 | 39.00 | NOTE | |||
r-release-macos-x86_64 | 0.3.1 | 51.00 | NOTE | |||
r-release-windows-x86_64 | 0.3.1 | 52.00 | 80.00 | 132.00 | NOTE | |
r-oldrel-macos-arm64 | 0.3.1 | 40.00 | NOTE | |||
r-oldrel-macos-x86_64 | 0.3.1 | 104.00 | NOTE | |||
r-oldrel-windows-x86_64 | 0.3.1 | 50.00 | 87.00 | 137.00 | NOTE |
Version: 0.3.1
Check: package dependencies
Result: NOTE
Package suggested but not available for checking: ‘swephRdata’
Flavors: r-patched-linux-x86_64, r-release-linux-x86_64, r-release-macos-arm64, r-release-macos-x86_64, r-release-windows-x86_64, r-oldrel-macos-arm64, r-oldrel-macos-x86_64, r-oldrel-windows-x86_64