Last updated on 2025-10-21 09:48:49 CEST.
Flavor | Version | Tinstall | Tcheck | Ttotal | Status | Flags |
---|---|---|---|---|---|---|
r-devel-linux-x86_64-debian-clang | 0.2.6 | 15.31 | 251.49 | 266.80 | OK | |
r-devel-linux-x86_64-debian-gcc | 0.2.6 | 11.81 | 147.57 | 159.38 | ERROR | |
r-devel-linux-x86_64-fedora-clang | 0.2.6 | 420.25 | OK | |||
r-devel-linux-x86_64-fedora-gcc | 0.2.6 | 400.50 | OK | |||
r-devel-windows-x86_64 | 0.2.6 | 18.00 | 214.00 | 232.00 | OK | |
r-patched-linux-x86_64 | 0.2.6 | 13.47 | 233.59 | 247.06 | OK | |
r-release-linux-x86_64 | 0.2.6 | 15.32 | 237.25 | 252.57 | OK | |
r-release-macos-arm64 | 0.2.6 | 125.00 | OK | |||
r-release-macos-x86_64 | 0.2.6 | 227.00 | OK | |||
r-release-windows-x86_64 | 0.2.6 | 19.00 | 215.00 | 234.00 | OK | |
r-oldrel-macos-arm64 | 0.2.6 | 141.00 | OK | |||
r-oldrel-macos-x86_64 | 0.2.6 | 225.00 | OK | |||
r-oldrel-windows-x86_64 | 0.2.6 | 24.00 | 280.00 | 304.00 | OK |
Version: 0.2.6
Check: re-building of vignette outputs
Result: ERROR
Error(s) in re-building vignettes:
...
--- re-building ‘SW00_Introduction_to_sweep.Rmd’ using rmarkdown
Quitting from SW00_Introduction_to_sweep.Rmd:65-74 [unnamed-chunk-4]
~~~~~~~~~~~~~~~~~~~~~~~~~~~~~~~~~~~~~~~~~~~~~~~~~~~~~~~~~~~~~~~~~~~~~~~~~~~~~~~~
NULL
~~~~~~~~~~~~~~~~~~~~~~~~~~~~~~~~~~~~~~~~~~~~~~~~~~~~~~~~~~~~~~~~~~~~~~~~~~~~~~~~
Error: processing vignette 'SW00_Introduction_to_sweep.Rmd' failed with diagnostics:
`data` must be a <data.frame>, or an object coercible by `fortify()`, or
a valid <data.frame>-like object coercible by `as.data.frame()`.
Caused by error in `check_data_frame_like()`:
! `dim(data)` must return an <integer> of length 2.
--- failed re-building ‘SW00_Introduction_to_sweep.Rmd’
--- re-building ‘SW01_Forecasting_Time_Series_Groups.Rmd’ using rmarkdown
[WARNING] Deprecated: --highlight-style. Use --syntax-highlighting instead.
--- finished re-building ‘SW01_Forecasting_Time_Series_Groups.Rmd’
--- re-building ‘SW02_Forecasting_Multiple_Models.Rmd’ using rmarkdown
Quitting from SW02_Forecasting_Multiple_Models.Rmd:67-67
~~~~~~~~~~~~~~~~~~~~~~~~~~~~~~~~~~~~~~~~~~~~~~~~~~~~~~~~~~~~~~~~~~~~~~~~~~~~~~~~
<error/rlang_error>
Error in `gas_prices_monthly_raw$price`:
! $ operator is invalid for atomic vectors
---
Backtrace:
▆
1. └─is.na(gas_prices_monthly_raw$price) %>% sum()
~~~~~~~~~~~~~~~~~~~~~~~~~~~~~~~~~~~~~~~~~~~~~~~~~~~~~~~~~~~~~~~~~~~~~~~~~~~~~~~~
Error: processing vignette 'SW02_Forecasting_Multiple_Models.Rmd' failed with diagnostics:
$ operator is invalid for atomic vectors
--- failed re-building ‘SW02_Forecasting_Multiple_Models.Rmd’
SUMMARY: processing the following files failed:
‘SW00_Introduction_to_sweep.Rmd’
‘SW02_Forecasting_Multiple_Models.Rmd’
Error: Vignette re-building failed.
Execution halted
Flavor: r-devel-linux-x86_64-debian-gcc
Version: 0.2.6
Check: HTML version of manual
Result: NOTE
Found the following HTML validation problems:
add_index.html:51:1 (add_index.Rd:13): Warning: missing </ul> before </div>
arima_string.html:51:1 (arima_string.Rd:12): Warning: missing </ul> before </div>
bats_string.html:47:1 (bats_string.Rd:10): Warning: missing </ul> before </div>
sw_augment_columns.html:59:1 (sw_augment_columns.Rd:17): Warning: missing </ul> before </div>
tbats_string.html:47:1 (tbats_string.Rd:10): Warning: missing </ul> before </div>
validate_index.html:51:1 (validate_index.Rd:13): Warning: missing </ul> before </div>
Flavor: r-devel-linux-x86_64-debian-gcc