Last updated on 2025-10-21 09:48:49 CEST.
Flavor | Version | Tinstall | Tcheck | Ttotal | Status | Flags |
---|---|---|---|---|---|---|
r-devel-linux-x86_64-debian-clang | 1.0-3 | 7.83 | 63.57 | 71.40 | NOTE | |
r-devel-linux-x86_64-debian-gcc | 1.0-3 | 5.21 | 47.54 | 52.75 | NOTE | |
r-devel-linux-x86_64-fedora-clang | 1.0-3 | 109.74 | OK | |||
r-devel-linux-x86_64-fedora-gcc | 1.0-3 | 97.78 | OK | |||
r-devel-windows-x86_64 | 1.0-3 | 10.00 | 74.00 | 84.00 | OK | |
r-patched-linux-x86_64 | 1.0-3 | 7.32 | 61.34 | 68.66 | OK | |
r-release-linux-x86_64 | 1.0-3 | 6.36 | 60.60 | 66.96 | OK | |
r-release-macos-arm64 | 1.0-3 | 39.00 | OK | |||
r-release-macos-x86_64 | 1.0-3 | 67.00 | OK | |||
r-release-windows-x86_64 | 1.0-3 | 10.00 | 74.00 | 84.00 | OK | |
r-oldrel-macos-arm64 | 1.0-3 | 34.00 | OK | |||
r-oldrel-macos-x86_64 | 1.0-3 | 80.00 | OK | |||
r-oldrel-windows-x86_64 | 1.0-3 | 13.00 | 90.00 | 103.00 | OK |
Version: 1.0-3
Check: CRAN incoming feasibility
Result: NOTE
Maintainer: ‘Hajime Uno <huno@jimmy.harvard.edu>’
No Authors@R field in DESCRIPTION.
Please add one, modifying
Authors@R: person(given = "Hajime",
family = "Uno",
role = c("aut", "cre"),
email = "huno@jimmy.harvard.edu")
as necessary.
Flavors: r-devel-linux-x86_64-debian-clang, r-devel-linux-x86_64-debian-gcc
Version: 1.0-3
Check: HTML version of manual
Result: NOTE
Found the following HTML validation problems:
VEC2MAT.html:53:1 (VEC2MAT.Rd:17): Warning: missing </ul> before </div>
conc.html:63:1 (conc.Rd:20): Warning: missing </ul> before </div>
kmcens.html:58:1 (kmcens.Rd:20): Warning: missing </ul> before </div>
unoCW.html:83:1 (unoCW.Rd:29): Warning: missing </ul> before </div>
unoU2P.html:53:1 (unoU2P.Rd:16): Warning: missing </ul> before </div>
Flavor: r-devel-linux-x86_64-debian-gcc