Last updated on 2025-10-21 09:48:49 CEST.
Flavor | Version | Tinstall | Tcheck | Ttotal | Status | Flags |
---|---|---|---|---|---|---|
r-devel-linux-x86_64-debian-clang | 1.11.0 | 8.92 | 189.41 | 198.33 | OK | |
r-devel-linux-x86_64-debian-gcc | 1.11.0 | 6.67 | 128.54 | 135.21 | NOTE | |
r-devel-linux-x86_64-fedora-clang | 1.11.0 | 344.91 | OK | |||
r-devel-linux-x86_64-fedora-gcc | 1.11.0 | 302.31 | OK | |||
r-devel-windows-x86_64 | 1.11.0 | 12.00 | 192.00 | 204.00 | OK | |
r-patched-linux-x86_64 | 1.11.0 | 11.29 | 175.64 | 186.93 | OK | |
r-release-linux-x86_64 | 1.11.0 | 7.63 | 174.42 | 182.05 | OK | |
r-release-macos-arm64 | 1.11.0 | 87.00 | OK | |||
r-release-macos-x86_64 | 1.11.0 | 166.00 | OK | |||
r-release-windows-x86_64 | 1.11.0 | 17.00 | 194.00 | 211.00 | OK | |
r-oldrel-macos-arm64 | 1.11.0 | 83.00 | OK | |||
r-oldrel-macos-x86_64 | 1.11.0 | 169.00 | OK | |||
r-oldrel-windows-x86_64 | 1.11.0 | 21.00 | 194.00 | 215.00 | OK |
Version: 1.11.0
Check: HTML version of manual
Result: NOTE
Found the following HTML validation problems:
add_cache_block.html:47:1 (add_cache_block.Rd:10): Warning: missing </ul> before </div>
add_id_and_short.html:46:1 (add_id_and_short.Rd:10): Warning: missing </ul> before </div>
add_roxygen_mask.html:56:1 (add_roxygen_mask.Rd:15): Warning: missing </ul> before </div>
alignment_col1_all_named.html:47:1 (alignment_col1_all_named.Rd:11): Warning: missing </ul> before </div>
alignment_drop_comments.html:48:1 (alignment_drop_comments.Rd:11): Warning: missing </ul> before </div>
alignment_ensure_no_closing_brace.html:48:1 (alignment_ensure_no_closing_brace.Rd:11): Warning: missing </ul> before </div>
alignment_ensure_trailing_comma.html:49:1 (alignment_ensure_trailing_comma.Rd:11): Warning: missing </ul> before </div>
alignment_has_correct_spacing_around_comma.html:47:1 (alignment_has_correct_spacing_around_comma.Rd:10): Warning: missing </ul> before </div>
alignment_has_correct_spacing_around_eq_sub.html:46:1 (alignment_has_correct_spacing_around_eq_sub.Rd:10): Warning: missing </ul> before </div>
alignment_serialize_column.html:51:1 (alignment_serialize_column.Rd:13): Warning: missing </ul> before </div>
alignment_serialize_line.html:51:1 (alignment_serialize_line.Rd:13): Warning: missing </ul> before </div>
apply_ref_indention.html:49:1 (apply_ref_indention.Rd:10): Warning: missing </ul> before </div>
apply_ref_indention_one.html:54:1 (apply_ref_indention_one.Rd:13): Warning: missing </ul> before </div>
assert_filetype.html:46:1 (assert_filetype.Rd:10): Warning: missing </ul> before </div>
assert_text.html:48:1 (assert_text.Rd:11): Warning: missing </ul> before </div>
assert_tokens.html:46:1 (assert_tokens.Rd:10): Warning: missing </ul> before </div>
assert_transformers.html:48:1 (assert_transformers.Rd:11): Warning: missing </ul> before </div>
bind_with_child.html:51:1 (bind_with_child.Rd:12): Warning: missing </ul> before </div>
cache_by_expression.html:65:1 (cache_by_expression.Rd:18): Warning: missing </ul> before </div>
cache_find_path.html:48:1 (cache_find_path.Rd:12): Warning: missing </ul> before </div>
cache_is_activated.html:48:1 (cache_is_activated.Rd:12): Warning: missing </ul> before </div>
cache_write.html:59:1 (cache_write.Rd:19): Warning: missing </ul> before </div>
choose_indention.html:63:1 (choose_indention.Rd:14): Warning: missing </ul> before </div>
communicate_summary.html:51:1 (communicate_summary.Rd:13): Warning: missing </ul> before </div>
communicate_warning.html:53:1 (communicate_warning.Rd:14): Warning: missing </ul> before </div>
construct_tree.html:50:1 (construct_tree.Rd:12): Warning: missing </ul> before </div>
construct_vertical.html:47:1 (construct_vertical.Rd:10): Warning: missing </ul> before </div>
contains_else_expr_that_needs_braces.html:49:1 (contains_else_expr_that_needs_braces.Rd:10): Warning: missing </ul> before </div>
copy_to_tempdir.html:47:1 (copy_to_tempdir.Rd:10): Warning: missing </ul> before </div>
create_node_from_nested.html:56:1 (create_node_from_nested.Rd:16): Warning: missing </ul> before </div>
enhance_mapping_special.html:47:1 (enhance_mapping_special.Rd:10): Warning: missing </ul> before </div>
ensure_correct_txt.html:49:1 (ensure_correct_txt.Rd:10): Warning: missing </ul> before </div>
env_add_stylerignore.html:54:1 (env_add_stylerignore.Rd:10): Warning: missing </ul> before </div>
expressions_are_identical.html:50:1 (expressions_are_identical.Rd:12): Warning: missing </ul> before </div>
extract_terminals.html:47:1 (extract_terminals.Rd:10): Warning: missing </ul> before </div>
find_blank_lines_to_next_block.html:49:1 (find_blank_lines_to_next_block.Rd:10): Warning: missing </ul> before </div>
find_dont_seqs.html:47:1 (find_dont_seqs.Rd:10): Warning: missing </ul> before </div>
find_line_break_position_in_multiline_call.html:49:1 (find_line_break_position_in_multiline_call.Rd:10): Warning: missing </ul> before </div>
find_start_pos_id.html:71:1 (find_start_pos_id.Rd:23): Warning: missing </ul> before </div>
flatten_operators.html:51:1 (flatten_operators.Rd:10): Warning: missing </ul> before </div>
flatten_operators_one.html:48:1 (flatten_operators_one.Rd:10): Warning: missing </ul> before </div>
flatten_pd.html:65:1 (flatten_pd.Rd:19): Warning: missing </ul> before </div>
get_knitr_pattern.html:46:1 (get_knitr_pattern.Rd:10): Warning: missing </ul> before </div>
get_parse_data.html:57:1 (get_parse_data.Rd:14): Warning: missing </ul> before </div>
has_crlf_as_first_line_sep.html:50:1 (has_crlf_as_first_line_sep.Rd:12): Warning: missing </ul> before </div>
hash_standardize.html:48:1 (hash_standardize.Rd:10): Warning: missing </ul> before </div>
identify_raw_chunks.html:60:1 (identify_raw_chunks.Rd:14): Warning: missing </ul> before </div>
identify_start_to_stop_of_roxygen_examples_from_text.html:47:1 (identify_start_to_stop_of_roxygen_examples_from_text.Rd:10): Warning: missing </ul> before </div>
if_for_while_part_requires_braces.html:53:1 (if_for_while_part_requires_braces.Rd:14): Warning: missing </ul> before </div>
is_cached.html:59:1 (is_cached.Rd:17): Warning: missing </ul> before </div>
is_single_indent_function_declaration.html:53:1 (is_single_indent_function_declaration.Rd:13): Warning: missing </ul> before </div>
lookup_new_special.html:46:1 (lookup_new_special.Rd:10): Warning: missing </ul> before </div>
make_transformer.html:71:1 (make_transformer.Rd:27): Warning: missing </ul> before </div>
needs_indention.html:58:1 (needs_indention.Rd:17): Warning: missing </ul> before </div>
option_read.html:57:1 (option_read.Rd:17): Warning: missing </ul> before </div>
parse_tree_must_be_identical.html:49:1 (parse_tree_must_be_identical.Rd:11): Warning: missing </ul> before </div>
post_parse_roxygen.html:47:1 (post_parse_roxygen.Rd:10): Warning: missing </ul> before </div>
prettify_any.html:101:1 (prettify_any.Rd:51): Warning: missing </ul> before </div>
prettify_pkg.html:94:1 (prettify_pkg.Rd:46): Warning: missing </ul> before </div>
print.vertical.html:65:1 (print.vertical.Rd:22): Warning: missing </ul> before </div>
read_utf8.html:50:1 (read_utf8.Rd:10): Warning: missing </ul> before </div>
remove_dont_mask.html:46:1 (remove_dont_mask.Rd:10): Warning: missing </ul> before </div>
separate_chunks.html:51:1 (separate_chunks.Rd:12): Warning: missing </ul> before </div>
serialize_parse_data_flattened.html:51:1 (serialize_parse_data_flattened.Rd:13): Warning: missing </ul> before </div>
set_multi_line.html:47:1 (set_multi_line.Rd:10): Warning: missing </ul> before </div>
set_space_between_eq_sub_and_comma.html:46:1 (set_space_between_eq_sub_and_comma.Rd:10): Warning: missing </ul> before </div>
set_space_between_levels.html:50:1 (set_space_between_levels.Rd:10): Warning: missing </ul> before </div>
set_unindention_child.html:55:1 (set_unindention_child.Rd:14): Warning: missing </ul> before </div>
style_roxygen_code_example_one.html:58:1 (style_roxygen_code_example_one.Rd:18): Warning: missing </ul> before </div>
style_space_around_math_token.html:61:1 (style_space_around_math_token.Rd:19): Warning: missing </ul> before </div>
style_space_around_token.html:67:1 (style_space_around_token.Rd:24): Warning: missing </ul> before </div>
stylerignore_consolidate_col.html:64:1 (stylerignore_consolidate_col.Rd:21): Warning: missing </ul> before </div>
test_dry.html:51:1 (test_dry.Rd:13): Warning: missing </ul> before </div>
test_transformers_drop.html:47:1 (test_transformers_drop.Rd:10): Warning: missing </ul> before </div>
testthat_file.html:47:1 (testthat_file.Rd:11): Warning: missing </ul> before </div>
transform_and_check.html:93:1 (transform_and_check.Rd:41): Warning: missing </ul> before </div>
transform_code.html:64:1 (transform_code.Rd:20): Warning: missing </ul> before </div>
transform_file.html:89:1 (transform_file.Rd:39): Warning: missing </ul> before </div>
transform_mixed.html:56:1 (transform_mixed.Rd:14): Warning: missing </ul> before </div>
transform_utf8.html:58:1 (transform_utf8.Rd:18): Warning: missing </ul> before </div>
transform_utf8_one.html:58:1 (transform_utf8_one.Rd:18): Warning: missing </ul> before </div>
try_transform_as_r_file.html:54:1 (try_transform_as_r_file.Rd:13): Warning: missing </ul> before </div>
unindent_child.html:54:1 (unindent_child.Rd:14): Warning: missing </ul> before </div>
wrap_else_multiline_curly.html:56:1 (wrap_else_multiline_curly.Rd:15): Warning: missing </ul> before </div>
wrap_expr_in_curly.html:56:1 (wrap_expr_in_curly.Rd:15): Warning: missing </ul> before </div>
wrap_expr_in_expr.html:47:1 (wrap_expr_in_expr.Rd:10): Warning: missing </ul> before </div>
wrap_if_else_while_for_function_multi_line_in_curly.html:51:1 (wrap_if_else_while_for_function_multi_line_in_curly.Rd:13): Warning: missing </ul> before </div>
wrap_multiline_curly.html:61:1 (wrap_multiline_curly.Rd:19): Warning: missing </ul> before </div>
wrap_subexpr_in_curly.html:55:1 (wrap_subexpr_in_curly.Rd:15): Warning: missing </ul> before </div>
Flavor: r-devel-linux-x86_64-debian-gcc