Last updated on 2025-10-21 09:48:48 CEST.
Flavor | Version | Tinstall | Tcheck | Ttotal | Status | Flags |
---|---|---|---|---|---|---|
r-devel-linux-x86_64-debian-clang | 0.9.8 | 83.42 | 150.10 | 233.52 | OK | |
r-devel-linux-x86_64-debian-gcc | 0.9.8 | 76.07 | 91.97 | 168.04 | NOTE | |
r-devel-linux-x86_64-fedora-clang | 0.9.8 | 356.23 | OK | |||
r-devel-linux-x86_64-fedora-gcc | 0.9.8 | 412.06 | OK | |||
r-devel-windows-x86_64 | 0.9.8 | 83.00 | 165.00 | 248.00 | OK | |
r-patched-linux-x86_64 | 0.9.8 | 102.42 | 139.85 | 242.27 | OK | |
r-release-linux-x86_64 | 0.9.8 | 100.53 | 140.26 | 240.79 | OK | |
r-release-macos-arm64 | 0.9.8 | 89.00 | OK | |||
r-release-macos-x86_64 | 0.9.8 | 177.00 | OK | |||
r-release-windows-x86_64 | 0.9.8 | 88.00 | 172.00 | 260.00 | OK | |
r-oldrel-macos-arm64 | 0.9.8 | 91.00 | NOTE | |||
r-oldrel-macos-x86_64 | 0.9.8 | 191.00 | NOTE | |||
r-oldrel-windows-x86_64 | 0.9.8 | 94.00 | 225.00 | 319.00 | OK |
Version: 0.9.8
Check: HTML version of manual
Result: NOTE
Found the following HTML validation problems:
NormalCS.html:143:1 (NormalCS.Rd:102): Warning: <h5> anchor "Usage" already defined
NormalCS.html:159:1 (NormalCS.Rd:112): Warning: <h5> anchor "Usage" already defined
NormalCS.html:175:1 (NormalCS.Rd:122): Warning: <h5> anchor "Usage" already defined
NormalCS.html:191:1 (NormalCS.Rd:132): Warning: <h5> anchor "Usage" already defined
NormalCS.html:207:1 (NormalCS.Rd:142): Warning: <h5> anchor "Usage" already defined
NormalCS.html:213:1 (NormalCS.Rd:146): Warning: <h5> anchor "Arguments" already defined
NormalCS.html:237:1 (NormalCS.Rd:160): Warning: <h5> anchor "Usage" already defined
NormalCS.html:243:1 (NormalCS.Rd:164): Warning: <h5> anchor "Arguments" already defined
Stcp.html:210:1 (Stcp.Rd:166): Warning: <h5> anchor "Usage" already defined
Stcp.html:226:1 (Stcp.Rd:176): Warning: <h5> anchor "Usage" already defined
Stcp.html:242:1 (Stcp.Rd:186): Warning: <h5> anchor "Usage" already defined
Stcp.html:258:1 (Stcp.Rd:196): Warning: <h5> anchor "Usage" already defined
Stcp.html:274:1 (Stcp.Rd:206): Warning: <h5> anchor "Usage" already defined
Stcp.html:290:1 (Stcp.Rd:216): Warning: <h5> anchor "Usage" already defined
Stcp.html:306:1 (Stcp.Rd:226): Warning: <h5> anchor "Usage" already defined
Stcp.html:322:1 (Stcp.Rd:236): Warning: <h5> anchor "Usage" already defined
Stcp.html:338:1 (Stcp.Rd:246): Warning: <h5> anchor "Usage" already defined
Stcp.html:354:1 (Stcp.Rd:256): Warning: <h5> anchor "Usage" already defined
Stcp.html:360:1 (Stcp.Rd:260): Warning: <h5> anchor "Arguments" already defined
Stcp.html:383:1 (Stcp.Rd:273): Warning: <h5> anchor "Usage" already defined
Stcp.html:389:1 (Stcp.Rd:277): Warning: <h5> anchor "Arguments" already defined
Stcp.html:412:1 (Stcp.Rd:290): Warning: <h5> anchor "Usage" already defined
Stcp.html:418:1 (Stcp.Rd:294): Warning: <h5> anchor "Arguments" already defined
Stcp.html:442:1 (Stcp.Rd:308): Warning: <h5> anchor "Usage" already defined
Stcp.html:448:1 (Stcp.Rd:312): Warning: <h5> anchor "Arguments" already defined
Stcp.html:475:1 (Stcp.Rd:329): Warning: <h5> anchor "Usage" already defined
Stcp.html:481:1 (Stcp.Rd:333): Warning: <h5> anchor "Arguments" already defined
Stcp.html:507:1 (Stcp.Rd:349): Warning: <h5> anchor "Usage" already defined
Stcp.html:513:1 (Stcp.Rd:353): Warning: <h5> anchor "Arguments" already defined
Flavor: r-devel-linux-x86_64-debian-gcc
Version: 0.9.8
Check: installed package size
Result: NOTE
installed size is 25.5Mb
sub-directories of 1Mb or more:
libs 25.3Mb
Flavors: r-oldrel-macos-arm64, r-oldrel-macos-x86_64