Last updated on 2025-10-21 09:48:48 CEST.
Flavor | Version | Tinstall | Tcheck | Ttotal | Status | Flags |
---|---|---|---|---|---|---|
r-devel-linux-x86_64-debian-clang | 0.2.0 | 3.46 | 77.86 | 81.32 | OK | |
r-devel-linux-x86_64-debian-gcc | 0.2.0 | 2.62 | 56.06 | 58.68 | NOTE | |
r-devel-linux-x86_64-fedora-clang | 0.2.0 | 121.31 | OK | |||
r-devel-linux-x86_64-fedora-gcc | 0.2.0 | 132.35 | OK | |||
r-devel-windows-x86_64 | 0.2.0 | 6.00 | 83.00 | 89.00 | OK | |
r-patched-linux-x86_64 | 0.2.0 | 5.02 | 71.19 | 76.21 | OK | |
r-release-linux-x86_64 | 0.2.0 | 3.95 | 71.60 | 75.55 | OK | |
r-release-macos-arm64 | 0.2.0 | 49.00 | OK | |||
r-release-macos-x86_64 | 0.2.0 | 104.00 | OK | |||
r-release-windows-x86_64 | 0.2.0 | 6.00 | 86.00 | 92.00 | OK | |
r-oldrel-macos-arm64 | 0.2.0 | 50.00 | OK | |||
r-oldrel-macos-x86_64 | 0.2.0 | 81.00 | OK | |||
r-oldrel-windows-x86_64 | 0.2.0 | 7.00 | 100.00 | 107.00 | OK |
Version: 0.2.0
Check: HTML version of manual
Result: NOTE
Found the following HTML validation problems:
dot-check_cast_failures.html:73:1 (dot-check_cast_failures.Rd:27): Warning: missing </ul> before </div>
dot-elements_are_cls_ish.html:46:1 (dot-elements_are_cls_ish.Rd:10): Warning: missing </ul> before </div>
dot-shared-params-check.html:40:1 (dot-shared-params-check.Rd:7): Warning: missing </ul> before </div>
dot-shared-params.html:198:1 (dot-shared-params.Rd:102): Warning: missing </ul> before </div>
dot-stbl_abort.html:79:1 (dot-stbl_abort.Rd:33): Warning: missing </ul> before </div>
Flavor: r-devel-linux-x86_64-debian-gcc