Last updated on 2025-07-13 09:49:55 CEST.
Flavor | Version | Tinstall | Tcheck | Ttotal | Status | Flags |
---|---|---|---|---|---|---|
r-devel-linux-x86_64-debian-clang | 1.0.4 | 47.96 | 211.17 | 259.13 | NOTE | |
r-devel-linux-x86_64-debian-gcc | 1.0.4 | 34.61 | 142.37 | 176.98 | NOTE | |
r-devel-linux-x86_64-fedora-clang | 1.0.4 | 401.95 | NOTE | |||
r-devel-linux-x86_64-fedora-gcc | 1.0.4 | 365.28 | NOTE | |||
r-devel-windows-x86_64 | 1.0.4 | 52.00 | 196.00 | 248.00 | NOTE | |
r-patched-linux-x86_64 | 1.0.4 | 44.45 | 188.98 | 233.43 | NOTE | |
r-release-linux-x86_64 | 1.0.4 | 44.60 | 192.05 | 236.65 | NOTE | |
r-release-macos-arm64 | 1.0.4 | 101.00 | NOTE | |||
r-release-macos-x86_64 | 1.0.4 | 207.00 | NOTE | |||
r-release-windows-x86_64 | 1.0.4 | 52.00 | 204.00 | 256.00 | NOTE | |
r-oldrel-macos-arm64 | 1.0.4 | 101.00 | OK | |||
r-oldrel-macos-x86_64 | 1.0.4 | 165.00 | OK | |||
r-oldrel-windows-x86_64 | 1.0.4 | 65.00 | 259.00 | 324.00 | OK |
Version: 1.0.4
Check: DESCRIPTION meta-information
Result: NOTE
Missing dependency on R >= 4.1.0 because package code uses the pipe
|> or function shorthand \(...) syntax added in R 4.1.0.
File(s) using such syntax:
‘import_qiime2_tax_table.R’ ‘import_sintax_tax_table.R’
Flavors: r-devel-linux-x86_64-debian-clang, r-devel-linux-x86_64-debian-gcc, r-devel-linux-x86_64-fedora-clang, r-devel-linux-x86_64-fedora-gcc, r-devel-windows-x86_64, r-patched-linux-x86_64, r-release-linux-x86_64, r-release-macos-arm64, r-release-macos-x86_64, r-release-windows-x86_64