Last updated on 2025-10-21 09:48:48 CEST.
Flavor | Version | Tinstall | Tcheck | Ttotal | Status | Flags |
---|---|---|---|---|---|---|
r-devel-linux-x86_64-debian-clang | 3.4 | 35.61 | 61.51 | 97.12 | NOTE | |
r-devel-linux-x86_64-debian-gcc | 3.4 | 26.10 | 46.29 | 72.39 | NOTE | |
r-devel-linux-x86_64-fedora-clang | 3.4 | 182.37 | OK | |||
r-devel-linux-x86_64-fedora-gcc | 3.4 | 158.08 | OK | |||
r-devel-windows-x86_64 | 3.4 | 45.00 | 203.00 | 248.00 | OK | |
r-patched-linux-x86_64 | 3.4 | 38.03 | 58.70 | 96.73 | OK | |
r-release-linux-x86_64 | 3.4 | 38.41 | 58.95 | 97.36 | OK | |
r-release-macos-arm64 | 3.4 | 53.00 | OK | |||
r-release-macos-x86_64 | 3.4 | 75.00 | OK | |||
r-release-windows-x86_64 | 3.4 | 46.00 | 110.00 | 156.00 | OK | |
r-oldrel-macos-arm64 | 3.4 | 50.00 | OK | |||
r-oldrel-macos-x86_64 | 3.4 | 62.00 | OK | |||
r-oldrel-windows-x86_64 | 3.4 | 56.00 | 118.00 | 174.00 | OK |
Version: 3.4
Check: CRAN incoming feasibility
Result: NOTE
Maintainer: ‘Tuomas Rajala <tuomas.rajala@iki.fi>’
No Authors@R field in DESCRIPTION.
Please add one, modifying
Authors@R: person(given = "Tuomas",
family = "Rajala",
role = c("aut", "cre"),
email = "tuomas.rajala@iki.fi")
as necessary.
Flavors: r-devel-linux-x86_64-debian-clang, r-devel-linux-x86_64-debian-gcc
Version: 3.4
Check: HTML version of manual
Result: NOTE
Found the following HTML validation problems:
adj2sg.html:46:1 (adj2sg.Rd:10): Warning: missing </ul> before </div>
as.sg.html:58:1 (as.sg.Rd:16): Warning: missing </ul> before </div>
as.sgadj.html:58:1 (as.sgadj.Rd:16): Warning: missing </ul> before </div>
as.sgc.html:58:1 (as.sgc.Rd:16): Warning: missing </ul> before </div>
cut.sg.html:61:1 (cut.sg.Rd:18): Warning: missing </ul> before </div>
edgeLengths.html:54:1 (edgeLengths.Rd:14): Warning: missing </ul> before </div>
is_sg.html:46:1 (is_sg.Rd:10): Warning: missing </ul> before </div>
plot.sg.html:94:1 (plot.sg.Rd:39): Warning: missing </ul> before </div>
plot.sgadj.html:53:1 (plot.sgadj.Rd:14): Warning: missing </ul> before </div>
plot.sgc.html:67:1 (plot.sgc.Rd:20): Warning: missing </ul> before </div>
plot.sgspectral.html:55:1 (plot.sgspectral.Rd:14): Warning: missing </ul> before </div>
plot3_sg.html:58:1 (plot3_sg.Rd:16): Warning: missing </ul> before </div>
print.sgadj.html:51:1 (print.sgadj.Rd:12): Warning: missing </ul> before </div>
print.sgc.html:51:1 (print.sgc.Rd:12): Warning: missing </ul> before </div>
sg2adj.html:46:1 (sg2adj.Rd:10): Warning: missing </ul> before </div>
sg2dxf.html:54:1 (sg2dxf.Rd:14): Warning: missing </ul> before </div>
sg2sparse.html:46:1 (sg2sparse.Rd:10): Warning: missing </ul> before </div>
sg2sym.html:52:1 (sg2sym.Rd:13): Warning: missing </ul> before </div>
sg2wadj.html:46:1 (sg2wadj.Rd:10): Warning: missing </ul> before </div>
sg_parse_coordinates.html:50:1 (sg_parse_coordinates.Rd:12): Warning: missing </ul> before </div>
sg_verify_parameters.html:66:1 (sg_verify_parameters.Rd:20): Warning: missing </ul> before </div>
shortestPath.html:62:1 (shortestPath.Rd:18): Warning: missing </ul> before </div>
sparse2sg.html:46:1 (sparse2sg.Rd:10): Warning: missing </ul> before </div>
spatcluster.html:54:1 (spatcluster.Rd:14): Warning: missing </ul> before </div>
spectral_sg.html:54:1 (spectral_sg.Rd:14): Warning: missing </ul> before </div>
summary.sg.html:51:1 (summary.sg.Rd:12): Warning: missing </ul> before </div>
summary.sgc.html:51:1 (summary.sgc.Rd:12): Warning: missing </ul> before </div>
t.sg.html:48:1 (t.sg.Rd:10): Warning: missing </ul> before </div>
t.sgadj.html:47:1 (t.sgadj.Rd:10): Warning: missing </ul> before </div>
Flavor: r-devel-linux-x86_64-debian-gcc