Last updated on 2025-10-21 09:48:48 CEST.
Flavor | Version | Tinstall | Tcheck | Ttotal | Status | Flags |
---|---|---|---|---|---|---|
r-devel-linux-x86_64-debian-clang | 3.6.0 | 26.27 | 273.09 | 299.36 | OK | |
r-devel-linux-x86_64-debian-gcc | 3.6.0 | 16.56 | 198.25 | 214.81 | NOTE | |
r-devel-linux-x86_64-fedora-clang | 3.6.0 | 394.85 | OK | |||
r-devel-linux-x86_64-fedora-gcc | 3.6.0 | 447.50 | OK | |||
r-devel-windows-x86_64 | 3.6.0 | 32.00 | 313.00 | 345.00 | OK | |
r-patched-linux-x86_64 | 3.6.0 | 32.26 | 269.83 | 302.09 | OK | |
r-release-linux-x86_64 | 3.6.0 | 23.87 | 269.11 | 292.98 | OK | |
r-release-macos-arm64 | 3.6.0 | 139.00 | OK | |||
r-release-macos-x86_64 | 3.6.0 | 310.00 | OK | |||
r-release-windows-x86_64 | 3.6.0 | 31.00 | 325.00 | 356.00 | OK | |
r-oldrel-macos-arm64 | 3.6.0 | 143.00 | OK | |||
r-oldrel-macos-x86_64 | 3.6.0 | 305.00 | OK | |||
r-oldrel-windows-x86_64 | 3.6.0 | 44.00 | 396.00 | 440.00 | OK |
Version: 3.6.0
Check: HTML version of manual
Result: NOTE
Found the following HTML validation problems:
Imzap.html:53:1 (Imzap.Rd:14): Warning: missing </ul> before </div>
Ncoils.html:46:1 (Ncoils.Rd:10): Warning: missing </ul> before </div>
Ndyns.html:46:1 (Ndyns.Rd:10): Warning: missing </ul> before </div>
Nspec.html:46:1 (Nspec.Rd:10): Warning: missing </ul> before </div>
Ntrans.html:46:1 (Ntrans.Rd:10): Warning: missing </ul> before </div>
Nx.html:46:1 (Nx.Rd:10): Warning: missing </ul> before </div>
Ny.html:46:1 (Ny.Rd:10): Warning: missing </ul> before </div>
Nz.html:46:1 (Nz.Rd:10): Warning: missing </ul> before </div>
apply_mrs.html:62:1 (apply_mrs.Rd:18): Warning: missing </ul> before </div>
calc_design_efficiency.html:50:1 (calc_design_efficiency.Rd:12): Warning: missing </ul> before </div>
fd_conv_filt.html:54:1 (fd_conv_filt.Rd:14): Warning: missing </ul> before </div>
fit_res2csv.html:54:1 (fit_res2csv.Rd:14): Warning: missing </ul> before </div>
fit_svs_group_results.html:50:1 (fit_svs_group_results.Rd:12): Warning: missing </ul> before </div>
gen_group_reg.html:50:1 (gen_group_reg.Rd:12): Warning: missing </ul> before </div>
get_fit_map.html:50:1 (get_fit_map.Rd:12): Warning: missing </ul> before </div>
get_guassian_pulse.html:54:1 (get_guassian_pulse.Rd:14): Warning: missing </ul> before </div>
get_mol_paras.html:50:1 (get_mol_paras.Rd:12): Warning: missing </ul> before </div>
glm_spec_fmrs_fl.html:91:1 (glm_spec_fmrs_fl.Rd:39): Warning: missing </ul> before </div>
glm_spec_fmrs_group.html:66:1 (glm_spec_fmrs_group.Rd:24): Warning: missing </ul> before </div>
glm_spec_group_linhyp.html:51:1 (glm_spec_group_linhyp.Rd:13): Warning: missing </ul> before </div>
gridplot.html:50:1 (gridplot.Rd:12): Warning: missing </ul> before </div>
gridplot.mrs_data.html:85:1 (gridplot.mrs_data.Rd:34): Warning: missing </ul> before </div>
image.mrs_data.html:150:1 (image.mrs_data.Rd:75): Warning: missing </ul> before </div>
install_cli.html:48:1 (install_cli.Rd:11): Warning: missing </ul> before </div>
mr_data2bids.html:131:1 (mr_data2bids.Rd:64): Warning: missing </ul> before </div>
mrs_data2bids.html:121:1 (mrs_data2bids.Rd:58): Warning: missing </ul> before </div>
n2coord.html:50:1 (n2coord.Rd:12): Warning: missing </ul> before </div>
one_page_pdf.html:54:1 (one_page_pdf.Rd:14): Warning: missing </ul> before </div>
ortho3.html:123:1 (ortho3.Rd:57): Warning: missing </ul> before </div>
ortho3_inter.html:78:1 (ortho3_inter.Rd:30): Warning: missing </ul> before </div>
plot.fit_result.html:153:1 (plot.fit_result.Rd:76): Warning: missing </ul> before </div>
plot.mrs_data.html:233:1 (plot.mrs_data.Rd:126): Warning: missing </ul> before </div>
plot_bc.html:54:1 (plot_bc.Rd:14): Warning: missing </ul> before </div>
plot_reg.html:46:1 (plot_reg.Rd:10): Warning: missing </ul> before </div>
plot_slice_fit.html:75:1 (plot_slice_fit.Rd:29): Warning: missing </ul> before </div>
plot_slice_fit_inter.html:80:1 (plot_slice_fit_inter.Rd:32): Warning: missing </ul> before </div>
plot_slice_map.html:99:1 (plot_slice_map.Rd:43): Warning: missing </ul> before </div>
plot_slice_map_inter.html:119:1 (plot_slice_map_inter.Rd:56): Warning: missing </ul> before </div>
plot_spec_sd.html:58:1 (plot_spec_sd.Rd:16): Warning: missing </ul> before </div>
plot_voi_overlay.html:62:1 (plot_voi_overlay.Rd:18): Warning: missing </ul> before </div>
plot_voi_overlay_seg.html:58:1 (plot_voi_overlay_seg.Rd:16): Warning: missing </ul> before </div>
precomp.html:56:1 (precomp.Rd:15): Warning: missing </ul> before </div>
preproc_svs.html:70:1 (preproc_svs.Rd:26): Warning: missing </ul> before </div>
preproc_svs_dataset.html:85:1 (preproc_svs_dataset.Rd:35): Warning: missing </ul> before </div>
print.fit_result.html:51:1 (print.fit_result.Rd:12): Warning: missing </ul> before </div>
print.mrs_data.html:55:1 (print.mrs_data.Rd:14): Warning: missing </ul> before </div>
segment_t1_fsl.html:59:1 (segment_t1_fsl.Rd:17): Warning: missing </ul> before </div>
set_Ntrans.html:50:1 (set_Ntrans.Rd:12): Warning: missing </ul> before </div>
set_def_acq_paras.html:68:1 (set_def_acq_paras.Rd:24): Warning: missing </ul> before </div>
set_lcm_cmd.html:46:1 (set_lcm_cmd.Rd:10): Warning: missing </ul> before </div>
set_precomp_mode.html:46:1 (set_precomp_mode.Rd:10): Warning: missing </ul> before </div>
set_precomp_verbose.html:46:1 (set_precomp_verbose.Rd:10): Warning: missing </ul> before </div>
set_ref.html:50:1 (set_ref.Rd:12): Warning: missing </ul> before </div>
set_tqn_cmd.html:46:1 (set_tqn_cmd.Rd:10): Warning: missing </ul> before </div>
sim_asy_pvoigt.html:77:1 (sim_asy_pvoigt.Rd:29): Warning: missing </ul> before </div>
spant_abfit_benchmark.html:56:1 (spant_abfit_benchmark.Rd:15): Warning: missing </ul> before </div>
spant_sim_fmrs_dataset.html:49:1 (spant_sim_fmrs_dataset.Rd:12): Warning: missing </ul> before </div>
spant_simulation_benchmark.html:52:1 (spant_simulation_benchmark.Rd:13): Warning: missing </ul> before </div>
stackplot.html:50:1 (stackplot.Rd:12): Warning: missing </ul> before </div>
stackplot.fit_result.html:169:1 (stackplot.fit_result.Rd:87): Warning: missing </ul> before </div>
stackplot.mrs_data.html:201:1 (stackplot.mrs_data.Rd:108): Warning: missing </ul> before </div>
td_conv_filt.html:57:1 (td_conv_filt.Rd:14): Warning: missing </ul> before </div>
write_basis.html:54:1 (write_basis.Rd:14): Warning: missing </ul> before </div>
write_basis_niidir.html:52:1 (write_basis_niidir.Rd:13): Warning: missing </ul> before </div>
write_mrs.html:60:1 (write_mrs.Rd:18): Warning: missing </ul> before </div>
write_mrs_nifti.html:50:1 (write_mrs_nifti.Rd:12): Warning: missing </ul> before </div>
write_pulse_ascii.html:50:1 (write_pulse_ascii.Rd:12): Warning: missing </ul> before </div>
Flavor: r-devel-linux-x86_64-debian-gcc