CRAN Package Check Results for Package solitude

Last updated on 2025-10-21 09:48:48 CEST.

Flavor Version Tinstall Tcheck Ttotal Status Flags
r-devel-linux-x86_64-debian-clang 1.1.3 3.13 27.27 30.40 OK
r-devel-linux-x86_64-debian-gcc 1.1.3 1.89 21.09 22.98 NOTE
r-devel-linux-x86_64-fedora-clang 1.1.3 48.15 NOTE
r-devel-linux-x86_64-fedora-gcc 1.1.3 42.63 NOTE
r-devel-windows-x86_64 1.1.3 5.00 46.00 51.00 OK
r-patched-linux-x86_64 1.1.3 2.60 25.59 28.19 OK
r-release-linux-x86_64 1.1.3 2.97 26.16 29.13 OK
r-release-macos-arm64 1.1.3 21.00 OK
r-release-macos-x86_64 1.1.3 30.00 OK
r-release-windows-x86_64 1.1.3 5.00 47.00 52.00 OK
r-oldrel-macos-arm64 1.1.3 18.00 OK
r-oldrel-macos-x86_64 1.1.3 26.00 OK
r-oldrel-windows-x86_64 1.1.3 6.00 52.00 58.00 OK

Check Details

Version: 1.1.3
Check: HTML version of manual
Result: NOTE Found the following HTML validation problems: isolationForest.html:144:1 (isolationForest.Rd:141): Warning: <h5> anchor "Usage" already defined isolationForest.html:158:1 (isolationForest.Rd:150): Warning: <h5> anchor "Usage" already defined isolationForest.html:174:1 (isolationForest.Rd:160): Warning: <h5> anchor "Usage" already defined Flavor: r-devel-linux-x86_64-debian-gcc

Version: 1.1.3
Check: dependencies in R code
Result: NOTE Namespaces in Imports field not imported from: ‘R6’ ‘lgr’ All declared Imports should be used. Flavors: r-devel-linux-x86_64-fedora-clang, r-devel-linux-x86_64-fedora-gcc