Last updated on 2025-10-21 09:48:48 CEST.
Flavor | Version | Tinstall | Tcheck | Ttotal | Status | Flags |
---|---|---|---|---|---|---|
r-devel-linux-x86_64-debian-clang | 0.1-8 | 15.34 | 104.23 | 119.57 | OK | |
r-devel-linux-x86_64-debian-gcc | 0.1-8 | 9.87 | 70.86 | 80.73 | NOTE | |
r-devel-linux-x86_64-fedora-clang | 0.1-8 | 191.44 | OK | |||
r-devel-linux-x86_64-fedora-gcc | 0.1-8 | 169.19 | OK | |||
r-devel-windows-x86_64 | 0.1-8 | 14.00 | 104.00 | 118.00 | OK | |
r-patched-linux-x86_64 | 0.1-8 | 16.72 | 99.05 | 115.77 | OK | |
r-release-linux-x86_64 | 0.1-8 | 14.26 | 97.79 | 112.05 | OK | |
r-release-macos-arm64 | 0.1-8 | 48.00 | OK | |||
r-release-macos-x86_64 | 0.1-8 | 99.00 | OK | |||
r-release-windows-x86_64 | 0.1-8 | 15.00 | 113.00 | 128.00 | OK | |
r-oldrel-macos-arm64 | 0.1-8 | 52.00 | OK | |||
r-oldrel-macos-x86_64 | 0.1-8 | 103.00 | OK | |||
r-oldrel-windows-x86_64 | 0.1-8 | 20.00 | 132.00 | 152.00 | OK |
Version: 0.1-8
Check: top-level files
Result: NOTE
Found the following validation problem for the NEWS.Rd HTML conversion:
NEWS.html:140:1 (inst/NEWS.Rd:88): Warning: missing </ul> before </div>
NEWS.html:62:1 (inst/NEWS.Rd:34): Warning: <h4> anchor "BUG-FIXES" already defined
NEWS.html:77:1 (inst/NEWS.Rd:45): Warning: <h4> anchor "NEW-FEATURES" already defined
NEWS.html:106:1 (inst/NEWS.Rd:67): Warning: <h4> anchor "BUG-FIXES" already defined
NEWS.html:121:1 (inst/NEWS.Rd:78): Warning: <h4> anchor "NEW-FEATURES" already defined
Flavor: r-devel-linux-x86_64-debian-gcc