Last updated on 2025-10-21 09:48:48 CEST.
Flavor | Version | Tinstall | Tcheck | Ttotal | Status | Flags |
---|---|---|---|---|---|---|
r-devel-linux-x86_64-debian-clang | 1.4-3 | 10.21 | 77.23 | 87.44 | OK | |
r-devel-linux-x86_64-debian-gcc | 1.4-3 | 6.86 | 58.34 | 65.20 | NOTE | |
r-devel-linux-x86_64-fedora-clang | 1.4-3 | 141.83 | OK | |||
r-devel-linux-x86_64-fedora-gcc | 1.4-3 | 143.38 | OK | |||
r-devel-windows-x86_64 | 1.4-3 | 13.00 | 91.00 | 104.00 | OK | |
r-patched-linux-x86_64 | 1.4-3 | 10.66 | 74.30 | 84.96 | OK | |
r-release-linux-x86_64 | 1.4-3 | 10.06 | 73.79 | 83.85 | OK | |
r-release-macos-arm64 | 1.4-3 | 74.00 | OK | |||
r-release-macos-x86_64 | 1.4-3 | 135.00 | OK | |||
r-release-windows-x86_64 | 1.4-3 | 13.00 | 91.00 | 104.00 | OK | |
r-oldrel-macos-arm64 | 1.4-3 | 56.00 | OK | |||
r-oldrel-macos-x86_64 | 1.4-3 | 177.00 | OK | |||
r-oldrel-windows-x86_64 | 1.4-3 | 18.00 | 109.00 | 127.00 | OK |
Version: 1.4-3
Check: HTML version of manual
Result: NOTE
Found the following HTML validation problems:
Ssimpute.als.html:100:1 (Ssimpute.als.Rd:50): Warning: missing </ul> before </div>
Ssimpute.svd.html:96:1 (Ssimpute.svd.Rd:46): Warning: missing </ul> before </div>
Ssvd.als.html:100:1 (Ssvd.als.Rd:50): Warning: missing </ul> before </div>
clean.warm.start.html:46:1 (clean.warm.start.Rd:10): Warning: missing </ul> before </div>
simpute.als.html:100:1 (simpute.als.Rd:50): Warning: missing </ul> before </div>
simpute.svd.html:96:1 (simpute.svd.Rd:46): Warning: missing </ul> before </div>
softImpute.x.Incomplete.html:114:1 (softImpute.x.Incomplete.Rd:62): Warning: missing </ul> before </div>
softImpute.x.matrix.html:116:1 (softImpute.x.matrix.Rd:62): Warning: missing </ul> before </div>
Flavor: r-devel-linux-x86_64-debian-gcc