Last updated on 2025-10-21 09:48:47 CEST.
Flavor | Version | Tinstall | Tcheck | Ttotal | Status | Flags |
---|---|---|---|---|---|---|
r-devel-linux-x86_64-debian-clang | 0.8.0 | 2.64 | 35.26 | 37.90 | OK | |
r-devel-linux-x86_64-debian-gcc | 0.8.0 | 2.01 | 28.49 | 30.50 | NOTE | |
r-devel-linux-x86_64-fedora-clang | 0.8.0 | 59.86 | OK | |||
r-devel-linux-x86_64-fedora-gcc | 0.8.0 | 67.05 | OK | |||
r-devel-windows-x86_64 | 0.8.0 | 4.00 | 50.00 | 54.00 | OK | |
r-patched-linux-x86_64 | 0.8.0 | 2.28 | 32.61 | 34.89 | OK | |
r-release-linux-x86_64 | 0.8.0 | 2.57 | 32.35 | 34.92 | OK | |
r-release-macos-arm64 | 0.8.0 | 25.00 | OK | |||
r-release-macos-x86_64 | 0.8.0 | 46.00 | OK | |||
r-release-windows-x86_64 | 0.8.0 | 5.00 | 52.00 | 57.00 | OK | |
r-oldrel-macos-arm64 | 0.8.0 | 52.00 | OK | |||
r-oldrel-macos-x86_64 | 0.8.0 | 80.00 | OK | |||
r-oldrel-windows-x86_64 | 0.8.0 | 5.00 | 58.00 | 63.00 | OK |
Version: 0.8.0
Check: HTML version of manual
Result: NOTE
Found the following HTML validation problems:
check_for_two_levels.html:46:1 (check_for_two_levels.Rd:10): Warning: missing </ul> before </div>
compute_smd_parts.html:71:1 (compute_smd_parts.Rd:23): Warning: missing </ul> before </div>
lapplyFUNpairwise.html:55:1 (lapplyFUNpairwise.Rd:14): Warning: missing </ul> before </div>
Flavor: r-devel-linux-x86_64-debian-gcc