Last updated on 2025-10-21 09:48:47 CEST.
Flavor | Version | Tinstall | Tcheck | Ttotal | Status | Flags |
---|---|---|---|---|---|---|
r-devel-linux-x86_64-debian-clang | 2.2 | 5.93 | 55.63 | 61.56 | OK | |
r-devel-linux-x86_64-debian-gcc | 2.2 | 5.05 | 42.49 | 47.54 | NOTE | |
r-devel-linux-x86_64-fedora-clang | 2.2 | 97.86 | OK | |||
r-devel-linux-x86_64-fedora-gcc | 2.2 | 87.81 | OK | |||
r-devel-windows-x86_64 | 2.2 | 7.00 | 65.00 | 72.00 | OK | |
r-patched-linux-x86_64 | 2.2 | 6.77 | 51.71 | 58.48 | OK | |
r-release-linux-x86_64 | 2.2 | 6.13 | 52.13 | 58.26 | OK | |
r-release-macos-arm64 | 2.2 | 30.00 | OK | |||
r-release-macos-x86_64 | 2.2 | 50.00 | OK | |||
r-release-windows-x86_64 | 2.2 | 7.00 | 65.00 | 72.00 | OK | |
r-oldrel-macos-arm64 | 2.2 | 34.00 | OK | |||
r-oldrel-macos-x86_64 | 2.2 | 62.00 | OK | |||
r-oldrel-windows-x86_64 | 2.2 | 9.00 | 78.00 | 87.00 | OK |
Version: 2.2
Check: HTML version of manual
Result: NOTE
Found the following HTML validation problems:
coefsmcure.html:56:1 (coefsmcure.Rd:18): Warning: missing </ul> before </div>
em.html:103:1 (em.Rd:39): Warning: missing </ul> before </div>
plotpredictsmcure.html:80:1 (plotpredictsmcure.Rd:30): Warning: missing </ul> before </div>
printsmcure.html:61:1 (printsmcure.Rd:20): Warning: missing </ul> before </div>
smsurv.html:80:1 (smsurv.Rd:30): Warning: missing </ul> before </div>
Flavor: r-devel-linux-x86_64-debian-gcc