Last updated on 2025-10-21 09:48:47 CEST.
Flavor | Version | Tinstall | Tcheck | Ttotal | Status | Flags |
---|---|---|---|---|---|---|
r-devel-linux-x86_64-debian-clang | 1.0.2 | 12.29 | 169.32 | 181.61 | NOTE | |
r-devel-linux-x86_64-debian-gcc | 1.0.2 | 8.42 | 129.04 | 137.46 | NOTE | |
r-devel-linux-x86_64-fedora-clang | 1.0.2 | 298.53 | NOTE | |||
r-devel-linux-x86_64-fedora-gcc | 1.0.2 | 281.52 | NOTE | |||
r-devel-windows-x86_64 | 1.0.2 | 14.00 | 166.00 | 180.00 | NOTE | |
r-patched-linux-x86_64 | 1.0.2 | 10.06 | 160.74 | 170.80 | NOTE | |
r-release-linux-x86_64 | 1.0.2 | 10.87 | 160.50 | 171.37 | NOTE | |
r-release-macos-arm64 | 1.0.2 | 83.00 | NOTE | |||
r-release-macos-x86_64 | 1.0.2 | 165.00 | NOTE | |||
r-release-windows-x86_64 | 1.0.2 | 13.00 | 165.00 | 178.00 | NOTE | |
r-oldrel-macos-arm64 | 1.0.2 | 80.00 | OK | |||
r-oldrel-macos-x86_64 | 1.0.2 | 132.00 | OK | |||
r-oldrel-windows-x86_64 | 1.0.2 | 17.00 | 202.00 | 219.00 | OK |
Version: 1.0.2
Check: DESCRIPTION meta-information
Result: NOTE
Missing dependency on R >= 4.1.0 because package code uses the pipe
|> or function shorthand \(...) syntax added in R 4.1.0.
File(s) using such syntax:
‘debug.R’
Flavors: r-devel-linux-x86_64-debian-clang, r-devel-linux-x86_64-debian-gcc, r-devel-linux-x86_64-fedora-clang, r-devel-linux-x86_64-fedora-gcc, r-devel-windows-x86_64, r-patched-linux-x86_64, r-release-linux-x86_64, r-release-macos-arm64, r-release-macos-x86_64, r-release-windows-x86_64
Version: 1.0.2
Check: HTML version of manual
Result: NOTE
Found the following HTML validation problems:
hclust_haystack.html:93:1 (hclust_haystack.Rd:47): Warning: missing </ul> before </div>
kde2d_faster.html:50:1 (kde2d_faster.Rd:12): Warning: missing </ul> before </div>
kmeans_haystack.html:68:1 (kmeans_haystack.Rd:24): Warning: missing </ul> before </div>
plot_compare_ranks.html:54:1 (plot_compare_ranks.Rd:14): Warning: missing </ul> before </div>
plot_gene_haystack.html:97:1 (plot_gene_haystack.Rd:49): Warning: missing </ul> before </div>
plot_gene_set_haystack.html:97:1 (plot_gene_set_haystack.Rd:49): Warning: missing </ul> before </div>
plot_rand_KLD.html:61:1 (plot_rand_KLD.Rd:16): Warning: missing </ul> before </div>
plot_rand_fit.html:53:1 (plot_rand_fit.Rd:15): Warning: missing </ul> before </div>
write_haystack.html:50:1 (write_haystack.Rd:12): Warning: missing </ul> before </div>
Flavor: r-devel-linux-x86_64-debian-gcc