Last updated on 2025-10-21 09:48:47 CEST.
Flavor | Version | Tinstall | Tcheck | Ttotal | Status | Flags |
---|---|---|---|---|---|---|
r-devel-linux-x86_64-debian-clang | 0.8.9 | 6.23 | 110.56 | 116.79 | OK | |
r-devel-linux-x86_64-debian-gcc | 0.8.9 | 4.41 | 78.86 | 83.27 | NOTE | |
r-devel-linux-x86_64-fedora-clang | 0.8.9 | 188.51 | OK | |||
r-devel-linux-x86_64-fedora-gcc | 0.8.9 | 182.50 | OK | |||
r-devel-windows-x86_64 | 0.8.9 | 8.00 | 117.00 | 125.00 | OK | |
r-patched-linux-x86_64 | 0.8.9 | 6.56 | 102.72 | 109.28 | OK | |
r-release-linux-x86_64 | 0.8.9 | 6.07 | 103.65 | 109.72 | OK | |
r-release-macos-arm64 | 0.8.9 | 63.00 | OK | |||
r-release-macos-x86_64 | 0.8.9 | 122.00 | OK | |||
r-release-windows-x86_64 | 0.8.9 | 8.00 | 115.00 | 123.00 | OK | |
r-oldrel-macos-arm64 | 0.8.9 | 56.00 | OK | |||
r-oldrel-macos-x86_64 | 0.8.9 | 84.00 | OK | |||
r-oldrel-windows-x86_64 | 0.8.9 | 11.00 | 153.00 | 164.00 | OK |
Version: 0.8.9
Check: HTML version of manual
Result: NOTE
Found the following HTML validation problems:
compute_statistics.html:85:1 (compute_statistics.Rd:34): Warning: missing </ul> before </div>
correlate_variables.html:71:1 (correlate_variables.Rd:22): Warning: missing </ul> before </div>
extract_coefficients.html:51:1 (extract_coefficients.Rd:13): Warning: missing </ul> before </div>
generate_missing.html:63:1 (generate_missing.Rd:18): Warning: missing </ul> before </div>
generate_response.html:73:1 (generate_response.Rd:24): Warning: missing </ul> before </div>
missing.html:128:1 (missing.Rd:74): Warning: missing </ul> before </div>
model_fit.html:71:1 (model_fit.Rd:22): Warning: missing </ul> before </div>
parse_correlation.html:67:1 (parse_correlation.Rd:18): Warning: missing </ul> before </div>
parse_crossclass.html:51:1 (parse_crossclass.Rd:13): Warning: missing </ul> before </div>
parse_formula.html:59:1 (parse_formula.Rd:16): Warning: missing </ul> before </div>
parse_power.html:64:1 (parse_power.Rd:19): Warning: missing </ul> before </div>
parse_randomeffect.html:46:1 (parse_randomeffect.Rd:10): Warning: missing </ul> before </div>
parse_varyarguments.html:59:1 (parse_varyarguments.Rd:16): Warning: missing </ul> before </div>
replicate_simulation.html:74:1 (replicate_simulation.Rd:25): Warning: missing </ul> before </div>
sim_continuous2.html:85:1 (sim_continuous2.Rd:36): Warning: missing </ul> before </div>
sim_factor2.html:67:1 (sim_factor2.Rd:22): Warning: missing </ul> before </div>
sim_time.html:55:1 (sim_time.Rd:15): Warning: missing </ul> before </div>
simglm.html:69:1 (simglm.Rd:18): Warning: missing </ul> before </div>
simulate_error.html:67:1 (simulate_error.Rd:20): Warning: missing </ul> before </div>
simulate_fixed.html:68:1 (simulate_fixed.Rd:21): Warning: missing </ul> before </div>
simulate_heterogeneity.html:68:1 (simulate_heterogeneity.Rd:21): Warning: missing </ul> before </div>
simulate_knot.html:65:1 (simulate_knot.Rd:18): Warning: missing </ul> before </div>
simulate_randomeffect.html:68:1 (simulate_randomeffect.Rd:21): Warning: missing </ul> before </div>
transform_outcome.html:54:1 (transform_outcome.Rd:14): Warning: missing </ul> before </div>
Flavor: r-devel-linux-x86_64-debian-gcc