Last updated on 2025-10-21 09:48:47 CEST.
Flavor | Version | Tinstall | Tcheck | Ttotal | Status | Flags |
---|---|---|---|---|---|---|
r-devel-linux-x86_64-debian-clang | 0.1.3 | 2.39 | 36.66 | 39.05 | OK | |
r-devel-linux-x86_64-debian-gcc | 0.1.3 | 2.19 | 26.78 | 28.97 | NOTE | |
r-devel-linux-x86_64-fedora-clang | 0.1.3 | 56.03 | OK | |||
r-devel-linux-x86_64-fedora-gcc | 0.1.3 | 53.30 | OK | |||
r-devel-windows-x86_64 | 0.1.3 | 4.00 | 68.00 | 72.00 | OK | |
r-patched-linux-x86_64 | 0.1.3 | 3.63 | 34.00 | 37.63 | OK | |
r-release-linux-x86_64 | 0.1.3 | 2.52 | 33.55 | 36.07 | OK | |
r-release-macos-arm64 | 0.1.3 | 30.00 | OK | |||
r-release-macos-x86_64 | 0.1.3 | 48.00 | OK | |||
r-release-windows-x86_64 | 0.1.3 | 5.00 | 64.00 | 69.00 | OK | |
r-oldrel-macos-arm64 | 0.1.3 | 22.00 | OK | |||
r-oldrel-macos-x86_64 | 0.1.3 | 38.00 | OK | |||
r-oldrel-windows-x86_64 | 0.1.3 | 6.00 | 70.00 | 76.00 | OK |
Version: 0.1.3
Check: HTML version of manual
Result: NOTE
Found the following HTML validation problems:
InputValidator.html:437:1 (InputValidator.Rd:273): Warning: missing </ul> before </div>
InputValidator.html:150:1 (InputValidator.Rd:80): Warning: <h5> anchor "Usage" already defined
InputValidator.html:156:1 (InputValidator.Rd:84): Warning: <h5> anchor "Arguments" already defined
InputValidator.html:183:1 (InputValidator.Rd:101): Warning: <h5> anchor "Usage" already defined
InputValidator.html:189:1 (InputValidator.Rd:105): Warning: <h5> anchor "Arguments" already defined
InputValidator.html:233:1 (InputValidator.Rd:135): Warning: <h5> anchor "Usage" already defined
InputValidator.html:239:1 (InputValidator.Rd:139): Warning: <h5> anchor "Arguments" already defined
InputValidator.html:269:1 (InputValidator.Rd:159): Warning: <h5> anchor "Usage" already defined
InputValidator.html:280:1 (InputValidator.Rd:168): Warning: <h5> anchor "Arguments" already defined
InputValidator.html:324:1 (InputValidator.Rd:202): Warning: <h5> anchor "Usage" already defined
InputValidator.html:343:1 (InputValidator.Rd:215): Warning: <h5> anchor "Usage" already defined
InputValidator.html:360:1 (InputValidator.Rd:226): Warning: <h5> anchor "Usage" already defined
InputValidator.html:377:1 (InputValidator.Rd:237): Warning: <h5> anchor "Usage" already defined
InputValidator.html:398:1 (InputValidator.Rd:252): Warning: <h5> anchor "Usage" already defined
InputValidator.html:414:1 (InputValidator.Rd:262): Warning: <h5> anchor "Usage" already defined
InputValidator.html:420:1 (InputValidator.Rd:266): Warning: <h5> anchor "Arguments" already defined
Flavor: r-devel-linux-x86_64-debian-gcc