Last updated on 2025-10-21 09:48:47 CEST.
Flavor | Version | Tinstall | Tcheck | Ttotal | Status | Flags |
---|---|---|---|---|---|---|
r-devel-linux-x86_64-debian-clang | 2.0.6 | 6.52 | 77.08 | 83.60 | OK | |
r-devel-linux-x86_64-debian-gcc | 2.0.6 | 4.16 | 56.81 | 60.97 | NOTE | |
r-devel-linux-x86_64-fedora-clang | 2.0.6 | 136.07 | OK | |||
r-devel-linux-x86_64-fedora-gcc | 2.0.6 | 137.40 | OK | |||
r-devel-windows-x86_64 | 2.0.6 | 10.00 | 115.00 | 125.00 | OK | |
r-patched-linux-x86_64 | 2.0.6 | 7.52 | 71.91 | 79.43 | OK | |
r-release-linux-x86_64 | 2.0.6 | 5.58 | 71.86 | 77.44 | OK | |
r-release-macos-arm64 | 2.0.6 | 74.00 | OK | |||
r-release-macos-x86_64 | 2.0.6 | 93.00 | OK | |||
r-release-windows-x86_64 | 2.0.6 | 10.00 | 110.00 | 120.00 | OK | |
r-oldrel-macos-arm64 | 2.0.6 | 56.00 | OK | |||
r-oldrel-macos-x86_64 | 2.0.6 | 103.00 | OK | |||
r-oldrel-windows-x86_64 | 2.0.6 | 13.00 | 122.00 | 135.00 | OK |
Version: 2.0.6
Check: HTML version of manual
Result: NOTE
Found the following HTML validation problems:
boxLabel.html:73:1 (boxLabel.Rd:22): Warning: missing </ul> before </div>
dashboardUserItem.html:50:1 (dashboardUserItem.Rd:12): Warning: missing </ul> before </div>
messageItem.html:76:1 (messageItem.Rd:30): Warning: missing </ul> before </div>
notificationItem.html:69:1 (notificationItem.Rd:25): Warning: missing </ul> before </div>
tagAssert.html:61:1 (tagAssert.Rd:19): Warning: missing </ul> before </div>
Flavor: r-devel-linux-x86_64-debian-gcc