Last updated on 2025-10-21 09:48:47 CEST.
Flavor | Version | Tinstall | Tcheck | Ttotal | Status | Flags |
---|---|---|---|---|---|---|
r-devel-linux-x86_64-debian-clang | 0.1.3 | 2.39 | 26.53 | 28.92 | OK | |
r-devel-linux-x86_64-debian-gcc | 0.1.3 | 1.83 | 21.31 | 23.14 | NOTE | |
r-devel-linux-x86_64-fedora-clang | 0.1.3 | 41.54 | OK | |||
r-devel-linux-x86_64-fedora-gcc | 0.1.3 | 39.88 | OK | |||
r-devel-windows-x86_64 | 0.1.3 | 5.00 | 44.00 | 49.00 | OK | |
r-patched-linux-x86_64 | 0.1.3 | 2.45 | 24.02 | 26.47 | OK | |
r-release-linux-x86_64 | 0.1.3 | 2.56 | 24.12 | 26.68 | OK | |
r-release-macos-arm64 | 0.1.3 | 16.00 | OK | |||
r-release-macos-x86_64 | 0.1.3 | 27.00 | OK | |||
r-release-windows-x86_64 | 0.1.3 | 7.00 | 45.00 | 52.00 | OK | |
r-oldrel-macos-arm64 | 0.1.3 | 25.00 | OK | |||
r-oldrel-macos-x86_64 | 0.1.3 | 32.00 | OK | |||
r-oldrel-windows-x86_64 | 0.1.3 | 6.00 | 51.00 | 57.00 | OK |
Version: 0.1.3
Check: HTML version of manual
Result: NOTE
Found the following HTML validation problems:
patients.html:61:1 (patients.Rd:18): Warning: missing </ul> before </div>
shinybody_organs.html:73:1 (shinybody_organs.Rd:28): Warning: missing </ul> before </div>
tumors.html:61:1 (tumors.Rd:18): Warning: missing </ul> before </div>
Flavor: r-devel-linux-x86_64-debian-gcc