CRAN Package Check Results for Package shinyQueryBuilder

Last updated on 2025-10-21 09:48:47 CEST.

Flavor Version Tinstall Tcheck Ttotal Status Flags
r-devel-linux-x86_64-debian-clang 0.1.0 4.63 49.72 54.35 OK
r-devel-linux-x86_64-debian-gcc 0.1.0 3.44 38.60 42.04 NOTE
r-devel-linux-x86_64-fedora-clang 0.1.0 87.37 OK
r-devel-linux-x86_64-fedora-gcc 0.1.0 94.46 OK
r-devel-windows-x86_64 0.1.0 7.00 65.00 72.00 OK
r-patched-linux-x86_64 0.1.0 4.77 46.33 51.10 OK
r-release-linux-x86_64 0.1.0 3.96 46.39 50.35 OK
r-release-macos-arm64 0.1.0 32.00 OK
r-release-macos-x86_64 0.1.0 60.00 OK
r-release-windows-x86_64 0.1.0 9.00 66.00 75.00 OK
r-oldrel-macos-arm64 0.1.0 35.00 OK
r-oldrel-macos-x86_64 0.1.0 55.00 OK
r-oldrel-windows-x86_64 0.1.0 9.00 76.00 85.00 OK

Check Details

Version: 0.1.0
Check: HTML version of manual
Result: NOTE Found the following HTML validation problems: r_to_js_opt_type.html:46:1 (r_to_js_opt_type.Rd:10): Warning: missing </ul> before </div> Flavor: r-devel-linux-x86_64-debian-gcc