Last updated on 2025-10-21 09:48:47 CEST.
Flavor | Version | Tinstall | Tcheck | Ttotal | Status | Flags |
---|---|---|---|---|---|---|
r-devel-linux-x86_64-debian-clang | 2.0.1 | 7.29 | 104.90 | 112.19 | NOTE | |
r-devel-linux-x86_64-debian-gcc | 2.0.1 | 5.20 | 73.75 | 78.95 | NOTE | |
r-devel-linux-x86_64-fedora-clang | 2.0.1 | 170.10 | NOTE | |||
r-devel-linux-x86_64-fedora-gcc | 2.0.1 | 183.25 | NOTE | |||
r-devel-windows-x86_64 | 2.0.1 | 10.00 | 142.00 | 152.00 | NOTE | |
r-patched-linux-x86_64 | 2.0.1 | 9.82 | 99.19 | 109.01 | NOTE | |
r-release-linux-x86_64 | 2.0.1 | 6.89 | 99.66 | 106.55 | NOTE | |
r-release-macos-arm64 | 2.0.1 | 114.00 | NOTE | |||
r-release-macos-x86_64 | 2.0.1 | 136.00 | NOTE | |||
r-release-windows-x86_64 | 2.0.1 | 11.00 | 142.00 | 153.00 | NOTE | |
r-oldrel-macos-arm64 | 2.0.1 | 64.00 | OK | |||
r-oldrel-macos-x86_64 | 2.0.1 | 99.00 | OK | |||
r-oldrel-windows-x86_64 | 2.0.1 | 14.00 | 164.00 | 178.00 | OK |
Version: 2.0.1
Check: DESCRIPTION meta-information
Result: NOTE
Missing dependency on R >= 4.1.0 because package code uses the pipe
|> or function shorthand \(...) syntax added in R 4.1.0.
File(s) using such syntax:
‘fabs.Rd’
Flavors: r-devel-linux-x86_64-debian-clang, r-devel-linux-x86_64-debian-gcc, r-devel-linux-x86_64-fedora-clang, r-devel-linux-x86_64-fedora-gcc, r-devel-windows-x86_64, r-patched-linux-x86_64, r-release-linux-x86_64, r-release-macos-arm64, r-release-macos-x86_64, r-release-windows-x86_64
Version: 2.0.1
Check: HTML version of manual
Result: NOTE
Found the following HTML validation problems:
add_dependencies.html:52:1 (add_dependencies.Rd:13): Warning: missing </ul> before </div>
add_f7icons_deps.html:46:1 (add_f7icons_deps.Rd:10): Warning: missing </ul> before </div>
add_pwa_deps.html:46:1 (add_pwa_deps.Rd:10): Warning: missing </ul> before </div>
add_pwacompat_deps.html:46:1 (add_pwacompat_deps.Rd:10): Warning: missing </ul> before </div>
add_shinyMobile_deps.html:46:1 (add_shinyMobile_deps.Rd:10): Warning: missing </ul> before </div>
app_container.html:66:1 (app_container.Rd:22): Warning: missing </ul> before </div>
class2f7.html:46:1 (class2f7.Rd:10): Warning: missing </ul> before </div>
createOptions.html:73:1 (createOptions.Rd:27): Warning: missing </ul> before </div>
createSelectOptions.html:50:1 (createSelectOptions.Rd:12): Warning: missing </ul> before </div>
create_app_link.html:66:1 (create_app_link.Rd:24): Warning: missing </ul> before </div>
create_app_ui.html:58:1 (create_app_ui.Rd:16): Warning: missing </ul> before </div>
f7Back.html:46:1 (f7Back.Rd:10): Warning: missing </ul> before </div>
f7FabClose.html:46:1 (f7FabClose.Rd:10): Warning: missing </ul> before </div>
f7GroupInput.html:72:1 (f7GroupInput.Rd:26): Warning: missing </ul> before </div>
f7ListGroup.html:50:1 (f7ListGroup.Rd:12): Warning: missing </ul> before </div>
f7ListItem.html:97:1 (f7ListItem.Rd:43): Warning: missing </ul> before </div>
f7MultiLayout.html:167:1 (f7MultiLayout.Rd:77): Warning: missing </ul> before </div>
f7Next.html:46:1 (f7Next.Rd:10): Warning: missing </ul> before </div>
f7Shadow.html:59:1 (f7Shadow.Rd:16): Warning: missing </ul> before </div>
f7SocialCard.html:63:1 (f7SocialCard.Rd:18): Warning: missing </ul> before </div>
f7TabLink.html:54:1 (f7TabLink.Rd:14): Warning: missing </ul> before </div>
f7TreeviewGroup.html:65:1 (f7TreeviewGroup.Rd:21): Warning: missing </ul> before </div>
menu.html:83:1 (menu.Rd:32): Warning: missing </ul> before </div>
updateF7Routes.html:51:1 (updateF7Routes.Rd:12): Warning: missing </ul> before </div>
Flavor: r-devel-linux-x86_64-debian-gcc