Last updated on 2025-10-21 09:48:47 CEST.
Flavor | Version | Tinstall | Tcheck | Ttotal | Status | Flags |
---|---|---|---|---|---|---|
r-devel-linux-x86_64-debian-clang | 1.2.0 | 6.96 | 47.58 | 54.54 | OK | |
r-devel-linux-x86_64-debian-gcc | 1.2.0 | 4.79 | 36.15 | 40.94 | NOTE | |
r-devel-linux-x86_64-fedora-clang | 1.2.0 | 80.49 | OK | |||
r-devel-linux-x86_64-fedora-gcc | 1.2.0 | 92.21 | OK | |||
r-devel-windows-x86_64 | 1.2.0 | 9.00 | 62.00 | 71.00 | OK | |
r-patched-linux-x86_64 | 1.2.0 | 5.17 | 43.60 | 48.77 | OK | |
r-release-linux-x86_64 | 1.2.0 | 6.59 | 43.49 | 50.08 | OK | |
r-release-macos-arm64 | 1.2.0 | 44.00 | OK | |||
r-release-macos-x86_64 | 1.2.0 | 101.00 | OK | |||
r-release-windows-x86_64 | 1.2.0 | 8.00 | 62.00 | 70.00 | OK | |
r-oldrel-macos-arm64 | 1.2.0 | 47.00 | OK | |||
r-oldrel-macos-x86_64 | 1.2.0 | 48.00 | OK | |||
r-oldrel-windows-x86_64 | 1.2.0 | 11.00 | 75.00 | 86.00 | OK |
Version: 1.2.0
Check: HTML version of manual
Result: NOTE
Found the following HTML validation problems:
CSVConnection.html:191:1 (CSVConnection.Rd:103): Warning: missing </ul> before </div>
CSVConnection.html:121:1 (CSVConnection.Rd:62): Warning: <h5> anchor "Usage" already defined
CSVConnection.html:135:1 (CSVConnection.Rd:71): Warning: <h5> anchor "Usage" already defined
CSVConnection.html:141:1 (CSVConnection.Rd:75): Warning: <h5> anchor "Arguments" already defined
CSVConnection.html:168:1 (CSVConnection.Rd:92): Warning: <h5> anchor "Usage" already defined
CSVConnection.html:174:1 (CSVConnection.Rd:96): Warning: <h5> anchor "Arguments" already defined
DBConnection.html:191:1 (DBConnection.Rd:104): Warning: missing </ul> before </div>
DBConnection.html:121:1 (DBConnection.Rd:63): Warning: <h5> anchor "Usage" already defined
DBConnection.html:135:1 (DBConnection.Rd:72): Warning: <h5> anchor "Usage" already defined
DBConnection.html:141:1 (DBConnection.Rd:76): Warning: <h5> anchor "Arguments" already defined
DBConnection.html:168:1 (DBConnection.Rd:93): Warning: <h5> anchor "Usage" already defined
DBConnection.html:174:1 (DBConnection.Rd:97): Warning: <h5> anchor "Arguments" already defined
RDSConnection.html:187:1 (RDSConnection.Rd:99): Warning: missing </ul> before </div>
RDSConnection.html:117:1 (RDSConnection.Rd:58): Warning: <h5> anchor "Usage" already defined
RDSConnection.html:131:1 (RDSConnection.Rd:67): Warning: <h5> anchor "Usage" already defined
RDSConnection.html:137:1 (RDSConnection.Rd:71): Warning: <h5> anchor "Arguments" already defined
RDSConnection.html:164:1 (RDSConnection.Rd:88): Warning: <h5> anchor "Usage" already defined
RDSConnection.html:170:1 (RDSConnection.Rd:92): Warning: <h5> anchor "Arguments" already defined
chat_ui.html:58:1 (chat_ui.Rd:16): Warning: missing </ul> before </div>
updateChatTextInput.html:54:1 (updateChatTextInput.Rd:14): Warning: missing </ul> before </div>
Flavor: r-devel-linux-x86_64-debian-gcc