Last updated on 2025-10-21 09:48:47 CEST.
Flavor | Version | Tinstall | Tcheck | Ttotal | Status | Flags |
---|---|---|---|---|---|---|
r-devel-linux-x86_64-debian-clang | 0.5.2 | 13.06 | 73.65 | 86.71 | OK | |
r-devel-linux-x86_64-debian-gcc | 0.5.2 | 8.05 | 51.98 | 60.03 | NOTE | |
r-devel-linux-x86_64-fedora-clang | 0.5.2 | 127.76 | OK | |||
r-devel-linux-x86_64-fedora-gcc | 0.5.2 | 137.72 | OK | |||
r-devel-windows-x86_64 | 0.5.2 | 14.00 | 90.00 | 104.00 | OK | |
r-patched-linux-x86_64 | 0.5.2 | 14.85 | 68.18 | 83.03 | OK | |
r-release-linux-x86_64 | 0.5.2 | 10.26 | 68.96 | 79.22 | OK | |
r-release-macos-arm64 | 0.5.2 | 43.00 | OK | |||
r-release-macos-x86_64 | 0.5.2 | 82.00 | OK | |||
r-release-windows-x86_64 | 0.5.2 | 16.00 | 89.00 | 105.00 | OK | |
r-oldrel-macos-arm64 | 0.5.2 | 45.00 | OK | |||
r-oldrel-macos-x86_64 | 0.5.2 | 77.00 | OK | |||
r-oldrel-windows-x86_64 | 0.5.2 | 18.00 | 111.00 | 129.00 | OK |
Version: 0.5.2
Check: HTML version of manual
Result: NOTE
Found the following HTML validation problems:
RegLogConnector.html:216:1 (RegLogConnector.Rd:120): Warning: missing </ul> before </div>
RegLogConnector.html:122:1 (RegLogConnector.Rd:66): Warning: <h5> anchor "Usage" already defined
RegLogConnector.html:144:1 (RegLogConnector.Rd:80): Warning: <h5> anchor "Returns" already defined
RegLogConnector.html:161:1 (RegLogConnector.Rd:89): Warning: <h5> anchor "Usage" already defined
RegLogConnector.html:177:1 (RegLogConnector.Rd:99): Warning: <h5> anchor "Usage" already defined
RegLogConnector.html:193:1 (RegLogConnector.Rd:109): Warning: <h5> anchor "Usage" already defined
RegLogConnector.html:199:1 (RegLogConnector.Rd:113): Warning: <h5> anchor "Arguments" already defined
RegLogDBIConnector.html:127:1 (RegLogDBIConnector.Rd:81): Warning: <h5> anchor "Usage" already defined
RegLogDBIConnector.html:133:1 (RegLogDBIConnector.Rd:85): Warning: <h5> anchor "Arguments" already defined
RegLogDemo.html:55:1 (RegLogDemo.Rd:15): Warning: missing </ul> before </div>
RegLogEmayiliConnector.html:190:1 (RegLogEmayiliConnector.Rd:118): Warning: <h5> anchor "Usage" already defined
RegLogEmayiliConnector.html:196:1 (RegLogEmayiliConnector.Rd:122): Warning: <h5> anchor "Arguments" already defined
RegLogGmailrConnector.html:186:1 (RegLogGmailrConnector.Rd:114): Warning: <h5> anchor "Usage" already defined
RegLogGmailrConnector.html:192:1 (RegLogGmailrConnector.Rd:118): Warning: <h5> anchor "Arguments" already defined
RegLogGsheetConnector.html:124:1 (RegLogGsheetConnector.Rd:78): Warning: <h5> anchor "Usage" already defined
RegLogGsheetConnector.html:130:1 (RegLogGsheetConnector.Rd:82): Warning: <h5> anchor "Arguments" already defined
RegLogMongoConnector.html:156:1 (RegLogMongoConnector.Rd:93): Warning: missing </ul> before </div>
RegLogMongoConnector.html:133:1 (RegLogMongoConnector.Rd:82): Warning: <h5> anchor "Usage" already defined
RegLogMongoConnector.html:139:1 (RegLogMongoConnector.Rd:86): Warning: <h5> anchor "Arguments" already defined
RegLogServer.html:181:1 (RegLogServer.Rd:187): Warning: <h5> anchor "Usage" already defined
RegLogServer.html:198:1 (RegLogServer.Rd:198): Warning: <h5> anchor "Usage" already defined
RegLogServer.html:221:1 (RegLogServer.Rd:211): Warning: <h5> anchor "Usage" already defined
RegLogServer.html:227:1 (RegLogServer.Rd:215): Warning: <h5> anchor "Arguments" already defined
Flavor: r-devel-linux-x86_64-debian-gcc