Last updated on 2025-10-21 09:48:47 CEST.
Flavor | Version | Tinstall | Tcheck | Ttotal | Status | Flags |
---|---|---|---|---|---|---|
r-devel-linux-x86_64-debian-clang | 0.1.1 | 8.46 | 97.66 | 106.12 | OK | |
r-devel-linux-x86_64-debian-gcc | 0.1.1 | 5.35 | 72.10 | 77.45 | NOTE | |
r-devel-linux-x86_64-fedora-clang | 0.1.1 | 149.80 | OK | |||
r-devel-linux-x86_64-fedora-gcc | 0.1.1 | 160.25 | OK | |||
r-devel-windows-x86_64 | 0.1.1 | 9.00 | 106.00 | 115.00 | OK | |
r-patched-linux-x86_64 | 0.1.1 | 8.00 | 90.20 | 98.20 | OK | |
r-release-linux-x86_64 | 0.1.1 | 6.95 | 88.95 | 95.90 | OK | |
r-release-macos-arm64 | 0.1.1 | 54.00 | OK | |||
r-release-macos-x86_64 | 0.1.1 | 91.00 | OK | |||
r-release-windows-x86_64 | 0.1.1 | 11.00 | 106.00 | 117.00 | OK | |
r-oldrel-macos-arm64 | 0.1.1 | 55.00 | OK | |||
r-oldrel-macos-x86_64 | 0.1.1 | 77.00 | OK | |||
r-oldrel-windows-x86_64 | 0.1.1 | 13.00 | 135.00 | 148.00 | OK |
Version: 0.1.1
Check: HTML version of manual
Result: NOTE
Found the following HTML validation problems:
add_sendtime2js.html:50:1 (add_sendtime2js.Rd:12): Warning: missing </ul> before </div>
checkout.html:50:1 (checkout.Rd:12): Warning: missing </ul> before </div>
checkout_files.html:47:1 (checkout_files.Rd:10): Warning: missing </ul> before </div>
create_cypress_list.html:50:1 (create_cypress_list.Rd:12): Warning: missing </ul> before </div>
create_cypress_structure.html:54:1 (create_cypress_structure.Rd:14): Warning: missing </ul> before </div>
create_cypress_tests.html:56:1 (create_cypress_tests.Rd:16): Warning: missing </ul> before </div>
create_node_list.html:50:1 (create_node_list.Rd:12): Warning: missing </ul> before </div>
create_progress_bar.html:46:1 (create_progress_bar.Rd:10): Warning: missing </ul> before </div>
create_shinytest2_structure.html:46:1 (create_shinytest2_structure.Rd:10): Warning: missing </ul> before </div>
get_commit_date.html:46:1 (get_commit_date.Rd:10): Warning: missing </ul> before </div>
move_shinytest2_tests.html:50:1 (move_shinytest2_tests.Rd:12): Warning: missing </ul> before </div>
performance_test_cmd.html:46:1 (performance_test_cmd.Rd:10): Warning: missing </ul> before </div>
restore_env.html:53:1 (restore_env.Rd:13): Warning: missing </ul> before </div>
summarise_commit.html:46:1 (summarise_commit.Rd:10): Warning: missing </ul> before </div>
Flavor: r-devel-linux-x86_64-debian-gcc