Last updated on 2025-10-21 09:48:47 CEST.
Flavor | Version | Tinstall | Tcheck | Ttotal | Status | Flags |
---|---|---|---|---|---|---|
r-devel-linux-x86_64-debian-clang | 0.1.6 | 5.48 | 68.07 | 73.55 | OK | |
r-devel-linux-x86_64-debian-gcc | 0.1.6 | 4.78 | 48.72 | 53.50 | NOTE | |
r-devel-linux-x86_64-fedora-clang | 0.1.6 | 112.97 | OK | |||
r-devel-linux-x86_64-fedora-gcc | 0.1.6 | 123.42 | OK | |||
r-devel-windows-x86_64 | 0.1.6 | 9.00 | 77.00 | 86.00 | OK | |
r-patched-linux-x86_64 | 0.1.6 | 5.49 | 62.28 | 67.77 | OK | |
r-release-linux-x86_64 | 0.1.6 | 5.88 | 62.22 | 68.10 | OK | |
r-release-macos-arm64 | 0.1.6 | 37.00 | OK | |||
r-release-macos-x86_64 | 0.1.6 | 82.00 | OK | |||
r-release-windows-x86_64 | 0.1.6 | 10.00 | 73.00 | 83.00 | OK | |
r-oldrel-macos-arm64 | 0.1.6 | 41.00 | OK | |||
r-oldrel-macos-x86_64 | 0.1.6 | 74.00 | OK | |||
r-oldrel-windows-x86_64 | 0.1.6 | 14.00 | 96.00 | 110.00 | OK |
Version: 0.1.6
Check: HTML version of manual
Result: NOTE
Found the following HTML validation problems:
geom_shadowtext_interactive.html:47:1 (geom_shadowtext_interactive.Rd:10): Warning: missing </ul> before </div>
Flavor: r-devel-linux-x86_64-debian-gcc