Last updated on 2025-10-21 09:48:46 CEST.
Flavor | Version | Tinstall | Tcheck | Ttotal | Status | Flags |
---|---|---|---|---|---|---|
r-devel-linux-x86_64-debian-clang | 0.4.0 | 34.67 | 177.12 | 211.79 | OK | |
r-devel-linux-x86_64-debian-gcc | 0.4.0 | 21.37 | 127.36 | 148.73 | NOTE | |
r-devel-linux-x86_64-fedora-clang | 0.4.0 | 328.96 | OK | |||
r-devel-linux-x86_64-fedora-gcc | 0.4.0 | 334.76 | OK | |||
r-devel-windows-x86_64 | 0.4.0 | 35.00 | 185.00 | 220.00 | OK | |
r-patched-linux-x86_64 | 0.4.0 | 40.25 | 165.32 | 205.57 | OK | |
r-release-linux-x86_64 | 0.4.0 | 35.07 | 164.80 | 199.87 | OK | |
r-release-macos-arm64 | 0.4.0 | 103.00 | OK | |||
r-release-macos-x86_64 | 0.4.0 | 264.00 | OK | |||
r-release-windows-x86_64 | 0.4.0 | 33.00 | 187.00 | 220.00 | OK | |
r-oldrel-macos-arm64 | 0.4.0 | 98.00 | NOTE | |||
r-oldrel-macos-x86_64 | 0.4.0 | 328.00 | NOTE | |||
r-oldrel-windows-x86_64 | 0.4.0 | 49.00 | 234.00 | 283.00 | NOTE |
Version: 0.4.0
Check: HTML version of manual
Result: NOTE
Found the following HTML validation problems:
App.html:151:1 (App.Rd:191): Warning: <h5> anchor "Usage" already defined
App.html:187:1 (App.Rd:220): Warning: <h5> anchor "Usage" already defined
App.html:193:1 (App.Rd:224): Warning: <h5> anchor "Arguments" already defined
App.html:207:1 (App.Rd:232): Warning: <h5> anchor "Returns" already defined
App.html:214:1 (App.Rd:235): Warning: <h5> anchor "Examples" already defined
App.html:243:1 (App.Rd:259): Warning: <h5> anchor "Usage" already defined
App.html:249:1 (App.Rd:263): Warning: <h5> anchor "Arguments" already defined
App.html:295:1 (App.Rd:294): Warning: <h5> anchor "Returns" already defined
App.html:302:1 (App.Rd:297): Warning: <h5> anchor "Examples" already defined
App.html:331:1 (App.Rd:321): Warning: <h5> anchor "Usage" already defined
App.html:337:1 (App.Rd:325): Warning: <h5> anchor "Arguments" already defined
App.html:364:1 (App.Rd:343): Warning: <h5> anchor "Returns" already defined
App.html:371:1 (App.Rd:346): Warning: <h5> anchor "Examples" already defined
App.html:400:1 (App.Rd:370): Warning: <h5> anchor "Usage" already defined
App.html:412:1 (App.Rd:380): Warning: <h5> anchor "Arguments" already defined
App.html:444:1 (App.Rd:406): Warning: <h5> anchor "Details" already defined
App.html:456:1 (App.Rd:415): Warning: <h5> anchor "Returns" already defined
App.html:463:1 (App.Rd:418): Warning: <h5> anchor "Examples" already defined
App.html:493:1 (App.Rd:443): Warning: <h5> anchor "Usage" already defined
App.html:499:1 (App.Rd:447): Warning: <h5> anchor "Arguments" already defined
App.html:513:1 (App.Rd:455): Warning: <h5> anchor "Details" already defined
App.html:521:1 (App.Rd:460): Warning: <h5> anchor "Returns" already defined
App.html:528:1 (App.Rd:463): Warning: <h5> anchor "Examples" already defined
App.html:559:1 (App.Rd:489): Warning: <h5> anchor "Usage" already defined
App.html:565:1 (App.Rd:493): Warning: <h5> anchor "Returns" already defined
App.html:583:1 (App.Rd:503): Warning: <h5> anchor "Usage" already defined
App.html:589:1 (App.Rd:507): Warning: <h5> anchor "Returns" already defined
App.html:612:1 (App.Rd:522): Warning: <h5> anchor "Usage" already defined
App.html:632:1 (App.Rd:540): Warning: <h5> anchor "Arguments" already defined
App.html:810:1 (App.Rd:695): Warning: <h5> anchor "Returns" already defined
App.html:817:1 (App.Rd:698): Warning: <h5> anchor "Examples" already defined
App.html:847:1 (App.Rd:723): Warning: <h5> anchor "Usage" already defined
App.html:853:1 (App.Rd:727): Warning: <h5> anchor "Arguments" already defined
Apps.html:120:1 (Apps.Rd:121): Warning: <h5> anchor "Usage" already defined
Apps.html:135:1 (Apps.Rd:134): Warning: <h5> anchor "Arguments" already defined
Apps.html:223:1 (Apps.Rd:207): Warning: <h5> anchor "Usage" already defined
Apps.html:229:1 (Apps.Rd:211): Warning: <h5> anchor "Arguments" already defined
Apps.html:249:1 (Apps.Rd:225): Warning: <h5> anchor "Returns" already defined
Apps.html:256:1 (Apps.Rd:228): Warning: <h5> anchor "Examples" already defined
Apps.html:286:1 (Apps.Rd:253): Warning: <h5> anchor "Usage" already defined
Apps.html:298:1 (Apps.Rd:263): Warning: <h5> anchor "Arguments" already defined
Apps.html:347:1 (Apps.Rd:296): Warning: <h5> anchor "Returns" already defined
Apps.html:354:1 (Apps.Rd:299): Warning: <h5> anchor "Examples" already defined
Apps.html:380:1 (Apps.Rd:320): Warning: <h5> anchor "Usage" already defined
Apps.html:393:1 (Apps.Rd:331): Warning: <h5> anchor "Arguments" already defined
Apps.html:424:1 (Apps.Rd:356): Warning: <h5> anchor "Returns" already defined
Apps.html:431:1 (Apps.Rd:359): Warning: <h5> anchor "Examples" already defined
Apps.html:463:1 (Apps.Rd:386): Warning: <h5> anchor "Usage" already defined
Apps.html:469:1 (Apps.Rd:390): Warning: <h5> anchor "Arguments" already defined
AsyncJob.html:135:1 (AsyncJob.Rd:106): Warning: <h5> anchor "Usage" already defined
AsyncJob.html:169:1 (AsyncJob.Rd:133): Warning: <h5> anchor "Usage" already defined
AsyncJob.html:175:1 (AsyncJob.Rd:137): Warning: <h5> anchor "Arguments" already defined
AsyncJob.html:189:1 (AsyncJob.Rd:145): Warning: <h5> anchor "Returns" already defined
AsyncJob.html:196:1 (AsyncJob.Rd:148): Warning: <h5> anchor "Examples" already defined
AsyncJob.html:224:1 (AsyncJob.Rd:171): Warning: <h5> anchor "Usage" already defined
AsyncJob.html:230:1 (AsyncJob.Rd:175): Warning: <h5> anchor "Arguments" already defined
Auth.html:294:1 (Auth.Rd:355): Warning: <h5> anchor "Usage" already defined
Auth.html:300:1 (Auth.Rd:359): Warning: <h5> anchor "Returns" already defined
Auth.html:307:1 (Auth.Rd:362): Warning: <h5> anchor "Examples" already defined
Auth.html:337:1 (Auth.Rd:387): Warning: <h5> anchor "Usage" already defined
Auth.html:348:1 (Auth.Rd:396): Warning: <h5> anchor "Arguments" already defined
Auth.html:381:1 (Auth.Rd:423): Warning: <h5> anchor "Examples" already defined
Auth.html:410:1 (Auth.Rd:447): Warning: <h5> anchor "Usage" already defined
Auth.html:416:1 (Auth.Rd:451): Warning: <h5> anchor "Arguments" already defined
Auth.html:431:1 (Auth.Rd:460): Warning: <h5> anchor "Returns" already defined
Auth.html:438:1 (Auth.Rd:463): Warning: <h5> anchor "Examples" already defined
Auth.html:469:1 (Auth.Rd:489): Warning: <h5> anchor "Usage" already defined
Auth.html:475:1 (Auth.Rd:493): Warning: <h5> anchor "Examples" already defined
Auth.html:505:1 (Auth.Rd:518): Warning: <h5> anchor "Usage" already defined
Auth.html:519:1 (Auth.Rd:530): Warning: <h5> anchor "Arguments" already defined
Auth.html:564:1 (Auth.Rd:569): Warning: <h5> anchor "Examples" already defined
Auth.html:597:1 (Auth.Rd:597): Warning: <h5> anchor "Usage" already defined
Auth.html:603:1 (Auth.Rd:601): Warning: <h5> anchor "Examples" already defined
Auth.html:631:1 (Auth.Rd:624): Warning: <h5> anchor "Usage" already defined
Auth.html:637:1 (Auth.Rd:628): Warning: <h5> anchor "Arguments" already defined
Auth.html:651:1 (Auth.Rd:636): Warning: <h5> anchor "Examples" already defined
Auth.html:683:1 (Auth.Rd:663): Warning: <h5> anchor "Usage" already defined
Auth.html:693:1 (Auth.Rd:671): Warning: <h5> anchor "Arguments" already defined
Auth.html:711:1 (Auth.Rd:683): Warning: <h5> anchor "Examples" already defined
Auth.html:742:1 (Auth.Rd:709): Warning: <h5> anchor "Usage" already defined
Auth.html:748:1 (Auth.Rd:713): Warning: <h5> anchor "Arguments" already defined
Billing.html:138:1 (Billing.Rd:164): Warning: <h5> anchor "Usage" already defined
Billing.html:175:1 (Billing.Rd:194): Warning: <h5> anchor "Usage" already defined
Billing.html:181:1 (Billing.Rd:198): Warning: <h5> anchor "Arguments" already defined
Billing.html:202:1 (Billing.Rd:209): Warning: <h5> anchor "Examples" already defined
Billing.html:234:1 (Billing.Rd:236): Warning: <h5> anchor "Usage" already defined
Billing.html:248:1 (Billing.Rd:248): Warning: <h5> anchor "Arguments" already defined
Billing.html:283:1 (Billing.Rd:277): Warning: <h5> anchor "Examples" already defined
Billing.html:314:1 (Billing.Rd:303): Warning: <h5> anchor "Usage" already defined
Billing.html:328:1 (Billing.Rd:315): Warning: <h5> anchor "Arguments" already defined
Billing.html:363:1 (Billing.Rd:344): Warning: <h5> anchor "Examples" already defined
Billing.html:394:1 (Billing.Rd:370): Warning: <h5> anchor "Usage" already defined
Billing.html:408:1 (Billing.Rd:382): Warning: <h5> anchor "Arguments" already defined
Billing.html:443:1 (Billing.Rd:411): Warning: <h5> anchor "Examples" already defined
Billing.html:474:1 (Billing.Rd:437): Warning: <h5> anchor "Usage" already defined
Billing.html:480:1 (Billing.Rd:441): Warning: <h5> anchor "Arguments" already defined
Billing_groups.html:115:1 (Billing_groups.Rd:88): Warning: <h5> anchor "Usage" already defined
Billing_groups.html:125:1 (Billing_groups.Rd:96): Warning: <h5> anchor "Arguments" already defined
Billing_groups.html:186:1 (Billing_groups.Rd:142): Warning: <h5> anchor "Usage" already defined
Billing_groups.html:192:1 (Billing_groups.Rd:146): Warning: <h5> anchor "Arguments" already defined
Billing_groups.html:208:1 (Billing_groups.Rd:156): Warning: <h5> anchor "Returns" already defined
Billing_groups.html:215:1 (Billing_groups.Rd:159): Warning: <h5> anchor "Examples" already defined
Billing_groups.html:242:1 (Billing_groups.Rd:181): Warning: <h5> anchor "Usage" already defined
Billing_groups.html:248:1 (Billing_groups.Rd:185): Warning: <h5> anchor "Arguments" already defined
Collection.html:140:1 (Collection.Rd:164): Warning: <h5> anchor "Usage" already defined
Collection.html:146:1 (Collection.Rd:168): Warning: <h5> anchor "Arguments" already defined
Collection.html:192:1 (Collection.Rd:203): Warning: <h5> anchor "Usage" already defined
Collection.html:198:1 (Collection.Rd:207): Warning: <h5> anchor "Arguments" already defined
Collection.html:212:1 (Collection.Rd:215): Warning: <h5> anchor "Examples" already defined
Collection.html:245:1 (Collection.Rd:243): Warning: <h5> anchor "Usage" already defined
Collection.html:251:1 (Collection.Rd:247): Warning: <h5> anchor "Arguments" already defined
Collection.html:265:1 (Collection.Rd:255): Warning: <h5> anchor "Examples" already defined
Collection.html:299:1 (Collection.Rd:284): Warning: <h5> anchor "Usage" already defined
Collection.html:305:1 (Collection.Rd:288): Warning: <h5> anchor "Arguments" already defined
Collection.html:319:1 (Collection.Rd:296): Warning: <h5> anchor "Examples" already defined
Collection.html:352:1 (Collection.Rd:324): Warning: <h5> anchor "Usage" already defined
Collection.html:358:1 (Collection.Rd:328): Warning: <h5> anchor "Arguments" already defined
Division.html:122:1 (Division.Rd:141): Warning: <h5> anchor "Usage" already defined
Division.html:155:1 (Division.Rd:167): Warning: <h5> anchor "Usage" already defined
Division.html:161:1 (Division.Rd:171): Warning: <h5> anchor "Arguments" already defined
Division.html:184:1 (Division.Rd:184): Warning: <h5> anchor "Examples" already defined
Division.html:213:1 (Division.Rd:208): Warning: <h5> anchor "Usage" already defined
Division.html:219:1 (Division.Rd:212): Warning: <h5> anchor "Arguments" already defined
Division.html:237:1 (Division.Rd:224): Warning: <h5> anchor "Returns" already defined
Division.html:244:1 (Division.Rd:227): Warning: <h5> anchor "Examples" already defined
Division.html:276:1 (Division.Rd:254): Warning: <h5> anchor "Usage" already defined
Division.html:287:1 (Division.Rd:263): Warning: <h5> anchor "Arguments" already defined
Division.html:314:1 (Division.Rd:284): Warning: <h5> anchor "Returns" already defined
Division.html:321:1 (Division.Rd:287): Warning: <h5> anchor "Examples" already defined
Division.html:354:1 (Division.Rd:315): Warning: <h5> anchor "Usage" already defined
Division.html:360:1 (Division.Rd:319): Warning: <h5> anchor "Arguments" already defined
Division.html:375:1 (Division.Rd:328): Warning: <h5> anchor "Examples" already defined
Division.html:405:1 (Division.Rd:353): Warning: <h5> anchor "Usage" already defined
Division.html:411:1 (Division.Rd:357): Warning: <h5> anchor "Arguments" already defined
Divisions.html:116:1 (Divisions.Rd:79): Warning: <h5> anchor "Usage" already defined
Divisions.html:151:1 (Divisions.Rd:103): Warning: <h5> anchor "Usage" already defined
Divisions.html:157:1 (Divisions.Rd:107): Warning: <h5> anchor "Arguments" already defined
Divisions.html:174:1 (Divisions.Rd:118): Warning: <h5> anchor "Returns" already defined
Divisions.html:181:1 (Divisions.Rd:121): Warning: <h5> anchor "Examples" already defined
Divisions.html:203:1 (Divisions.Rd:138): Warning: <h5> anchor "Usage" already defined
Divisions.html:209:1 (Divisions.Rd:142): Warning: <h5> anchor "Arguments" already defined
Export.html:149:1 (Export.Rd:121): Warning: <h5> anchor "Usage" already defined
Export.html:186:1 (Export.Rd:151): Warning: <h5> anchor "Usage" already defined
Export.html:192:1 (Export.Rd:155): Warning: <h5> anchor "Arguments" already defined
Export.html:213:1 (Export.Rd:166): Warning: <h5> anchor "Examples" already defined
Export.html:244:1 (Export.Rd:192): Warning: <h5> anchor "Usage" already defined
Export.html:250:1 (Export.Rd:196): Warning: <h5> anchor "Arguments" already defined
Exports.html:121:1 (Exports.Rd:155): Warning: <h5> anchor "Usage" already defined
Exports.html:133:1 (Exports.Rd:165): Warning: <h5> anchor "Arguments" already defined
Exports.html:214:1 (Exports.Rd:222): Warning: <h5> anchor "Usage" already defined
Exports.html:220:1 (Exports.Rd:226): Warning: <h5> anchor "Arguments" already defined
Exports.html:236:1 (Exports.Rd:236): Warning: <h5> anchor "Returns" already defined
Exports.html:243:1 (Exports.Rd:239): Warning: <h5> anchor "Examples" already defined
Exports.html:295:1 (Exports.Rd:286): Warning: <h5> anchor "Usage" already defined
Exports.html:309:1 (Exports.Rd:298): Warning: <h5> anchor "Arguments" already defined
Exports.html:370:1 (Exports.Rd:346): Warning: <h5> anchor "Returns" already defined
Exports.html:377:1 (Exports.Rd:349): Warning: <h5> anchor "Examples" already defined
Exports.html:408:1 (Exports.Rd:375): Warning: <h5> anchor "Usage" already defined
Exports.html:427:1 (Exports.Rd:388): Warning: <h5> anchor "Usage" already defined
Exports.html:433:1 (Exports.Rd:392): Warning: <h5> anchor "Arguments" already defined
Exports.html:447:1 (Exports.Rd:400): Warning: <h5> anchor "Returns" already defined
Exports.html:455:1 (Exports.Rd:404): Warning: <h5> anchor "Examples" already defined
Exports.html:502:1 (Exports.Rd:446): Warning: <h5> anchor "Usage" already defined
Exports.html:508:1 (Exports.Rd:450): Warning: <h5> anchor "Arguments" already defined
Exports.html:608:1 (Exports.Rd:527): Warning: <h5> anchor "Returns" already defined
Exports.html:616:1 (Exports.Rd:531): Warning: <h5> anchor "Examples" already defined
Exports.html:664:1 (Exports.Rd:574): Warning: <h5> anchor "Usage" already defined
Exports.html:670:1 (Exports.Rd:578): Warning: <h5> anchor "Arguments" already defined
File.html:174:1 (File.Rd:350): Warning: <h5> anchor "Usage" already defined
File.html:211:1 (File.Rd:380): Warning: <h5> anchor "Usage" already defined
File.html:247:1 (File.Rd:402): Warning: <h5> anchor "Examples" already defined
File.html:278:1 (File.Rd:428): Warning: <h5> anchor "Usage" already defined
File.html:284:1 (File.Rd:432): Warning: <h5> anchor "Arguments" already defined
File.html:305:1 (File.Rd:443): Warning: <h5> anchor "Examples" already defined
File.html:337:1 (File.Rd:470): Warning: <h5> anchor "Usage" already defined
File.html:343:1 (File.Rd:474): Warning: <h5> anchor "Arguments" already defined
File.html:366:1 (File.Rd:491): Warning: <h5> anchor "Returns" already defined
File.html:373:1 (File.Rd:494): Warning: <h5> anchor "Examples" already defined
File.html:409:1 (File.Rd:525): Warning: <h5> anchor "Usage" already defined
File.html:415:1 (File.Rd:529): Warning: <h5> anchor "Arguments" already defined
File.html:434:1 (File.Rd:542): Warning: <h5> anchor "Examples" already defined
File.html:473:1 (File.Rd:576): Warning: <h5> anchor "Usage" already defined
File.html:479:1 (File.Rd:580): Warning: <h5> anchor "Arguments" already defined
File.html:499:1 (File.Rd:594): Warning: <h5> anchor "Returns" already defined
File.html:506:1 (File.Rd:597): Warning: <h5> anchor "Examples" already defined
File.html:538:1 (File.Rd:624): Warning: <h5> anchor "Usage" already defined
File.html:544:1 (File.Rd:628): Warning: <h5> anchor "Arguments" already defined
File.html:558:1 (File.Rd:636): Warning: <h5> anchor "Examples" already defined
File.html:590:1 (File.Rd:663): Warning: <h5> anchor "Usage" already defined
File.html:596:1 (File.Rd:667): Warning: <h5> anchor "Arguments" already defined
File.html:610:1 (File.Rd:675): Warning: <h5> anchor "Examples" already defined
File.html:644:1 (File.Rd:704): Warning: <h5> anchor "Usage" already defined
File.html:650:1 (File.Rd:708): Warning: <h5> anchor "Arguments" already defined
File.html:670:1 (File.Rd:722): Warning: <h5> anchor "Examples" already defined
File.html:702:1 (File.Rd:749): Warning: <h5> anchor "Usage" already defined
File.html:708:1 (File.Rd:753): Warning: <h5> anchor "Arguments" already defined
File.html:725:1 (File.Rd:764): Warning: <h5> anchor "Returns" already defined
File.html:732:1 (File.Rd:767): Warning: <h5> anchor "Examples" already defined
File.html:763:1 (File.Rd:793): Warning: <h5> anchor "Usage" already defined
File.html:773:1 (File.Rd:801): Warning: <h5> anchor "Arguments" already defined
File.html:796:1 (File.Rd:818): Warning: <h5> anchor "Returns" already defined
File.html:803:1 (File.Rd:821): Warning: <h5> anchor "Examples" already defined
File.html:834:1 (File.Rd:847): Warning: <h5> anchor "Usage" already defined
File.html:840:1 (File.Rd:851): Warning: <h5> anchor "Examples" already defined
File.html:874:1 (File.Rd:880): Warning: <h5> anchor "Usage" already defined
File.html:886:1 (File.Rd:890): Warning: <h5> anchor "Arguments" already defined
File.html:909:1 (File.Rd:907): Warning: <h5> anchor "Examples" already defined
File.html:965:1 (File.Rd:958): Warning: <h5> anchor "Usage" already defined
File.html:978:1 (File.Rd:969): Warning: <h5> anchor "Arguments" already defined
File.html:1036:1 (File.Rd:1014): Warning: <h5> anchor "Returns" already defined
File.html:1043:1 (File.Rd:1017): Warning: <h5> anchor "Examples" already defined
File.html:1077:1 (File.Rd:1046): Warning: <h5> anchor "Usage" already defined
File.html:1083:1 (File.Rd:1050): Warning: <h5> anchor "Arguments" already defined
Files.html:161:1 (Files.Rd:301): Warning: <h5> anchor "Usage" already defined
Files.html:177:1 (Files.Rd:315): Warning: <h5> anchor "Arguments" already defined
Files.html:267:1 (Files.Rd:390): Warning: <h5> anchor "Usage" already defined
Files.html:273:1 (Files.Rd:394): Warning: <h5> anchor "Arguments" already defined
Files.html:289:1 (Files.Rd:404): Warning: <h5> anchor "Returns" already defined
Files.html:296:1 (Files.Rd:407): Warning: <h5> anchor "Examples" already defined
Files.html:324:1 (Files.Rd:430): Warning: <h5> anchor "Usage" already defined
Files.html:330:1 (Files.Rd:434): Warning: <h5> anchor "Arguments" already defined
Files.html:346:1 (Files.Rd:444): Warning: <h5> anchor "Examples" already defined
Files.html:376:1 (Files.Rd:469): Warning: <h5> anchor "Usage" already defined
Files.html:382:1 (Files.Rd:473): Warning: <h5> anchor "Arguments" already defined
Files.html:398:1 (Files.Rd:483): Warning: <h5> anchor "Examples" already defined
Files.html:432:1 (Files.Rd:512): Warning: <h5> anchor "Usage" already defined
Files.html:438:1 (Files.Rd:516): Warning: <h5> anchor "Arguments" already defined
Files.html:456:1 (Files.Rd:528): Warning: <h5> anchor "Examples" already defined
Files.html:486:1 (Files.Rd:553): Warning: <h5> anchor "Usage" already defined
Files.html:492:1 (Files.Rd:557): Warning: <h5> anchor "Arguments" already defined
Files.html:506:1 (Files.Rd:565): Warning: <h5> anchor "Returns" already defined
Files.html:514:1 (Files.Rd:569): Warning: <h5> anchor "Examples" already defined
Files.html:544:1 (Files.Rd:594): Warning: <h5> anchor "Usage" already defined
Files.html:550:1 (Files.Rd:598): Warning: <h5> anchor "Arguments" already defined
Files.html:564:1 (Files.Rd:606): Warning: <h5> anchor "Returns" already defined
Files.html:571:1 (Files.Rd:609): Warning: <h5> anchor "Examples" already defined
Files.html:597:1 (Files.Rd:630): Warning: <h5> anchor "Usage" already defined
Files.html:603:1 (Files.Rd:634): Warning: <h5> anchor "Arguments" already defined
Files.html:644:1 (Files.Rd:660): Warning: <h5> anchor "Returns" already defined
Files.html:651:1 (Files.Rd:663): Warning: <h5> anchor "Examples" already defined
Files.html:677:1 (Files.Rd:684): Warning: <h5> anchor "Usage" already defined
Files.html:683:1 (Files.Rd:688): Warning: <h5> anchor "Arguments" already defined
Files.html:696:1 (Files.Rd:695): Warning: <h5> anchor "Details" already defined
Files.html:724:1 (Files.Rd:714): Warning: <h5> anchor "Returns" already defined
Files.html:731:1 (Files.Rd:717): Warning: <h5> anchor "Examples" already defined
Files.html:770:1 (Files.Rd:744): Warning: <h5> anchor "Usage" already defined
Files.html:776:1 (Files.Rd:748): Warning: <h5> anchor "Arguments" already defined
Files.html:838:1 (Files.Rd:796): Warning: <h5> anchor "Returns" already defined
Files.html:845:1 (Files.Rd:799): Warning: <h5> anchor "Examples" already defined
Files.html:887:1 (Files.Rd:836): Warning: <h5> anchor "Usage" already defined
Files.html:893:1 (Files.Rd:840): Warning: <h5> anchor "Arguments" already defined
Files.html:908:1 (Files.Rd:849): Warning: <h5> anchor "Returns" already defined
Files.html:915:1 (Files.Rd:852): Warning: <h5> anchor "Examples" already defined
Files.html:952:1 (Files.Rd:879): Warning: <h5> anchor "Usage" already defined
Files.html:958:1 (Files.Rd:883): Warning: <h5> anchor "Arguments" already defined
Files.html:1018:1 (Files.Rd:929): Warning: <h5> anchor "Details" already defined
Files.html:1050:1 (Files.Rd:945): Warning: <h5> anchor "Returns" already defined
Files.html:1057:1 (Files.Rd:948): Warning: <h5> anchor "Examples" already defined
Files.html:1100:1 (Files.Rd:986): Warning: <h5> anchor "Usage" already defined
Files.html:1106:1 (Files.Rd:990): Warning: <h5> anchor "Arguments" already defined
Files.html:1122:1 (Files.Rd:1000): Warning: <h5> anchor "Returns" already defined
Files.html:1129:1 (Files.Rd:1003): Warning: <h5> anchor "Examples" already defined
Files.html:1154:1 (Files.Rd:1023): Warning: <h5> anchor "Usage" already defined
Files.html:1160:1 (Files.Rd:1027): Warning: <h5> anchor "Arguments" already defined
Files.html:1176:1 (Files.Rd:1037): Warning: <h5> anchor "Returns" already defined
Files.html:1183:1 (Files.Rd:1040): Warning: <h5> anchor "Examples" already defined
Files.html:1208:1 (Files.Rd:1060): Warning: <h5> anchor "Usage" already defined
Files.html:1214:1 (Files.Rd:1064): Warning: <h5> anchor "Arguments" already defined
Files.html:1229:1 (Files.Rd:1073): Warning: <h5> anchor "Returns" already defined
Files.html:1237:1 (Files.Rd:1077): Warning: <h5> anchor "Examples" already defined
Files.html:1262:1 (Files.Rd:1097): Warning: <h5> anchor "Usage" already defined
Files.html:1271:1 (Files.Rd:1104): Warning: <h5> anchor "Arguments" already defined
Files.html:1291:1 (Files.Rd:1118): Warning: <h5> anchor "Returns" already defined
Files.html:1299:1 (Files.Rd:1122): Warning: <h5> anchor "Examples" already defined
Files.html:1322:1 (Files.Rd:1140): Warning: <h5> anchor "Usage" already defined
Files.html:1328:1 (Files.Rd:1144): Warning: <h5> anchor "Arguments" already defined
Import.html:153:1 (Import.Rd:125): Warning: <h5> anchor "Usage" already defined
Import.html:190:1 (Import.Rd:155): Warning: <h5> anchor "Usage" already defined
Import.html:196:1 (Import.Rd:159): Warning: <h5> anchor "Arguments" already defined
Import.html:217:1 (Import.Rd:170): Warning: <h5> anchor "Examples" already defined
Import.html:248:1 (Import.Rd:196): Warning: <h5> anchor "Usage" already defined
Import.html:254:1 (Import.Rd:200): Warning: <h5> anchor "Arguments" already defined
Imports.html:125:1 (Imports.Rd:153): Warning: <h5> anchor "Usage" already defined
Imports.html:138:1 (Imports.Rd:164): Warning: <h5> anchor "Arguments" already defined
Imports.html:222:1 (Imports.Rd:224): Warning: <h5> anchor "Usage" already defined
Imports.html:228:1 (Imports.Rd:228): Warning: <h5> anchor "Arguments" already defined
Imports.html:244:1 (Imports.Rd:238): Warning: <h5> anchor "Returns" already defined
Imports.html:251:1 (Imports.Rd:241): Warning: <h5> anchor "Examples" already defined
Imports.html:289:1 (Imports.Rd:274): Warning: <h5> anchor "Usage" already defined
Imports.html:305:1 (Imports.Rd:288): Warning: <h5> anchor "Arguments" already defined
Imports.html:366:1 (Imports.Rd:343): Warning: <h5> anchor "Returns" already defined
Imports.html:373:1 (Imports.Rd:346): Warning: <h5> anchor "Examples" already defined
Imports.html:404:1 (Imports.Rd:372): Warning: <h5> anchor "Usage" already defined
Imports.html:425:1 (Imports.Rd:387): Warning: <h5> anchor "Usage" already defined
Imports.html:431:1 (Imports.Rd:391): Warning: <h5> anchor "Arguments" already defined
Imports.html:445:1 (Imports.Rd:399): Warning: <h5> anchor "Returns" already defined
Imports.html:453:1 (Imports.Rd:403): Warning: <h5> anchor "Examples" already defined
Imports.html:491:1 (Imports.Rd:436): Warning: <h5> anchor "Usage" already defined
Imports.html:497:1 (Imports.Rd:440): Warning: <h5> anchor "Arguments" already defined
Imports.html:595:1 (Imports.Rd:518): Warning: <h5> anchor "Returns" already defined
Imports.html:603:1 (Imports.Rd:522): Warning: <h5> anchor "Examples" already defined
Imports.html:645:1 (Imports.Rd:559): Warning: <h5> anchor "Usage" already defined
Imports.html:651:1 (Imports.Rd:563): Warning: <h5> anchor "Arguments" already defined
Invoice.html:130:1 (Invoice.Rd:108): Warning: <h5> anchor "Usage" already defined
Invoice.html:167:1 (Invoice.Rd:138): Warning: <h5> anchor "Usage" already defined
Invoice.html:173:1 (Invoice.Rd:142): Warning: <h5> anchor "Arguments" already defined
Invoice.html:194:1 (Invoice.Rd:153): Warning: <h5> anchor "Examples" already defined
Invoice.html:225:1 (Invoice.Rd:179): Warning: <h5> anchor "Usage" already defined
Invoice.html:231:1 (Invoice.Rd:183): Warning: <h5> anchor "Arguments" already defined
Invoices.html:117:1 (Invoices.Rd:90): Warning: <h5> anchor "Usage" already defined
Invoices.html:128:1 (Invoices.Rd:99): Warning: <h5> anchor "Arguments" already defined
Invoices.html:191:1 (Invoices.Rd:147): Warning: <h5> anchor "Usage" already defined
Invoices.html:197:1 (Invoices.Rd:151): Warning: <h5> anchor "Arguments" already defined
Invoices.html:213:1 (Invoices.Rd:161): Warning: <h5> anchor "Returns" already defined
Invoices.html:220:1 (Invoices.Rd:164): Warning: <h5> anchor "Examples" already defined
Invoices.html:247:1 (Invoices.Rd:186): Warning: <h5> anchor "Usage" already defined
Invoices.html:253:1 (Invoices.Rd:190): Warning: <h5> anchor "Arguments" already defined
Item.html:162:1 (Item.Rd:86): Warning: missing </ul> before </div>
Item.html:107:1 (Item.Rd:55): Warning: <h5> anchor "Usage" already defined
Item.html:113:1 (Item.Rd:59): Warning: <h5> anchor "Arguments" already defined
Item.html:139:1 (Item.Rd:75): Warning: <h5> anchor "Usage" already defined
Item.html:145:1 (Item.Rd:79): Warning: <h5> anchor "Arguments" already defined
Member.html:117:1 (Member.Rd:98): Warning: <h5> anchor "Usage" already defined
Member.html:154:1 (Member.Rd:128): Warning: <h5> anchor "Usage" already defined
Member.html:160:1 (Member.Rd:132): Warning: <h5> anchor "Examples" already defined
Member.html:191:1 (Member.Rd:158): Warning: <h5> anchor "Usage" already defined
Member.html:197:1 (Member.Rd:162): Warning: <h5> anchor "Arguments" already defined
Part.html:160:1 (Part.Rd:151): Warning: <h5> anchor "Usage" already defined
Part.html:194:1 (Part.Rd:178): Warning: <h5> anchor "Usage" already defined
Part.html:200:1 (Part.Rd:182): Warning: <h5> anchor "Arguments" already defined
Part.html:214:1 (Part.Rd:190): Warning: <h5> anchor "Examples" already defined
Part.html:242:1 (Part.Rd:213): Warning: <h5> anchor "Usage" already defined
Part.html:248:1 (Part.Rd:217): Warning: <h5> anchor "Arguments" already defined
Part.html:262:1 (Part.Rd:225): Warning: <h5> anchor "Examples" already defined
Part.html:290:1 (Part.Rd:248): Warning: <h5> anchor "Usage" already defined
Part.html:296:1 (Part.Rd:252): Warning: <h5> anchor "Arguments" already defined
Permission.html:145:1 (Permission.Rd:133): Warning: <h5> anchor "Usage" already defined
Permission.html:185:1 (Permission.Rd:166): Warning: <h5> anchor "Usage" already defined
Permission.html:191:1 (Permission.Rd:170): Warning: <h5> anchor "Examples" already defined
Permission.html:226:1 (Permission.Rd:200): Warning: <h5> anchor "Usage" already defined
Permission.html:232:1 (Permission.Rd:204): Warning: <h5> anchor "Arguments" already defined
Project.html:230:1 (Project.Rd:457): Warning: <h5> anchor "Usage" already defined
Project.html:267:1 (Project.Rd:487): Warning: <h5> anchor "Usage" already defined
Project.html:281:1 (Project.Rd:496): Warning: <h5> anchor "Examples" already defined
Project.html:312:1 (Project.Rd:522): Warning: <h5> anchor "Usage" already defined
Project.html:318:1 (Project.Rd:526): Warning: <h5> anchor "Arguments" already defined
Project.html:332:1 (Project.Rd:534): Warning: <h5> anchor "Examples" already defined
Project.html:367:1 (Project.Rd:564): Warning: <h5> anchor "Usage" already defined
Project.html:380:1 (Project.Rd:575): Warning: <h5> anchor "Arguments" already defined
Project.html:407:1 (Project.Rd:596): Warning: <h5> anchor "Examples" already defined
Project.html:442:1 (Project.Rd:626): Warning: <h5> anchor "Usage" already defined
Project.html:448:1 (Project.Rd:630): Warning: <h5> anchor "Examples" already defined
Project.html:479:1 (Project.Rd:656): Warning: <h5> anchor "Usage" already defined
Project.html:489:1 (Project.Rd:664): Warning: <h5> anchor "Arguments" already defined
Project.html:519:1 (Project.Rd:684): Warning: <h5> anchor "Examples" already defined
Project.html:552:1 (Project.Rd:712): Warning: <h5> anchor "Usage" already defined
Project.html:563:1 (Project.Rd:721): Warning: <h5> anchor "Arguments" already defined
Project.html:603:1 (Project.Rd:756): Warning: <h5> anchor "Returns" already defined
Project.html:610:1 (Project.Rd:759): Warning: <h5> anchor "Examples" already defined
Project.html:645:1 (Project.Rd:789): Warning: <h5> anchor "Usage" already defined
Project.html:651:1 (Project.Rd:793): Warning: <h5> anchor "Arguments" already defined
Project.html:666:1 (Project.Rd:802): Warning: <h5> anchor "Examples" already defined
Project.html:698:1 (Project.Rd:829): Warning: <h5> anchor "Usage" already defined
Project.html:704:1 (Project.Rd:833): Warning: <h5> anchor "Arguments" already defined
Project.html:722:1 (Project.Rd:845): Warning: <h5> anchor "Returns" already defined
Project.html:729:1 (Project.Rd:848): Warning: <h5> anchor "Examples" already defined
Project.html:762:1 (Project.Rd:876): Warning: <h5> anchor "Usage" already defined
Project.html:772:1 (Project.Rd:884): Warning: <h5> anchor "Arguments" already defined
Project.html:801:1 (Project.Rd:908): Warning: <h5> anchor "Returns" already defined
Project.html:808:1 (Project.Rd:911): Warning: <h5> anchor "Examples" already defined
Project.html:842:1 (Project.Rd:940): Warning: <h5> anchor "Usage" already defined
Project.html:852:1 (Project.Rd:948): Warning: <h5> anchor "Arguments" already defined
Project.html:875:1 (Project.Rd:965): Warning: <h5> anchor "Returns" already defined
Project.html:882:1 (Project.Rd:968): Warning: <h5> anchor "Examples" already defined
Project.html:917:1 (Project.Rd:998): Warning: <h5> anchor "Usage" already defined
Project.html:923:1 (Project.Rd:1002): Warning: <h5> anchor "Arguments" already defined
Project.html:936:1 (Project.Rd:1009): Warning: <h5> anchor "Returns" already defined
Project.html:943:1 (Project.Rd:1012): Warning: <h5> anchor "Examples" already defined
Project.html:974:1 (Project.Rd:1038): Warning: <h5> anchor "Usage" already defined
Project.html:980:1 (Project.Rd:1042): Warning: <h5> anchor "Returns" already defined
Project.html:987:1 (Project.Rd:1045): Warning: <h5> anchor "Examples" already defined
Project.html:1018:1 (Project.Rd:1071): Warning: <h5> anchor "Usage" already defined
Project.html:1030:1 (Project.Rd:1081): Warning: <h5> anchor "Arguments" already defined
Project.html:1067:1 (Project.Rd:1112): Warning: <h5> anchor "Returns" already defined
Project.html:1074:1 (Project.Rd:1115): Warning: <h5> anchor "Examples" already defined
Project.html:1105:1 (Project.Rd:1141): Warning: <h5> anchor "Usage" already defined
Project.html:1116:1 (Project.Rd:1150): Warning: <h5> anchor "Arguments" already defined
Project.html:1141:1 (Project.Rd:1169): Warning: <h5> anchor "Returns" already defined
Project.html:1148:1 (Project.Rd:1172): Warning: <h5> anchor "Examples" already defined
Project.html:1181:1 (Project.Rd:1200): Warning: <h5> anchor "Usage" already defined
Project.html:1202:1 (Project.Rd:1219): Warning: <h5> anchor "Arguments" already defined
Project.html:1288:1 (Project.Rd:1286): Warning: <h5> anchor "Returns" already defined
Project.html:1295:1 (Project.Rd:1289): Warning: <h5> anchor "Examples" already defined
Project.html:1327:1 (Project.Rd:1316): Warning: <h5> anchor "Usage" already defined
Project.html:1339:1 (Project.Rd:1326): Warning: <h5> anchor "Arguments" already defined
Project.html:1386:1 (Project.Rd:1358): Warning: <h5> anchor "Returns" already defined
Project.html:1393:1 (Project.Rd:1361): Warning: <h5> anchor "Examples" already defined
Project.html:1430:1 (Project.Rd:1393): Warning: <h5> anchor "Usage" already defined
Project.html:1450:1 (Project.Rd:1411): Warning: <h5> anchor "Arguments" already defined
Project.html:1629:1 (Project.Rd:1567): Warning: <h5> anchor "Returns" already defined
Project.html:1636:1 (Project.Rd:1570): Warning: <h5> anchor "Examples" already defined
Project.html:1667:1 (Project.Rd:1596): Warning: <h5> anchor "Usage" already defined
Project.html:1673:1 (Project.Rd:1600): Warning: <h5> anchor "Arguments" already defined
Projects.html:121:1 (Projects.Rd:114): Warning: <h5> anchor "Usage" already defined
Projects.html:134:1 (Projects.Rd:125): Warning: <h5> anchor "Arguments" already defined
Projects.html:200:1 (Projects.Rd:176): Warning: <h5> anchor "Usage" already defined
Projects.html:206:1 (Projects.Rd:180): Warning: <h5> anchor "Arguments" already defined
Projects.html:226:1 (Projects.Rd:194): Warning: <h5> anchor "Returns" already defined
Projects.html:233:1 (Projects.Rd:197): Warning: <h5> anchor "Examples" already defined
Projects.html:265:1 (Projects.Rd:224): Warning: <h5> anchor "Usage" already defined
Projects.html:271:1 (Projects.Rd:228): Warning: <h5> anchor "Arguments" already defined
Projects.html:287:1 (Projects.Rd:238): Warning: <h5> anchor "Examples" already defined
Projects.html:312:1 (Projects.Rd:258): Warning: <h5> anchor "Usage" already defined
Projects.html:331:1 (Projects.Rd:275): Warning: <h5> anchor "Arguments" already defined
Projects.html:391:1 (Projects.Rd:324): Warning: <h5> anchor "Returns" already defined
Projects.html:398:1 (Projects.Rd:327): Warning: <h5> anchor "Examples" already defined
Projects.html:427:1 (Projects.Rd:351): Warning: <h5> anchor "Usage" already defined
Projects.html:433:1 (Projects.Rd:355): Warning: <h5> anchor "Arguments" already defined
Rate.html:191:1 (Rate.Rd:103): Warning: missing </ul> before </div>
Rate.html:152:1 (Rate.Rd:82): Warning: <h5> anchor "Usage" already defined
Rate.html:168:1 (Rate.Rd:92): Warning: <h5> anchor "Usage" already defined
Rate.html:174:1 (Rate.Rd:96): Warning: <h5> anchor "Arguments" already defined
Resource.html:234:1 (Resource.Rd:127): Warning: missing </ul> before </div>
Resource.html:113:1 (Resource.Rd:54): Warning: <h5> anchor "Usage" already defined
Resource.html:119:1 (Resource.Rd:58): Warning: <h5> anchor "Arguments" already defined
Resource.html:143:1 (Resource.Rd:72): Warning: <h5> anchor "Usage" already defined
Resource.html:149:1 (Resource.Rd:76): Warning: <h5> anchor "Arguments" already defined
Resource.html:178:1 (Resource.Rd:95): Warning: <h5> anchor "Usage" already defined
Resource.html:184:1 (Resource.Rd:99): Warning: <h5> anchor "Arguments" already defined
Resource.html:211:1 (Resource.Rd:116): Warning: <h5> anchor "Usage" already defined
Resource.html:217:1 (Resource.Rd:120): Warning: <h5> anchor "Arguments" already defined
Task.html:217:1 (Task.Rd:316): Warning: <h5> anchor "Usage" already defined
Task.html:254:1 (Task.Rd:346): Warning: <h5> anchor "Usage" already defined
Task.html:260:1 (Task.Rd:350): Warning: <h5> anchor "Arguments" already defined
Task.html:281:1 (Task.Rd:361): Warning: <h5> anchor "Examples" already defined
Task.html:313:1 (Task.Rd:388): Warning: <h5> anchor "Usage" already defined
Task.html:324:1 (Task.Rd:397): Warning: <h5> anchor "Arguments" already defined
Task.html:350:1 (Task.Rd:417): Warning: <h5> anchor "Returns" already defined
Task.html:357:1 (Task.Rd:420): Warning: <h5> anchor "Examples" already defined
Task.html:389:1 (Task.Rd:447): Warning: <h5> anchor "Usage" already defined
Task.html:395:1 (Task.Rd:451): Warning: <h5> anchor "Arguments" already defined
Task.html:412:1 (Task.Rd:462): Warning: <h5> anchor "Returns" already defined
Task.html:419:1 (Task.Rd:465): Warning: <h5> anchor "Examples" already defined
Task.html:455:1 (Task.Rd:496): Warning: <h5> anchor "Usage" already defined
Task.html:461:1 (Task.Rd:500): Warning: <h5> anchor "Arguments" already defined
Task.html:478:1 (Task.Rd:511): Warning: <h5> anchor "Returns" already defined
Task.html:485:1 (Task.Rd:514): Warning: <h5> anchor "Examples" already defined
Task.html:550:1 (Task.Rd:559): Warning: <h5> anchor "Usage" already defined
Task.html:556:1 (Task.Rd:563): Warning: <h5> anchor "Arguments" already defined
Task.html:570:1 (Task.Rd:571): Warning: <h5> anchor "Returns" already defined
Task.html:577:1 (Task.Rd:574): Warning: <h5> anchor "Examples" already defined
Task.html:609:1 (Task.Rd:601): Warning: <h5> anchor "Usage" already defined
Task.html:630:1 (Task.Rd:620): Warning: <h5> anchor "Arguments" already defined
Task.html:711:1 (Task.Rd:682): Warning: <h5> anchor "Returns" already defined
Task.html:718:1 (Task.Rd:685): Warning: <h5> anchor "Examples" already defined
Task.html:751:1 (Task.Rd:713): Warning: <h5> anchor "Usage" already defined
Task.html:757:1 (Task.Rd:717): Warning: <h5> anchor "Arguments" already defined
Task.html:771:1 (Task.Rd:725): Warning: <h5> anchor "Examples" already defined
Task.html:802:1 (Task.Rd:751): Warning: <h5> anchor "Usage" already defined
Task.html:808:1 (Task.Rd:755): Warning: <h5> anchor "Arguments" already defined
Task.html:822:1 (Task.Rd:763): Warning: <h5> anchor "Returns" already defined
Task.html:829:1 (Task.Rd:766): Warning: <h5> anchor "Examples" already defined
Task.html:879:1 (Task.Rd:806): Warning: <h5> anchor "Usage" already defined
Task.html:895:1 (Task.Rd:820): Warning: <h5> anchor "Arguments" already defined
Task.html:1059:1 (Task.Rd:961): Warning: <h5> anchor "Returns" already defined
Task.html:1066:1 (Task.Rd:964): Warning: <h5> anchor "Examples" already defined
Task.html:1097:1 (Task.Rd:990): Warning: <h5> anchor "Usage" already defined
Task.html:1103:1 (Task.Rd:994): Warning: <h5> anchor "Arguments" already defined
Tasks.html:118:1 (Tasks.Rd:69): Warning: <h5> anchor "Usage" already defined
Tasks.html:140:1 (Tasks.Rd:89): Warning: <h5> anchor "Arguments" already defined
Tasks.html:229:1 (Tasks.Rd:164): Warning: <h5> anchor "Usage" already defined
Tasks.html:235:1 (Tasks.Rd:168): Warning: <h5> anchor "Arguments" already defined
Tasks.html:251:1 (Tasks.Rd:178): Warning: <h5> anchor "Returns" already defined
Tasks.html:270:1 (Tasks.Rd:189): Warning: <h5> anchor "Usage" already defined
Tasks.html:276:1 (Tasks.Rd:193): Warning: <h5> anchor "Arguments" already defined
Tasks.html:308:1 (Tasks.Rd:215): Warning: <h5> anchor "Usage" already defined
Tasks.html:329:1 (Tasks.Rd:234): Warning: <h5> anchor "Arguments" already defined
Tasks.html:511:1 (Tasks.Rd:393): Warning: <h5> anchor "Returns" already defined
Tasks.html:528:1 (Tasks.Rd:402): Warning: <h5> anchor "Usage" already defined
Tasks.html:534:1 (Tasks.Rd:406): Warning: <h5> anchor "Arguments" already defined
Tasks.html:548:1 (Tasks.Rd:414): Warning: <h5> anchor "Returns" already defined
Tasks.html:580:1 (Tasks.Rd:437): Warning: <h5> anchor "Usage" already defined
Tasks.html:586:1 (Tasks.Rd:441): Warning: <h5> anchor "Arguments" already defined
Team.html:128:1 (Team.Rd:153): Warning: <h5> anchor "Usage" already defined
Team.html:161:1 (Team.Rd:179): Warning: <h5> anchor "Usage" already defined
Team.html:167:1 (Team.Rd:183): Warning: <h5> anchor "Arguments" already defined
Team.html:188:1 (Team.Rd:194): Warning: <h5> anchor "Examples" already defined
Team.html:217:1 (Team.Rd:218): Warning: <h5> anchor "Usage" already defined
Team.html:227:1 (Team.Rd:226): Warning: <h5> anchor "Arguments" already defined
Team.html:250:1 (Team.Rd:243): Warning: <h5> anchor "Returns" already defined
Team.html:257:1 (Team.Rd:246): Warning: <h5> anchor "Examples" already defined
Team.html:284:1 (Team.Rd:268): Warning: <h5> anchor "Usage" already defined
Team.html:290:1 (Team.Rd:272): Warning: <h5> anchor "Arguments" already defined
Team.html:305:1 (Team.Rd:281): Warning: <h5> anchor "Examples" already defined
Team.html:333:1 (Team.Rd:304): Warning: <h5> anchor "Usage" already defined
Team.html:339:1 (Team.Rd:308): Warning: <h5> anchor "Arguments" already defined
Team.html:354:1 (Team.Rd:317): Warning: <h5> anchor "Examples" already defined
Team.html:380:1 (Team.Rd:338): Warning: <h5> anchor "Usage" already defined
Team.html:386:1 (Team.Rd:342): Warning: <h5> anchor "Arguments" already defined
Team.html:399:1 (Team.Rd:349): Warning: <h5> anchor "Examples" already defined
Team.html:427:1 (Team.Rd:372): Warning: <h5> anchor "Usage" already defined
Team.html:433:1 (Team.Rd:376): Warning: <h5> anchor "Examples" already defined
Team.html:458:1 (Team.Rd:396): Warning: <h5> anchor "Usage" already defined
Team.html:464:1 (Team.Rd:400): Warning: <h5> anchor "Arguments" already defined
Teams.html:114:1 (Teams.Rd:94): Warning: <h5> anchor "Usage" already defined
Teams.html:120:1 (Teams.Rd:98): Warning: <h5> anchor "Arguments" already defined
Teams.html:173:1 (Teams.Rd:136): Warning: <h5> anchor "Usage" already defined
Teams.html:179:1 (Teams.Rd:140): Warning: <h5> anchor "Arguments" already defined
Teams.html:196:1 (Teams.Rd:151): Warning: <h5> anchor "Returns" already defined
Teams.html:203:1 (Teams.Rd:154): Warning: <h5> anchor "Examples" already defined
Teams.html:225:1 (Teams.Rd:171): Warning: <h5> anchor "Usage" already defined
Teams.html:231:1 (Teams.Rd:175): Warning: <h5> anchor "Arguments" already defined
Teams.html:247:1 (Teams.Rd:185): Warning: <h5> anchor "Returns" already defined
Teams.html:254:1 (Teams.Rd:188): Warning: <h5> anchor "Examples" already defined
Teams.html:279:1 (Teams.Rd:208): Warning: <h5> anchor "Usage" already defined
Teams.html:285:1 (Teams.Rd:212): Warning: <h5> anchor "Arguments" already defined
Teams.html:300:1 (Teams.Rd:221): Warning: <h5> anchor "Examples" already defined
Teams.html:322:1 (Teams.Rd:238): Warning: <h5> anchor "Usage" already defined
Teams.html:328:1 (Teams.Rd:242): Warning: <h5> anchor "Arguments" already defined
Upload.html:162:1 (Upload.Rd:184): Warning: <h5> anchor "Usage" already defined
Upload.html:197:1 (Upload.Rd:212): Warning: <h5> anchor "Usage" already defined
Upload.html:203:1 (Upload.Rd:216): Warning: <h5> anchor "Examples" already defined
Upload.html:231:1 (Upload.Rd:239): Warning: <h5> anchor "Usage" already defined
Upload.html:237:1 (Upload.Rd:243): Warning: <h5> anchor "Arguments" already defined
Upload.html:253:1 (Upload.Rd:253): Warning: <h5> anchor "Examples" already defined
Upload.html:281:1 (Upload.Rd:276): Warning: <h5> anchor "Usage" already defined
Upload.html:294:1 (Upload.Rd:283): Warning: <h5> anchor "Examples" already defined
Upload.html:327:1 (Upload.Rd:311): Warning: <h5> anchor "Usage" already defined
Upload.html:333:1 (Upload.Rd:315): Warning: <h5> anchor "Examples" already defined
Upload.html:361:1 (Upload.Rd:338): Warning: <h5> anchor "Usage" already defined
Upload.html:367:1 (Upload.Rd:342): Warning: <h5> anchor "Arguments" already defined
User.html:218:1 (User.Rd:124): Warning: missing </ul> before </div>
User.html:142:1 (User.Rd:82): Warning: <h5> anchor "Usage" already defined
User.html:158:1 (User.Rd:92): Warning: <h5> anchor "Usage" already defined
User.html:164:1 (User.Rd:96): Warning: <h5> anchor "Arguments" already defined
User.html:195:1 (User.Rd:113): Warning: <h5> anchor "Usage" already defined
User.html:201:1 (User.Rd:117): Warning: <h5> anchor "Arguments" already defined
Volume.html:180:1 (Volume.Rd:419): Warning: <h5> anchor "Usage" already defined
Volume.html:217:1 (Volume.Rd:449): Warning: <h5> anchor "Usage" already defined
Volume.html:223:1 (Volume.Rd:453): Warning: <h5> anchor "Arguments" already defined
Volume.html:244:1 (Volume.Rd:464): Warning: <h5> anchor "Examples" already defined
Volume.html:276:1 (Volume.Rd:491): Warning: <h5> anchor "Usage" already defined
Volume.html:282:1 (Volume.Rd:495): Warning: <h5> anchor "Arguments" already defined
Volume.html:305:1 (Volume.Rd:512): Warning: <h5> anchor "Returns" already defined
Volume.html:312:1 (Volume.Rd:515): Warning: <h5> anchor "Examples" already defined
Volume.html:352:1 (Volume.Rd:550): Warning: <h5> anchor "Usage" already defined
Volume.html:358:1 (Volume.Rd:554): Warning: <h5> anchor "Arguments" already defined
Volume.html:373:1 (Volume.Rd:563): Warning: <h5> anchor "Examples" already defined
Volume.html:406:1 (Volume.Rd:591): Warning: <h5> anchor "Usage" already defined
Volume.html:412:1 (Volume.Rd:595): Warning: <h5> anchor "Arguments" already defined
Volume.html:427:1 (Volume.Rd:604): Warning: <h5> anchor "Returns" already defined
Volume.html:434:1 (Volume.Rd:607): Warning: <h5> anchor "Examples" already defined
Volume.html:473:1 (Volume.Rd:641): Warning: <h5> anchor "Usage" already defined
Volume.html:479:1 (Volume.Rd:645): Warning: <h5> anchor "Examples" already defined
Volume.html:511:1 (Volume.Rd:672): Warning: <h5> anchor "Usage" already defined
Volume.html:523:1 (Volume.Rd:682): Warning: <h5> anchor "Arguments" already defined
Volume.html:555:1 (Volume.Rd:708): Warning: <h5> anchor "Returns" already defined
Volume.html:563:1 (Volume.Rd:712): Warning: <h5> anchor "Examples" already defined
Volume.html:595:1 (Volume.Rd:739): Warning: <h5> anchor "Usage" already defined
Volume.html:601:1 (Volume.Rd:743): Warning: <h5> anchor "Arguments" already defined
Volume.html:621:1 (Volume.Rd:757): Warning: <h5> anchor "Returns" already defined
Volume.html:628:1 (Volume.Rd:760): Warning: <h5> anchor "Examples" already defined
Volume.html:660:1 (Volume.Rd:787): Warning: <h5> anchor "Usage" already defined
Volume.html:670:1 (Volume.Rd:795): Warning: <h5> anchor "Arguments" already defined
Volume.html:693:1 (Volume.Rd:812): Warning: <h5> anchor "Returns" already defined
Volume.html:701:1 (Volume.Rd:816): Warning: <h5> anchor "Examples" already defined
Volume.html:733:1 (Volume.Rd:843): Warning: <h5> anchor "Usage" already defined
Volume.html:742:1 (Volume.Rd:850): Warning: <h5> anchor "Arguments" already defined
Volume.html:769:1 (Volume.Rd:872): Warning: <h5> anchor "Returns" already defined
Volume.html:776:1 (Volume.Rd:875): Warning: <h5> anchor "Examples" already defined
Volume.html:812:1 (Volume.Rd:906): Warning: <h5> anchor "Usage" already defined
Volume.html:821:1 (Volume.Rd:913): Warning: <h5> anchor "Arguments" already defined
Volume.html:849:1 (Volume.Rd:936): Warning: <h5> anchor "Returns" already defined
Volume.html:856:1 (Volume.Rd:939): Warning: <h5> anchor "Examples" already defined
Volume.html:893:1 (Volume.Rd:971): Warning: <h5> anchor "Usage" already defined
Volume.html:902:1 (Volume.Rd:978): Warning: <h5> anchor "Arguments" already defined
Volume.html:929:1 (Volume.Rd:1000): Warning: <h5> anchor "Returns" already defined
Volume.html:936:1 (Volume.Rd:1003): Warning: <h5> anchor "Examples" already defined
Volume.html:971:1 (Volume.Rd:1033): Warning: <h5> anchor "Usage" already defined
Volume.html:977:1 (Volume.Rd:1037): Warning: <h5> anchor "Arguments" already defined
Volume.html:993:1 (Volume.Rd:1047): Warning: <h5> anchor "Examples" already defined
Volume.html:1025:1 (Volume.Rd:1074): Warning: <h5> anchor "Usage" already defined
Volume.html:1031:1 (Volume.Rd:1078): Warning: <h5> anchor "Arguments" already defined
Volume.html:1050:1 (Volume.Rd:1091): Warning: <h5> anchor "Returns" already defined
Volume.html:1057:1 (Volume.Rd:1094): Warning: <h5> anchor "Examples" already defined
Volume.html:1091:1 (Volume.Rd:1123): Warning: <h5> anchor "Usage" already defined
Volume.html:1100:1 (Volume.Rd:1130): Warning: <h5> anchor "Arguments" already defined
Volume.html:1129:1 (Volume.Rd:1154): Warning: <h5> anchor "Returns" already defined
Volume.html:1136:1 (Volume.Rd:1157): Warning: <h5> anchor "Examples" already defined
Volume.html:1171:1 (Volume.Rd:1187): Warning: <h5> anchor "Usage" already defined
Volume.html:1183:1 (Volume.Rd:1197): Warning: <h5> anchor "Arguments" already defined
Volume.html:1228:1 (Volume.Rd:1226): Warning: <h5> anchor "Returns" already defined
Volume.html:1236:1 (Volume.Rd:1230): Warning: <h5> anchor "Examples" already defined
Volume.html:1273:1 (Volume.Rd:1262): Warning: <h5> anchor "Usage" already defined
Volume.html:1284:1 (Volume.Rd:1271): Warning: <h5> anchor "Arguments" already defined
Volume.html:1326:1 (Volume.Rd:1297): Warning: <h5> anchor "Returns" already defined
Volume.html:1334:1 (Volume.Rd:1301): Warning: <h5> anchor "Examples" already defined
Volume.html:1365:1 (Volume.Rd:1327): Warning: <h5> anchor "Usage" already defined
Volume.html:1371:1 (Volume.Rd:1331): Warning: <h5> anchor "Arguments" already defined
VolumeContentCollection.html:115:1 (VolumeContentCollection.Rd:132): Warning: <h5> anchor "Usage" already defined
VolumeContentCollection.html:121:1 (VolumeContentCollection.Rd:136): Warning: <h5> anchor "Arguments" already defined
VolumeContentCollection.html:166:1 (VolumeContentCollection.Rd:170): Warning: <h5> anchor "Usage" already defined
VolumeContentCollection.html:172:1 (VolumeContentCollection.Rd:174): Warning: <h5> anchor "Arguments" already defined
VolumeContentCollection.html:186:1 (VolumeContentCollection.Rd:182): Warning: <h5> anchor "Examples" already defined
VolumeContentCollection.html:218:1 (VolumeContentCollection.Rd:209): Warning: <h5> anchor "Usage" already defined
VolumeContentCollection.html:224:1 (VolumeContentCollection.Rd:213): Warning: <h5> anchor "Examples" already defined
VolumeContentCollection.html:256:1 (VolumeContentCollection.Rd:240): Warning: <h5> anchor "Usage" already defined
VolumeContentCollection.html:262:1 (VolumeContentCollection.Rd:244): Warning: <h5> anchor "Arguments" already defined
VolumeContentCollection.html:276:1 (VolumeContentCollection.Rd:252): Warning: <h5> anchor "Examples" already defined
VolumeContentCollection.html:308:1 (VolumeContentCollection.Rd:279): Warning: <h5> anchor "Usage" already defined
VolumeContentCollection.html:314:1 (VolumeContentCollection.Rd:283): Warning: <h5> anchor "Arguments" already defined
VolumeFile.html:121:1 (VolumeFile.Rd:118): Warning: <h5> anchor "Usage" already defined
VolumeFile.html:158:1 (VolumeFile.Rd:148): Warning: <h5> anchor "Usage" already defined
VolumeFile.html:164:1 (VolumeFile.Rd:152): Warning: <h5> anchor "Arguments" already defined
VolumeFile.html:185:1 (VolumeFile.Rd:163): Warning: <h5> anchor "Examples" already defined
VolumeFile.html:223:1 (VolumeFile.Rd:196): Warning: <h5> anchor "Usage" already defined
VolumeFile.html:236:1 (VolumeFile.Rd:207): Warning: <h5> anchor "Arguments" already defined
VolumeFile.html:282:1 (VolumeFile.Rd:247): Warning: <h5> anchor "Returns" already defined
VolumeFile.html:289:1 (VolumeFile.Rd:250): Warning: <h5> anchor "Examples" already defined
VolumeFile.html:320:1 (VolumeFile.Rd:276): Warning: <h5> anchor "Usage" already defined
VolumeFile.html:326:1 (VolumeFile.Rd:280): Warning: <h5> anchor "Arguments" already defined
VolumePrefix.html:119:1 (VolumePrefix.Rd:132): Warning: <h5> anchor "Usage" already defined
VolumePrefix.html:156:1 (VolumePrefix.Rd:162): Warning: <h5> anchor "Usage" already defined
VolumePrefix.html:162:1 (VolumePrefix.Rd:166): Warning: <h5> anchor "Examples" already defined
VolumePrefix.html:194:1 (VolumePrefix.Rd:193): Warning: <h5> anchor "Usage" already defined
VolumePrefix.html:204:1 (VolumePrefix.Rd:201): Warning: <h5> anchor "Arguments" already defined
VolumePrefix.html:237:1 (VolumePrefix.Rd:224): Warning: <h5> anchor "Examples" already defined
VolumePrefix.html:275:1 (VolumePrefix.Rd:257): Warning: <h5> anchor "Usage" already defined
VolumePrefix.html:289:1 (VolumePrefix.Rd:269): Warning: <h5> anchor "Arguments" already defined
VolumePrefix.html:343:1 (VolumePrefix.Rd:317): Warning: <h5> anchor "Returns" already defined
VolumePrefix.html:350:1 (VolumePrefix.Rd:320): Warning: <h5> anchor "Examples" already defined
VolumePrefix.html:381:1 (VolumePrefix.Rd:346): Warning: <h5> anchor "Usage" already defined
VolumePrefix.html:387:1 (VolumePrefix.Rd:350): Warning: <h5> anchor "Arguments" already defined
Volumes.html:128:1 (Volumes.Rd:221): Warning: <h5> anchor "Usage" already defined
Volumes.html:134:1 (Volumes.Rd:225): Warning: <h5> anchor "Arguments" already defined
Volumes.html:182:1 (Volumes.Rd:258): Warning: <h5> anchor "Usage" already defined
Volumes.html:188:1 (Volumes.Rd:262): Warning: <h5> anchor "Arguments" already defined
Volumes.html:205:1 (Volumes.Rd:273): Warning: <h5> anchor "Returns" already defined
Volumes.html:212:1 (Volumes.Rd:276): Warning: <h5> anchor "Examples" already defined
Volumes.html:244:1 (Volumes.Rd:303): Warning: <h5> anchor "Usage" already defined
Volumes.html:250:1 (Volumes.Rd:307): Warning: <h5> anchor "Arguments" already defined
Volumes.html:266:1 (Volumes.Rd:317): Warning: <h5> anchor "Examples" already defined
Volumes.html:298:1 (Volumes.Rd:344): Warning: <h5> anchor "Usage" already defined
Volumes.html:315:1 (Volumes.Rd:359): Warning: <h5> anchor "Arguments" already defined
Volumes.html:388:1 (Volumes.Rd:419): Warning: <h5> anchor "Returns" already defined
Volumes.html:395:1 (Volumes.Rd:422): Warning: <h5> anchor "Examples" already defined
Volumes.html:435:1 (Volumes.Rd:457): Warning: <h5> anchor "Usage" already defined
Volumes.html:452:1 (Volumes.Rd:472): Warning: <h5> anchor "Arguments" already defined
Volumes.html:526:1 (Volumes.Rd:533): Warning: <h5> anchor "Returns" already defined
Volumes.html:533:1 (Volumes.Rd:536): Warning: <h5> anchor "Examples" already defined
Volumes.html:570:1 (Volumes.Rd:568): Warning: <h5> anchor "Usage" already defined
Volumes.html:587:1 (Volumes.Rd:583): Warning: <h5> anchor "Arguments" already defined
Volumes.html:639:1 (Volumes.Rd:629): Warning: <h5> anchor "Returns" already defined
Volumes.html:646:1 (Volumes.Rd:632): Warning: <h5> anchor "Examples" already defined
Volumes.html:686:1 (Volumes.Rd:667): Warning: <h5> anchor "Usage" already defined
Volumes.html:702:1 (Volumes.Rd:681): Warning: <h5> anchor "Arguments" already defined
Volumes.html:751:1 (Volumes.Rd:724): Warning: <h5> anchor "Returns" already defined
Volumes.html:758:1 (Volumes.Rd:727): Warning: <h5> anchor "Examples" already defined
Volumes.html:802:1 (Volumes.Rd:766): Warning: <h5> anchor "Usage" already defined
Volumes.html:820:1 (Volumes.Rd:782): Warning: <h5> anchor "Arguments" already defined
Volumes.html:871:1 (Volumes.Rd:827): Warning: <h5> anchor "Returns" already defined
Volumes.html:878:1 (Volumes.Rd:830): Warning: <h5> anchor "Examples" already defined
Volumes.html:914:1 (Volumes.Rd:861): Warning: <h5> anchor "Usage" already defined
Volumes.html:930:1 (Volumes.Rd:875): Warning: <h5> anchor "Arguments" already defined
Volumes.html:973:1 (Volumes.Rd:912): Warning: <h5> anchor "Returns" already defined
Volumes.html:980:1 (Volumes.Rd:915): Warning: <h5> anchor "Examples" already defined
Volumes.html:1012:1 (Volumes.Rd:942): Warning: <h5> anchor "Usage" already defined
Volumes.html:1018:1 (Volumes.Rd:946): Warning: <h5> anchor "Arguments" already defined
Flavor: r-devel-linux-x86_64-debian-gcc
Version: 0.4.0
Check: installed package size
Result: NOTE
installed size is 9.1Mb
sub-directories of 1Mb or more:
R 2.0Mb
doc 6.4Mb
Flavors: r-oldrel-macos-arm64, r-oldrel-macos-x86_64, r-oldrel-windows-x86_64