Last updated on 2025-10-21 09:48:46 CEST.
Flavor | Version | Tinstall | Tcheck | Ttotal | Status | Flags |
---|---|---|---|---|---|---|
r-devel-linux-x86_64-debian-clang | 2.3.7 | 7.22 | 347.26 | 354.48 | OK | |
r-devel-linux-x86_64-debian-gcc | 2.3.7 | 3.83 | 225.92 | 229.75 | NOTE | |
r-devel-linux-x86_64-fedora-clang | 2.3.7 | 572.42 | NOTE | |||
r-devel-linux-x86_64-fedora-gcc | 2.3.7 | 633.45 | NOTE | |||
r-devel-windows-x86_64 | 2.3.7 | 11.00 | 623.00 | 634.00 | OK | |
r-patched-linux-x86_64 | 2.3.7 | 9.21 | 334.67 | 343.88 | OK | |
r-release-linux-x86_64 | 2.3.7 | 7.81 | 334.15 | 341.96 | OK | |
r-release-macos-arm64 | 2.3.7 | 266.00 | OK | |||
r-release-macos-x86_64 | 2.3.7 | 553.00 | OK | |||
r-release-windows-x86_64 | 2.3.7 | 10.00 | 640.00 | 650.00 | OK | |
r-oldrel-macos-arm64 | 2.3.7 | 266.00 | OK | |||
r-oldrel-macos-x86_64 | 2.3.7 | 596.00 | OK | |||
r-oldrel-windows-x86_64 | 2.3.7 | 14.00 | 868.00 | 882.00 | OK |
Version: 2.3.7
Check: HTML version of manual
Result: NOTE
Found the following HTML validation problems:
compute_itcriteria_weights.html:47:1 (compute_itcriteria_weights.Rd:11): Warning: missing </ul> before </div>
cor_rsq.html:58:1 (cor_rsq.Rd:16): Warning: missing </ul> before </div>
dot_component_mm.html:50:1 (dot_component_mm.Rd:12): Warning: missing </ul> before </div>
dot_subcomponent_mm.html:54:1 (dot_subcomponent_mm.Rd:14): Warning: missing </ul> before </div>
esc_node.html:46:1 (esc_node.Rd:10): Warning: missing </ul> before </div>
extract_bootstrapped_values.html:58:1 (extract_bootstrapped_values.Rd:16): Warning: missing </ul> before </div>
extract_mm_coding.html:46:1 (extract_mm_coding.Rd:10): Warning: missing </ul> before </div>
extract_mm_edge_value.html:58:1 (extract_mm_edge_value.Rd:16): Warning: missing </ul> before </div>
extract_mm_edges.html:58:1 (extract_mm_edges.Rd:16): Warning: missing </ul> before </div>
extract_mm_nodes.html:54:1 (extract_mm_nodes.Rd:14): Warning: missing </ul> before </div>
get_global_htmt_style.html:50:1 (get_global_htmt_style.Rd:12): Warning: missing </ul> before </div>
get_global_style.html:50:1 (get_global_style.Rd:12): Warning: missing </ul> before </div>
get_mm_edge_style.html:54:1 (get_mm_edge_style.Rd:14): Warning: missing </ul> before </div>
get_mm_node_style.html:46:1 (get_mm_node_style.Rd:10): Warning: missing </ul> before </div>
predict_DA.html:56:1 (predict_DA.Rd:15): Warning: missing </ul> before </div>
predict_EA.html:56:1 (predict_EA.Rd:15): Warning: missing </ul> before </div>
print.seminr_pls_mga.html:55:1 (print.seminr_pls_mga.Rd:14): Warning: missing </ul> before </div>
report_missing.html:46:1 (report_missing.Rd:10): Warning: missing </ul> before </div>
seminr_theme_get.html:50:1 (seminr_theme_get.Rd:13): Warning: missing </ul> before </div>
Flavor: r-devel-linux-x86_64-debian-gcc
Version: 2.3.7
Check: dependencies in R code
Result: NOTE
Namespaces in Imports field not imported from:
‘knitr’ ‘rmarkdown’ ‘webp’
All declared Imports should be used.
Flavors: r-devel-linux-x86_64-fedora-clang, r-devel-linux-x86_64-fedora-gcc