Last updated on 2025-10-21 09:48:46 CEST.
Flavor | Version | Tinstall | Tcheck | Ttotal | Status | Flags |
---|---|---|---|---|---|---|
r-devel-linux-x86_64-debian-clang | 1.1.0 | 2.49 | 30.62 | 33.11 | OK | |
r-devel-linux-x86_64-debian-gcc | 1.1.0 | 1.61 | 24.46 | 26.07 | NOTE | |
r-devel-linux-x86_64-fedora-clang | 1.1.0 | 49.07 | OK | |||
r-devel-linux-x86_64-fedora-gcc | 1.1.0 | 63.18 | OK | |||
r-devel-windows-x86_64 | 1.1.0 | 4.00 | 52.00 | 56.00 | OK | |
r-patched-linux-x86_64 | 1.1.0 | 3.01 | 29.75 | 32.76 | OK | |
r-release-linux-x86_64 | 1.1.0 | 2.40 | 29.48 | 31.88 | OK | |
r-release-macos-arm64 | 1.1.0 | 38.00 | OK | |||
r-release-macos-x86_64 | 1.1.0 | 49.00 | OK | |||
r-release-windows-x86_64 | 1.1.0 | 5.00 | 55.00 | 60.00 | OK | |
r-oldrel-macos-arm64 | 1.1.0 | 25.00 | NOTE | |||
r-oldrel-macos-x86_64 | 1.1.0 | 37.00 | NOTE | |||
r-oldrel-windows-x86_64 | 1.1.0 | 4.00 | 61.00 | 65.00 | NOTE |
Version: 1.1.0
Check: HTML version of manual
Result: NOTE
Found the following HTML validation problems:
share_secret_with_key.html:58:1 (share_secret_with_key.Rd:16): Warning: missing </ul> before </div>
share_secret_with_key1.html:58:1 (share_secret_with_key1.Rd:16): Warning: missing </ul> before </div>
store_secret_with_key.html:58:1 (store_secret_with_key.Rd:16): Warning: missing </ul> before </div>
Flavor: r-devel-linux-x86_64-debian-gcc
Version: 1.1.0
Check: LazyData
Result: NOTE
'LazyData' is specified without a 'data' directory
Flavors: r-oldrel-macos-arm64, r-oldrel-macos-x86_64, r-oldrel-windows-x86_64