Last updated on 2025-10-21 09:48:46 CEST.
Flavor | Version | Tinstall | Tcheck | Ttotal | Status | Flags |
---|---|---|---|---|---|---|
r-devel-linux-x86_64-debian-clang | 0.6.1 | 2.44 | 107.25 | 109.69 | OK | |
r-devel-linux-x86_64-debian-gcc | 0.6.1 | 1.91 | 73.77 | 75.68 | NOTE | |
r-devel-linux-x86_64-fedora-clang | 0.6.1 | 167.06 | OK | |||
r-devel-linux-x86_64-fedora-gcc | 0.6.1 | 178.03 | OK | |||
r-devel-windows-x86_64 | 0.6.1 | 4.00 | 120.00 | 124.00 | OK | |
r-patched-linux-x86_64 | 0.6.1 | 3.14 | 102.50 | 105.64 | OK | |
r-release-linux-x86_64 | 0.6.1 | 2.43 | 101.46 | 103.89 | OK | |
r-release-macos-arm64 | 0.6.1 | 72.00 | OK | |||
r-release-macos-x86_64 | 0.6.1 | 121.00 | OK | |||
r-release-windows-x86_64 | 0.6.1 | 5.00 | 122.00 | 127.00 | OK | |
r-oldrel-macos-arm64 | 0.6.1 | 68.00 | OK | |||
r-oldrel-macos-x86_64 | 0.6.1 | 217.00 | OK | |||
r-oldrel-windows-x86_64 | 0.6.1 | 5.00 | 153.00 | 158.00 | OK |
Version: 0.6.1
Check: HTML version of manual
Result: NOTE
Found the following HTML validation problems:
smooth_raster.html:96:1 (smooth_raster.Rd:42): Warning: missing </ul> before </div>
Flavor: r-devel-linux-x86_64-debian-gcc