Last updated on 2025-10-21 09:48:46 CEST.
Flavor | Version | Tinstall | Tcheck | Ttotal | Status | Flags |
---|---|---|---|---|---|---|
r-devel-linux-x86_64-debian-clang | 1.0.3 | 8.28 | 69.94 | 78.22 | OK | |
r-devel-linux-x86_64-debian-gcc | 1.0.3 | 5.79 | 47.13 | 52.92 | NOTE | |
r-devel-linux-x86_64-fedora-clang | 1.0.3 | 102.33 | OK | |||
r-devel-linux-x86_64-fedora-gcc | 1.0.3 | 113.01 | OK | |||
r-devel-windows-x86_64 | 1.0.3 | 8.00 | 166.00 | 174.00 | OK | |
r-patched-linux-x86_64 | 1.0.3 | 6.93 | 66.61 | 73.54 | OK | |
r-release-linux-x86_64 | 1.0.3 | 7.37 | 67.05 | 74.42 | OK | |
r-release-macos-arm64 | 1.0.3 | 98.00 | OK | |||
r-release-macos-x86_64 | 1.0.3 | 140.00 | OK | |||
r-release-windows-x86_64 | 1.0.3 | 8.00 | 125.00 | 133.00 | OK | |
r-oldrel-macos-arm64 | 1.0.3 | 85.00 | OK | |||
r-oldrel-macos-x86_64 | 1.0.3 | 124.00 | OK | |||
r-oldrel-windows-x86_64 | 1.0.3 | 11.00 | 126.00 | 137.00 | OK |
Version: 1.0.3
Check: HTML version of manual
Result: NOTE
Found the following HTML validation problems:
Request.html:165:1 (Request.Rd:240): Warning: <h5> anchor "Usage" already defined
Request.html:171:1 (Request.Rd:244): Warning: <h5> anchor "Returns" already defined
Request.html:178:1 (Request.Rd:247): Warning: <h5> anchor "Examples" already defined
Request.html:201:1 (Request.Rd:265): Warning: <h5> anchor "Usage" already defined
Request.html:207:1 (Request.Rd:269): Warning: <h5> anchor "Returns" already defined
Request.html:214:1 (Request.Rd:272): Warning: <h5> anchor "Examples" already defined
Request.html:237:1 (Request.Rd:290): Warning: <h5> anchor "Usage" already defined
Request.html:243:1 (Request.Rd:294): Warning: <h5> anchor "Returns" already defined
Request.html:250:1 (Request.Rd:297): Warning: <h5> anchor "Examples" already defined
Request.html:277:1 (Request.Rd:319): Warning: <h5> anchor "Usage" already defined
Request.html:283:1 (Request.Rd:323): Warning: <h5> anchor "Arguments" already defined
Request.html:296:1 (Request.Rd:330): Warning: <h5> anchor "Returns" already defined
Request.html:303:1 (Request.Rd:333): Warning: <h5> anchor "Examples" already defined
Request.html:335:1 (Request.Rd:360): Warning: <h5> anchor "Usage" already defined
Request.html:341:1 (Request.Rd:364): Warning: <h5> anchor "Returns" already defined
Request.html:348:1 (Request.Rd:367): Warning: <h5> anchor "Examples" already defined
Request.html:373:1 (Request.Rd:387): Warning: <h5> anchor "Usage" already defined
Request.html:379:1 (Request.Rd:391): Warning: <h5> anchor "Returns" already defined
Request.html:386:1 (Request.Rd:394): Warning: <h5> anchor "Examples" already defined
Request.html:415:1 (Request.Rd:418): Warning: <h5> anchor "Usage" already defined
Request.html:421:1 (Request.Rd:422): Warning: <h5> anchor "Returns" already defined
Request.html:428:1 (Request.Rd:425): Warning: <h5> anchor "Examples" already defined
Request.html:457:1 (Request.Rd:449): Warning: <h5> anchor "Usage" already defined
Request.html:463:1 (Request.Rd:453): Warning: <h5> anchor "Returns" already defined
Request.html:470:1 (Request.Rd:456): Warning: <h5> anchor "Examples" already defined
Request.html:494:1 (Request.Rd:475): Warning: <h5> anchor "Usage" already defined
Request.html:500:1 (Request.Rd:479): Warning: <h5> anchor "Returns" already defined
Request.html:507:1 (Request.Rd:482): Warning: <h5> anchor "Examples" already defined
Request.html:531:1 (Request.Rd:501): Warning: <h5> anchor "Usage" already defined
Request.html:537:1 (Request.Rd:505): Warning: <h5> anchor "Arguments" already defined
RequestResult.html:323:1 (RequestResult.Rd:175): Warning: missing </ul> before </div>
RequestResult.html:139:1 (RequestResult.Rd:73): Warning: <h5> anchor "Usage" already defined
RequestResult.html:145:1 (RequestResult.Rd:77): Warning: <h5> anchor "Returns" already defined
RequestResult.html:162:1 (RequestResult.Rd:86): Warning: <h5> anchor "Usage" already defined
RequestResult.html:168:1 (RequestResult.Rd:90): Warning: <h5> anchor "Returns" already defined
RequestResult.html:185:1 (RequestResult.Rd:99): Warning: <h5> anchor "Usage" already defined
RequestResult.html:191:1 (RequestResult.Rd:103): Warning: <h5> anchor "Returns" already defined
RequestResult.html:208:1 (RequestResult.Rd:112): Warning: <h5> anchor "Usage" already defined
RequestResult.html:214:1 (RequestResult.Rd:116): Warning: <h5> anchor "Returns" already defined
RequestResult.html:231:1 (RequestResult.Rd:125): Warning: <h5> anchor "Usage" already defined
RequestResult.html:237:1 (RequestResult.Rd:129): Warning: <h5> anchor "Returns" already defined
RequestResult.html:254:1 (RequestResult.Rd:138): Warning: <h5> anchor "Usage" already defined
RequestResult.html:260:1 (RequestResult.Rd:142): Warning: <h5> anchor "Returns" already defined
RequestResult.html:277:1 (RequestResult.Rd:151): Warning: <h5> anchor "Usage" already defined
RequestResult.html:283:1 (RequestResult.Rd:155): Warning: <h5> anchor "Returns" already defined
RequestResult.html:300:1 (RequestResult.Rd:164): Warning: <h5> anchor "Usage" already defined
RequestResult.html:306:1 (RequestResult.Rd:168): Warning: <h5> anchor "Arguments" already defined
Rule.html:129:1 (Rule.Rd:140): Warning: <h5> anchor "Usage" already defined
Rule.html:135:1 (Rule.Rd:144): Warning: <h5> anchor "Returns" already defined
Rule.html:142:1 (Rule.Rd:147): Warning: <h5> anchor "Examples" already defined
Rule.html:166:1 (Rule.Rd:166): Warning: <h5> anchor "Usage" already defined
Rule.html:172:1 (Rule.Rd:170): Warning: <h5> anchor "Returns" already defined
Rule.html:179:1 (Rule.Rd:173): Warning: <h5> anchor "Examples" already defined
Rule.html:202:1 (Rule.Rd:191): Warning: <h5> anchor "Usage" already defined
Rule.html:208:1 (Rule.Rd:195): Warning: <h5> anchor "Returns" already defined
Rule.html:215:1 (Rule.Rd:198): Warning: <h5> anchor "Examples" already defined
Rule.html:238:1 (Rule.Rd:216): Warning: <h5> anchor "Usage" already defined
Rule.html:244:1 (Rule.Rd:220): Warning: <h5> anchor "Arguments" already defined
Rule.html:258:1 (Rule.Rd:228): Warning: <h5> anchor "Returns" already defined
Rule.html:265:1 (Rule.Rd:231): Warning: <h5> anchor "Examples" already defined
Rule.html:295:1 (Rule.Rd:256): Warning: <h5> anchor "Usage" already defined
Rule.html:301:1 (Rule.Rd:260): Warning: <h5> anchor "Arguments" already defined
Scheduler.html:176:1 (Scheduler.Rd:257): Warning: <h5> anchor "Usage" already defined
Scheduler.html:182:1 (Scheduler.Rd:261): Warning: <h5> anchor "Arguments" already defined
Scheduler.html:199:1 (Scheduler.Rd:272): Warning: <h5> anchor "Returns" already defined
Scheduler.html:206:1 (Scheduler.Rd:275): Warning: <h5> anchor "Examples" already defined
Scheduler.html:233:1 (Scheduler.Rd:297): Warning: <h5> anchor "Usage" already defined
Scheduler.html:239:1 (Scheduler.Rd:301): Warning: <h5> anchor "Arguments" already defined
Scheduler.html:257:1 (Scheduler.Rd:313): Warning: <h5> anchor "Returns" already defined
Scheduler.html:265:1 (Scheduler.Rd:317): Warning: <h5> anchor "Examples" already defined
Scheduler.html:303:1 (Scheduler.Rd:350): Warning: <h5> anchor "Usage" already defined
Scheduler.html:309:1 (Scheduler.Rd:354): Warning: <h5> anchor "Arguments" already defined
Scheduler.html:329:1 (Scheduler.Rd:368): Warning: <h5> anchor "Returns" already defined
Scheduler.html:336:1 (Scheduler.Rd:371): Warning: <h5> anchor "Examples" already defined
Scheduler.html:374:1 (Scheduler.Rd:404): Warning: <h5> anchor "Usage" already defined
Scheduler.html:380:1 (Scheduler.Rd:408): Warning: <h5> anchor "Arguments" already defined
Scheduler.html:395:1 (Scheduler.Rd:417): Warning: <h5> anchor "Returns" already defined
Scheduler.html:402:1 (Scheduler.Rd:420): Warning: <h5> anchor "Examples" already defined
Scheduler.html:430:1 (Scheduler.Rd:443): Warning: <h5> anchor "Usage" already defined
Scheduler.html:443:1 (Scheduler.Rd:454): Warning: <h5> anchor "Arguments" already defined
Scheduler.html:466:1 (Scheduler.Rd:471): Warning: <h5> anchor "Returns" already defined
Scheduler.html:473:1 (Scheduler.Rd:474): Warning: <h5> anchor "Examples" already defined
Scheduler.html:500:1 (Scheduler.Rd:496): Warning: <h5> anchor "Usage" already defined
Scheduler.html:506:1 (Scheduler.Rd:500): Warning: <h5> anchor "Returns" already defined
Scheduler.html:513:1 (Scheduler.Rd:503): Warning: <h5> anchor "Examples" already defined
Scheduler.html:541:1 (Scheduler.Rd:526): Warning: <h5> anchor "Usage" already defined
Scheduler.html:547:1 (Scheduler.Rd:530): Warning: <h5> anchor "Returns" already defined
Scheduler.html:554:1 (Scheduler.Rd:533): Warning: <h5> anchor "Examples" already defined
Scheduler.html:582:1 (Scheduler.Rd:556): Warning: <h5> anchor "Usage" already defined
Scheduler.html:588:1 (Scheduler.Rd:560): Warning: <h5> anchor "Arguments" already defined
Scheduler.html:601:1 (Scheduler.Rd:567): Warning: <h5> anchor "Returns" already defined
Scheduler.html:608:1 (Scheduler.Rd:570): Warning: <h5> anchor "Examples" already defined
Scheduler.html:632:1 (Scheduler.Rd:589): Warning: <h5> anchor "Usage" already defined
Scheduler.html:638:1 (Scheduler.Rd:593): Warning: <h5> anchor "Returns" already defined
Scheduler.html:645:1 (Scheduler.Rd:596): Warning: <h5> anchor "Examples" already defined
Scheduler.html:670:1 (Scheduler.Rd:616): Warning: <h5> anchor "Usage" already defined
Scheduler.html:676:1 (Scheduler.Rd:620): Warning: <h5> anchor "Arguments" already defined
URL.html:136:1 (URL.Rd:151): Warning: <h5> anchor "Usage" already defined
URL.html:142:1 (URL.Rd:155): Warning: <h5> anchor "Returns" already defined
URL.html:149:1 (URL.Rd:158): Warning: <h5> anchor "Examples" already defined
URL.html:173:1 (URL.Rd:177): Warning: <h5> anchor "Usage" already defined
URL.html:179:1 (URL.Rd:181): Warning: <h5> anchor "Arguments" already defined
URL.html:192:1 (URL.Rd:188): Warning: <h5> anchor "Returns" already defined
URL.html:199:1 (URL.Rd:191): Warning: <h5> anchor "Examples" already defined
URL.html:225:1 (URL.Rd:212): Warning: <h5> anchor "Usage" already defined
URL.html:231:1 (URL.Rd:216): Warning: <h5> anchor "Arguments" already defined
URL.html:246:1 (URL.Rd:225): Warning: <h5> anchor "Returns" already defined
URL.html:253:1 (URL.Rd:228): Warning: <h5> anchor "Examples" already defined
URL.html:279:1 (URL.Rd:249): Warning: <h5> anchor "Usage" already defined
URL.html:285:1 (URL.Rd:253): Warning: <h5> anchor "Returns" already defined
URL.html:292:1 (URL.Rd:256): Warning: <h5> anchor "Examples" already defined
URL.html:315:1 (URL.Rd:274): Warning: <h5> anchor "Usage" already defined
URL.html:321:1 (URL.Rd:278): Warning: <h5> anchor "Arguments" already defined
URL.html:334:1 (URL.Rd:285): Warning: <h5> anchor "Returns" already defined
URL.html:341:1 (URL.Rd:288): Warning: <h5> anchor "Examples" already defined
URL.html:364:1 (URL.Rd:306): Warning: <h5> anchor "Usage" already defined
URL.html:370:1 (URL.Rd:310): Warning: <h5> anchor "Arguments" already defined
Flavor: r-devel-linux-x86_64-debian-gcc