Last updated on 2025-02-21 09:50:59 CET.
Flavor | Version | Tinstall | Tcheck | Ttotal | Status | Flags |
---|---|---|---|---|---|---|
r-devel-linux-x86_64-debian-clang | 1.0.4 | 22.67 | 97.60 | 120.27 | NOTE | |
r-devel-linux-x86_64-debian-gcc | 1.0.4 | 17.05 | 70.19 | 87.24 | NOTE | |
r-devel-linux-x86_64-fedora-clang | 1.0.4 | 202.52 | NOTE | |||
r-devel-linux-x86_64-fedora-gcc | 1.0.4 | 194.54 | NOTE | |||
r-devel-macos-arm64 | 1.0.4 | 58.00 | NOTE | |||
r-devel-macos-x86_64 | 1.0.4 | 121.00 | NOTE | |||
r-devel-windows-x86_64 | 1.0.4 | 25.00 | 153.00 | 178.00 | NOTE | |
r-patched-linux-x86_64 | 1.0.4 | 24.19 | 93.74 | 117.93 | NOTE | |
r-release-linux-x86_64 | 1.0.4 | 24.26 | 92.20 | 116.46 | NOTE | |
r-release-macos-arm64 | 1.0.4 | 62.00 | NOTE | |||
r-release-macos-x86_64 | 1.0.4 | 103.00 | NOTE | |||
r-release-windows-x86_64 | 1.0.4 | 26.00 | 149.00 | 175.00 | NOTE | |
r-oldrel-macos-arm64 | 1.0.4 | 82.00 | NOTE | |||
r-oldrel-macos-x86_64 | 1.0.4 | 132.00 | NOTE | |||
r-oldrel-windows-x86_64 | 1.0.4 | 32.00 | 185.00 | 217.00 | NOTE |
Version: 1.0.4
Check: C++ specification
Result: NOTE
Specified C++11: please drop specification unless essential
Flavors: r-devel-linux-x86_64-debian-clang, r-devel-linux-x86_64-debian-gcc, r-devel-linux-x86_64-fedora-clang, r-devel-linux-x86_64-fedora-gcc, r-devel-macos-arm64, r-devel-macos-x86_64, r-devel-windows-x86_64, r-patched-linux-x86_64, r-release-linux-x86_64, r-release-macos-arm64, r-release-macos-x86_64, r-release-windows-x86_64, r-oldrel-macos-arm64, r-oldrel-macos-x86_64, r-oldrel-windows-x86_64