CRAN Package Check Results for Package scINSIGHT

Last updated on 2025-10-21 09:48:46 CEST.

Flavor Version Tinstall Tcheck Ttotal Status Flags
r-devel-linux-x86_64-debian-clang 0.1.4 48.70 33.62 82.32 WARN
r-devel-linux-x86_64-debian-gcc 0.1.5 33.32 27.70 61.02 OK
r-devel-linux-x86_64-fedora-clang 0.1.5 135.10 OK
r-devel-linux-x86_64-fedora-gcc 0.1.5 138.36 OK
r-devel-windows-x86_64 0.1.4 51.00 65.00 116.00 NOTE
r-patched-linux-x86_64 0.1.4 45.55 32.51 78.06 NOTE
r-release-linux-x86_64 0.1.4 46.40 32.14 78.54 NOTE
r-release-macos-arm64 0.1.5 41.00 OK
r-release-macos-x86_64 0.1.5 58.00 OK
r-release-windows-x86_64 0.1.4 52.00 70.00 122.00 NOTE
r-oldrel-macos-arm64 0.1.5 44.00 OK
r-oldrel-macos-x86_64 0.1.5 61.00 OK
r-oldrel-windows-x86_64 0.1.4 62.00 84.00 146.00 NOTE

Check Details

Version: 0.1.4
Check: whether package can be installed
Result: WARN Found the following significant warnings: /home/hornik/tmp/R.check/r-devel-clang/Work/build/Packages/RcppArmadillo/include/RcppArmadillo/version/arma.h:66:17: warning: Using fallback compilation with Armadillo 14.6.3. Please consider defining -DARMA_USE_CURRENT and also removing C++11 compilation directive. See GitHub issue #475 for more. [-W#pragma-messages] See ‘/home/hornik/tmp/R.check/r-devel-clang/Work/PKGS/scINSIGHT.Rcheck/00install.out’ for details. * used C++ compiler: ‘Debian clang version 19.1.7 (7)’ Flavor: r-devel-linux-x86_64-debian-clang

Version: 0.1.4
Check: C++ specification
Result: NOTE Specified C++11: please drop specification unless essential Flavors: r-devel-linux-x86_64-debian-clang, r-devel-windows-x86_64, r-patched-linux-x86_64, r-release-linux-x86_64, r-release-windows-x86_64, r-oldrel-windows-x86_64