Last updated on 2025-10-21 09:48:46 CEST.
Flavor | Version | Tinstall | Tcheck | Ttotal | Status | Flags |
---|---|---|---|---|---|---|
r-devel-linux-x86_64-debian-clang | 1.5.4 | 6.07 | 104.99 | 111.06 | OK | |
r-devel-linux-x86_64-debian-gcc | 1.5.4 | 4.65 | 76.25 | 80.90 | NOTE | |
r-devel-linux-x86_64-fedora-clang | 1.5.4 | 173.96 | OK | |||
r-devel-linux-x86_64-fedora-gcc | 1.5.4 | 181.87 | OK | |||
r-devel-windows-x86_64 | 1.5.4 | 8.00 | 111.00 | 119.00 | OK | |
r-patched-linux-x86_64 | 1.5.4 | 7.19 | 101.36 | 108.55 | OK | |
r-release-linux-x86_64 | 1.5.4 | 6.49 | 100.91 | 107.40 | OK | |
r-release-macos-arm64 | 1.5.4 | 52.00 | OK | |||
r-release-macos-x86_64 | 1.5.4 | 99.00 | OK | |||
r-release-windows-x86_64 | 1.5.4 | 10.00 | 112.00 | 122.00 | OK | |
r-oldrel-macos-arm64 | 1.5.4 | 55.00 | OK | |||
r-oldrel-macos-x86_64 | 1.5.4 | 89.00 | OK | |||
r-oldrel-windows-x86_64 | 1.5.4 | 11.00 | 137.00 | 148.00 | OK |
Version: 1.5.4
Check: HTML version of manual
Result: NOTE
Found the following HTML validation problems:
embed_cat_prop_plot.html:84:1 (embed_cat_prop_plot.Rd:33): Warning: missing </ul> before </div>
embed_cat_table.html:69:1 (embed_cat_table.Rd:24): Warning: missing </ul> before </div>
embed_chr_table_html.html:59:1 (embed_chr_table_html.Rd:16): Warning: missing </ul> before </div>
make_link.list.html:115:1 (make_link.list.Rd:62): Warning: missing </ul> before </div>
Flavor: r-devel-linux-x86_64-debian-gcc