CRAN Package Check Results for Package sanon

Last updated on 2025-10-21 09:48:46 CEST.

Flavor Version Tinstall Tcheck Ttotal Status Flags
r-devel-linux-x86_64-debian-clang 1.6 2.73 27.42 30.15 NOTE
r-devel-linux-x86_64-debian-gcc 1.6 2.05 21.23 23.28 NOTE
r-devel-linux-x86_64-fedora-clang 1.6 45.40 OK
r-devel-linux-x86_64-fedora-gcc 1.6 45.32 OK
r-devel-windows-x86_64 1.6 3.00 44.00 47.00 OK
r-patched-linux-x86_64 1.6 3.01 26.66 29.67 OK
r-release-linux-x86_64 1.6 2.68 27.16 29.84 OK
r-release-macos-arm64 1.6 19.00 OK
r-release-macos-x86_64 1.6 29.00 OK
r-release-windows-x86_64 1.6 5.00 50.00 55.00 OK
r-oldrel-macos-arm64 1.6 17.00 OK
r-oldrel-macos-x86_64 1.6 26.00 OK
r-oldrel-windows-x86_64 1.6 4.00 45.00 49.00 OK

Check Details

Version: 1.6
Check: CRAN incoming feasibility
Result: NOTE Maintainer: ‘Atsushi Kawaguchi <kawa_a24@yahoo.co.jp>’ No Authors@R field in DESCRIPTION. Please add one, modifying Authors@R: person(given = "Atsushi", family = "Kawaguchi", role = c("aut", "cre"), email = "kawa_a24@yahoo.co.jp") as necessary. Flavors: r-devel-linux-x86_64-debian-clang, r-devel-linux-x86_64-debian-gcc

Version: 1.6
Check: HTML version of manual
Result: NOTE Found the following HTML validation problems: covar.html:46:1 (covar.Rd:11): Warning: missing </ul> before </div> grp.html:50:1 (grp.Rd:13): Warning: missing </ul> before </div> strt.html:46:1 (strt.Rd:11): Warning: missing </ul> before </div> Flavor: r-devel-linux-x86_64-debian-gcc