Last updated on 2025-10-21 09:48:46 CEST.
Flavor | Version | Tinstall | Tcheck | Ttotal | Status | Flags |
---|---|---|---|---|---|---|
r-devel-linux-x86_64-debian-clang | 1.0.2 | 18.99 | 181.34 | 200.33 | OK | |
r-devel-linux-x86_64-debian-gcc | 1.0.2 | 12.45 | 122.66 | 135.11 | NOTE | |
r-devel-linux-x86_64-fedora-clang | 1.0.2 | 293.09 | OK | |||
r-devel-linux-x86_64-fedora-gcc | 1.0.2 | 301.70 | OK | |||
r-devel-windows-x86_64 | 1.0.2 | 22.00 | 226.00 | 248.00 | OK | |
r-patched-linux-x86_64 | 1.0.2 | 27.65 | 172.87 | 200.52 | OK | |
r-release-linux-x86_64 | 1.0.2 | 19.16 | 174.20 | 193.36 | OK | |
r-release-macos-arm64 | 1.0.2 | 96.00 | OK | |||
r-release-macos-x86_64 | 1.0.2 | 189.00 | OK | |||
r-release-windows-x86_64 | 1.0.2 | 24.00 | 258.00 | 282.00 | OK | |
r-oldrel-macos-arm64 | 1.0.2 | 101.00 | OK | |||
r-oldrel-macos-x86_64 | 1.0.2 | 147.00 | OK | |||
r-oldrel-windows-x86_64 | 1.0.2 | 30.00 | 313.00 | 343.00 | OK |
Version: 1.0.2
Check: HTML version of manual
Result: NOTE
Found the following HTML validation problems:
rforcecom.getServerTimestamp.html:52:1 (rforcecom.getServerTimestamp.Rd:16): Warning: missing </ul> before </div>
rforcecom.retrieve.html:100:1 (rforcecom.retrieve.Rd:48): Warning: missing </ul> before </div>
rforcecom.search.html:56:1 (rforcecom.search.Rd:18): Warning: missing </ul> before </div>
sf_report_folder_children.html:56:1 (sf_report_folder_children.Rd:16): Warning: missing </ul> before </div>
Flavor: r-devel-linux-x86_64-debian-gcc