Last updated on 2025-10-21 09:48:46 CEST.
Flavor | Version | Tinstall | Tcheck | Ttotal | Status | Flags |
---|---|---|---|---|---|---|
r-devel-linux-x86_64-debian-clang | 0.2.5 | 2.46 | 72.99 | 75.45 | OK | |
r-devel-linux-x86_64-debian-gcc | 0.2.5 | 2.17 | 53.77 | 55.94 | NOTE | |
r-devel-linux-x86_64-fedora-clang | 0.2.5 | 111.85 | OK | |||
r-devel-linux-x86_64-fedora-gcc | 0.2.5 | 125.10 | OK | |||
r-devel-windows-x86_64 | 0.2.5 | 4.00 | 98.00 | 102.00 | OK | |
r-patched-linux-x86_64 | 0.2.5 | 3.20 | 70.00 | 73.20 | OK | |
r-release-linux-x86_64 | 0.2.5 | 2.82 | 70.69 | 73.51 | OK | |
r-release-macos-arm64 | 0.2.5 | 46.00 | OK | |||
r-release-macos-x86_64 | 0.2.5 | 80.00 | OK | |||
r-release-windows-x86_64 | 0.2.5 | 4.00 | 101.00 | 105.00 | OK | |
r-oldrel-macos-arm64 | 0.2.5 | 39.00 | OK | |||
r-oldrel-macos-x86_64 | 0.2.5 | 110.00 | OK | |||
r-oldrel-windows-x86_64 | 0.2.5 | 5.00 | 117.00 | 122.00 | OK |
Version: 0.2.5
Check: HTML version of manual
Result: NOTE
Found the following HTML validation problems:
NEWS.html:115:47 (NEWS.Rd:61): Warning: missing </p> before <a>
NEWS.html:115:5 (NEWS.Rd:61): Warning: missing </a> before <a>
NEWS.html:115:129 (NEWS.Rd:61): Warning: inserting implicit <p>
NEWS.html:115:133 (NEWS.Rd:61): Warning: discarding unexpected </a>
NEWS.html:116:47 (NEWS.Rd:61): Warning: missing </p> before <a>
NEWS.html:116:5 (NEWS.Rd:61): Warning: missing </a> before <a>
NEWS.html:116:129 (NEWS.Rd:61): Warning: inserting implicit <p>
NEWS.html:116:133 (NEWS.Rd:61): Warning: discarding unexpected </a>
NEWS.html:117:47 (NEWS.Rd:61): Warning: missing </p> before <a>
NEWS.html:117:5 (NEWS.Rd:61): Warning: missing </a> before <a>
NEWS.html:117:129 (NEWS.Rd:61): Warning: inserting implicit <p>
NEWS.html:117:133 (NEWS.Rd:61): Warning: discarding unexpected </a>
NEWS.html:118:47 (NEWS.Rd:61): Warning: missing </p> before <a>
NEWS.html:118:5 (NEWS.Rd:61): Warning: missing </a> before <a>
NEWS.html:118:129 (NEWS.Rd:61): Warning: inserting implicit <p>
NEWS.html:118:133 (NEWS.Rd:61): Warning: discarding unexpected </a>
NEWS.html:119:47 (NEWS.Rd:61): Warning: missing </p> before <a>
NEWS.html:119:5 (NEWS.Rd:61): Warning: missing </a> before <a>
NEWS.html:119:129 (NEWS.Rd:61): Warning: inserting implicit <p>
NEWS.html:119:133 (NEWS.Rd:61): Warning: discarding unexpected </a>
NEWS.html:120:47 (NEWS.Rd:61): Warning: missing </p> before <a>
NEWS.html:120:5 (NEWS.Rd:61): Warning: missing </a> before <a>
NEWS.html:120:129 (NEWS.Rd:61): Warning: inserting implicit <p>
NEWS.html:120:133 (NEWS.Rd:61): Warning: discarding unexpected </a>
NEWS.html:121:55 (NEWS.Rd:61): Warning: missing </p> before <a>
NEWS.html:121:5 (NEWS.Rd:61): Warning: missing </a> before <a>
NEWS.html:121:145 (NEWS.Rd:61): Warning: inserting implicit <p>
NEWS.html:121:149 (NEWS.Rd:61): Warning: discarding unexpected </a>
NEWS.html:115:47 (NEWS.Rd:61): Warning: trimming empty <p>
NEWS.html:115:129 (NEWS.Rd:61): Warning: trimming empty <p>
NEWS.html:116:47 (NEWS.Rd:61): Warning: trimming empty <p>
NEWS.html:116:129 (NEWS.Rd:61): Warning: trimming empty <p>
NEWS.html:117:47 (NEWS.Rd:61): Warning: trimming empty <p>
NEWS.html:117:129 (NEWS.Rd:61): Warning: trimming empty <p>
NEWS.html:118:47 (NEWS.Rd:61): Warning: trimming empty <p>
NEWS.html:118:129 (NEWS.Rd:61): Warning: trimming empty <p>
NEWS.html:119:47 (NEWS.Rd:61): Warning: trimming empty <p>
NEWS.html:119:129 (NEWS.Rd:61): Warning: trimming empty <p>
NEWS.html:120:47 (NEWS.Rd:61): Warning: trimming empty <p>
NEWS.html:120:129 (NEWS.Rd:61): Warning: trimming empty <p>
NEWS.html:121:55 (NEWS.Rd:61): Warning: trimming empty <p>
NEWS.html:121:145 (NEWS.Rd:61): Warning: trimming empty <p>
Flavor: r-devel-linux-x86_64-debian-gcc