CRAN Package Check Results for Package rstudioapi

Last updated on 2025-10-21 09:48:45 CEST.

Flavor Version Tinstall Tcheck Ttotal Status Flags
r-devel-linux-x86_64-debian-clang 0.17.1 2.85 46.86 49.71 OK
r-devel-linux-x86_64-debian-gcc 0.17.1 1.90 36.48 38.38 NOTE
r-devel-linux-x86_64-fedora-clang 0.17.1 74.40 OK
r-devel-linux-x86_64-fedora-gcc 0.17.1 86.03 OK
r-devel-windows-x86_64 0.17.1 6.00 84.00 90.00 OK
r-patched-linux-x86_64 0.17.1 4.31 45.64 49.95 OK
r-release-linux-x86_64 0.17.1 2.87 45.10 47.97 OK
r-release-macos-arm64 0.17.1 37.00 ERROR
r-release-macos-x86_64 0.17.1 64.00 OK
r-release-windows-x86_64 0.17.1 8.00 86.00 94.00 OK
r-oldrel-macos-arm64 0.17.1 36.00 OK
r-oldrel-macos-x86_64 0.17.1 113.00 OK
r-oldrel-windows-x86_64 0.17.1 6.00 92.00 98.00 OK

Check Details

Version: 0.17.1
Check: HTML version of manual
Result: NOTE Found the following HTML validation problems: createProjectTemplate.html:101:1 (createProjectTemplate.Rd:47): Warning: missing </ul> before </div> document_position.html:59:1 (document_position.Rd:20): Warning: missing </ul> before </div> filesPaneNavigate.html:47:1 (filesPaneNavigate.Rd:10): Warning: missing </ul> before </div> primary_selection.html:53:1 (primary_selection.Rd:12): Warning: missing </ul> before </div> selections.html:54:1 (selections.Rd:17): Warning: missing </ul> before </div> setGhostText.html:49:1 (setGhostText.Rd:10): Warning: missing </ul> before </div> Flavor: r-devel-linux-x86_64-debian-gcc

Version: 0.17.1
Check: re-building of vignette outputs
Result: ERROR Error(s) in re-building vignettes: --- re-building ‘dialogs.Rmd’ using rmarkdown --- finished re-building ‘dialogs.Rmd’ --- re-building ‘document-manipulation.Rmd’ using rmarkdown --- finished re-building ‘document-manipulation.Rmd’ --- re-building ‘introduction.Rmd’ using rmarkdown --- finished re-building ‘introduction.Rmd’ --- re-building ‘projects.Rmd’ using rmarkdown --- finished re-building ‘projects.Rmd’ --- re-building ‘r-session.Rmd’ using rmarkdown --- finished re-building ‘r-session.Rmd’ Error in loadVignetteBuilder(pkgdir) : vignette builder 'knitr' not found Calls: <Anonymous> -> loadVignetteBuilder Execution halted Error in loadVignetteBuilder(pkgdir) : vignette builder 'knitr' not found Calls: <Anonymous> -> loadVignetteBuilder Execution halted SUMMARY: processing the following files failed: ‘terminal.Rmd’ ‘visual-mode.Rmd’ Error: Vignette re-building failed. Execution halted Flavor: r-release-macos-arm64