Last updated on 2025-10-21 09:48:45 CEST.
Flavor | Version | Tinstall | Tcheck | Ttotal | Status | Flags |
---|---|---|---|---|---|---|
r-devel-linux-x86_64-debian-clang | 0.5.3 | 141.75 | 126.34 | 268.09 | OK | |
r-devel-linux-x86_64-debian-gcc | 0.5.3 | 88.72 | 93.98 | 182.70 | NOTE | |
r-devel-linux-x86_64-fedora-clang | 0.5.3 | 486.61 | NOTE | |||
r-devel-linux-x86_64-fedora-gcc | 0.5.3 | 448.82 | NOTE | |||
r-devel-windows-x86_64 | 0.5.3 | 172.00 | 147.00 | 319.00 | OK | |
r-patched-linux-x86_64 | 0.5.3 | 144.17 | 120.49 | 264.66 | OK | |
r-release-linux-x86_64 | 0.5.3 | 145.16 | 119.22 | 264.38 | OK | |
r-release-macos-arm64 | 0.5.3 | 123.00 | OK | |||
r-release-macos-x86_64 | 0.5.3 | 181.00 | OK | |||
r-release-windows-x86_64 | 0.5.3 | 176.00 | 146.00 | 322.00 | OK | |
r-oldrel-macos-arm64 | 0.5.3 | 107.00 | NOTE | |||
r-oldrel-macos-x86_64 | 0.5.3 | 229.00 | NOTE | |||
r-oldrel-windows-x86_64 | 0.5.3 | 203.00 | 190.00 | 393.00 | OK |
Version: 0.5.3
Check: HTML version of manual
Result: NOTE
Found the following HTML validation problems:
FTRL.html:118:1 (FTRL.Rd:85): Warning: <h5> anchor "Usage" already defined
FTRL.html:124:1 (FTRL.Rd:89): Warning: <h5> anchor "Arguments" already defined
FTRL.html:156:1 (FTRL.Rd:111): Warning: <h5> anchor "Usage" already defined
FTRL.html:162:1 (FTRL.Rd:115): Warning: <h5> anchor "Arguments" already defined
FTRL.html:196:1 (FTRL.Rd:139): Warning: <h5> anchor "Usage" already defined
FTRL.html:202:1 (FTRL.Rd:143): Warning: <h5> anchor "Arguments" already defined
FTRL.html:227:1 (FTRL.Rd:158): Warning: <h5> anchor "Usage" already defined
FTRL.html:243:1 (FTRL.Rd:168): Warning: <h5> anchor "Usage" already defined
FTRL.html:249:1 (FTRL.Rd:172): Warning: <h5> anchor "Arguments" already defined
FactorizationMachine.html:112:1 (FactorizationMachine.Rd:79): Warning: <h5> anchor "Usage" already defined
FactorizationMachine.html:118:1 (FactorizationMachine.Rd:83): Warning: <h5> anchor "Arguments" already defined
FactorizationMachine.html:150:1 (FactorizationMachine.Rd:105): Warning: <h5> anchor "Usage" already defined
FactorizationMachine.html:156:1 (FactorizationMachine.Rd:109): Warning: <h5> anchor "Arguments" already defined
FactorizationMachine.html:190:1 (FactorizationMachine.Rd:133): Warning: <h5> anchor "Usage" already defined
FactorizationMachine.html:196:1 (FactorizationMachine.Rd:137): Warning: <h5> anchor "Arguments" already defined
FactorizationMachine.html:221:1 (FactorizationMachine.Rd:152): Warning: <h5> anchor "Usage" already defined
FactorizationMachine.html:227:1 (FactorizationMachine.Rd:156): Warning: <h5> anchor "Arguments" already defined
GloVe.html:135:1 (GloVe.Rd:92): Warning: <h5> anchor "Usage" already defined
GloVe.html:147:1 (GloVe.Rd:102): Warning: <h5> anchor "Arguments" already defined
GloVe.html:181:1 (GloVe.Rd:126): Warning: <h5> anchor "Usage" already defined
GloVe.html:197:1 (GloVe.Rd:136): Warning: <h5> anchor "Usage" already defined
GloVe.html:203:1 (GloVe.Rd:140): Warning: <h5> anchor "Arguments" already defined
LinearFlow.html:141:1 (LinearFlow.Rd:98): Warning: <h5> anchor "Usage" already defined
LinearFlow.html:147:1 (LinearFlow.Rd:102): Warning: <h5> anchor "Arguments" already defined
LinearFlow.html:172:1 (LinearFlow.Rd:117): Warning: <h5> anchor "Usage" already defined
LinearFlow.html:178:1 (LinearFlow.Rd:121): Warning: <h5> anchor "Arguments" already defined
LinearFlow.html:203:1 (LinearFlow.Rd:136): Warning: <h5> anchor "Usage" already defined
LinearFlow.html:217:1 (LinearFlow.Rd:148): Warning: <h5> anchor "Arguments" already defined
LinearFlow.html:259:1 (LinearFlow.Rd:180): Warning: <h5> anchor "Usage" already defined
LinearFlow.html:265:1 (LinearFlow.Rd:184): Warning: <h5> anchor "Arguments" already defined
MatrixFactorizationRecommender.html:141:1 (MatrixFactorizationRecommender.Rd:80): Warning: missing </ul> before </div>
MatrixFactorizationRecommender.html:118:1 (MatrixFactorizationRecommender.Rd:69): Warning: <h5> anchor "Usage" already defined
MatrixFactorizationRecommender.html:124:1 (MatrixFactorizationRecommender.Rd:73): Warning: <h5> anchor "Arguments" already defined
PureSVD.html:125:1 (PureSVD.Rd:87): Warning: <h5> anchor "Usage" already defined
PureSVD.html:131:1 (PureSVD.Rd:91): Warning: <h5> anchor "Arguments" already defined
PureSVD.html:163:1 (PureSVD.Rd:113): Warning: <h5> anchor "Usage" already defined
PureSVD.html:169:1 (PureSVD.Rd:117): Warning: <h5> anchor "Arguments" already defined
PureSVD.html:194:1 (PureSVD.Rd:132): Warning: <h5> anchor "Usage" already defined
PureSVD.html:200:1 (PureSVD.Rd:136): Warning: <h5> anchor "Arguments" already defined
ScaleNormalize.html:112:1 (ScaleNormalize.Rd:60): Warning: <h5> anchor "Usage" already defined
ScaleNormalize.html:118:1 (ScaleNormalize.Rd:64): Warning: <h5> anchor "Arguments" already defined
ScaleNormalize.html:141:1 (ScaleNormalize.Rd:77): Warning: <h5> anchor "Usage" already defined
ScaleNormalize.html:147:1 (ScaleNormalize.Rd:81): Warning: <h5> anchor "Arguments" already defined
ScaleNormalize.html:170:1 (ScaleNormalize.Rd:94): Warning: <h5> anchor "Usage" already defined
ScaleNormalize.html:176:1 (ScaleNormalize.Rd:98): Warning: <h5> anchor "Arguments" already defined
ScaleNormalize.html:199:1 (ScaleNormalize.Rd:111): Warning: <h5> anchor "Usage" already defined
ScaleNormalize.html:205:1 (ScaleNormalize.Rd:115): Warning: <h5> anchor "Arguments" already defined
WRMF.html:158:1 (WRMF.Rd:136): Warning: <h5> anchor "Usage" already defined
WRMF.html:169:1 (WRMF.Rd:145): Warning: <h5> anchor "Arguments" already defined
WRMF.html:198:1 (WRMF.Rd:164): Warning: <h5> anchor "Usage" already defined
WRMF.html:204:1 (WRMF.Rd:168): Warning: <h5> anchor "Arguments" already defined
WRMF.html:229:1 (WRMF.Rd:183): Warning: <h5> anchor "Usage" already defined
WRMF.html:235:1 (WRMF.Rd:187): Warning: <h5> anchor "Arguments" already defined
train_test_split.html:54:1 (train_test_split.Rd:12): Warning: missing </ul> before </div>
Flavor: r-devel-linux-x86_64-debian-gcc
Version: 0.5.3
Check: dependencies in R code
Result: NOTE
Namespace in Imports field not imported from: ‘MatrixExtra’
All declared Imports should be used.
Flavors: r-devel-linux-x86_64-fedora-clang, r-devel-linux-x86_64-fedora-gcc
Version: 0.5.3
Check: installed package size
Result: NOTE
installed size is 10.2Mb
sub-directories of 1Mb or more:
libs 9.5Mb
Flavors: r-oldrel-macos-arm64, r-oldrel-macos-x86_64