Last updated on 2025-10-21 09:48:45 CEST.
Flavor | Version | Tinstall | Tcheck | Ttotal | Status | Flags |
---|---|---|---|---|---|---|
r-devel-linux-x86_64-debian-clang | 0.1.1 | 8.09 | 66.99 | 75.08 | OK | |
r-devel-linux-x86_64-debian-gcc | 0.1.1 | 6.03 | 48.30 | 54.33 | NOTE | |
r-devel-linux-x86_64-fedora-clang | 0.1.1 | 117.00 | OK | |||
r-devel-linux-x86_64-fedora-gcc | 0.1.1 | 109.98 | OK | |||
r-devel-windows-x86_64 | 0.1.1 | 10.00 | 71.00 | 81.00 | OK | |
r-patched-linux-x86_64 | 0.1.1 | 8.16 | 61.38 | 69.54 | OK | |
r-release-linux-x86_64 | 0.1.1 | 6.63 | 61.75 | 68.38 | OK | |
r-release-macos-arm64 | 0.1.1 | 31.00 | OK | |||
r-release-macos-x86_64 | 0.1.1 | 58.00 | OK | |||
r-release-windows-x86_64 | 0.1.1 | 10.00 | 74.00 | 84.00 | OK | |
r-oldrel-macos-arm64 | 0.1.1 | 35.00 | OK | |||
r-oldrel-macos-x86_64 | 0.1.1 | 47.00 | OK | |||
r-oldrel-windows-x86_64 | 0.1.1 | 14.00 | 88.00 | 102.00 | OK |
Version: 0.1.1
Check: HTML version of manual
Result: NOTE
Found the following HTML validation problems:
query_fb_marketing_api.html:109:1 (query_fb_marketing_api.Rd:69): Warning: <h4> anchor "----------" already defined
query_fb_marketing_api.html:120:1 (query_fb_marketing_api.Rd:75): Warning: <h4> anchor "----------" already defined
query_fb_marketing_api.html:135:1 (query_fb_marketing_api.Rd:83): Warning: <h4> anchor "----------" already defined
query_fb_marketing_api.html:206:1 (query_fb_marketing_api.Rd:118): Warning: <h4> anchor "----------" already defined
query_fb_marketing_api.html:265:1 (query_fb_marketing_api.Rd:148): Warning: <h4> anchor "----------" already defined
query_fb_marketing_api.html:304:1 (query_fb_marketing_api.Rd:167): Warning: <h4> anchor "----------" already defined
query_fb_marketing_api.html:315:1 (query_fb_marketing_api.Rd:173): Warning: <h4> anchor "----------" already defined
query_fb_marketing_api.html:334:1 (query_fb_marketing_api.Rd:183): Warning: <h4> anchor "----------" already defined
query_fb_marketing_api.html:353:1 (query_fb_marketing_api.Rd:193): Warning: <h4> anchor "----------" already defined
Flavor: r-devel-linux-x86_64-debian-gcc