Last updated on 2025-10-21 09:48:45 CEST.
Flavor | Version | Tinstall | Tcheck | Ttotal | Status | Flags |
---|---|---|---|---|---|---|
r-devel-linux-x86_64-debian-clang | 1.5.1 | 9.49 | 109.64 | 119.13 | OK | |
r-devel-linux-x86_64-debian-gcc | 1.5.1 | 6.06 | 77.49 | 83.55 | NOTE | |
r-devel-linux-x86_64-fedora-clang | 1.5.1 | 186.32 | OK | |||
r-devel-linux-x86_64-fedora-gcc | 1.5.1 | 189.70 | OK | |||
r-devel-windows-x86_64 | 1.5.1 | 11.00 | 109.00 | 120.00 | OK | |
r-patched-linux-x86_64 | 1.5.1 | 9.39 | 105.20 | 114.59 | OK | |
r-release-linux-x86_64 | 1.5.1 | 7.21 | 104.87 | 112.08 | OK | |
r-release-macos-arm64 | 1.5.1 | 76.00 | OK | |||
r-release-macos-x86_64 | 1.5.1 | 117.00 | OK | |||
r-release-windows-x86_64 | 1.5.1 | 12.00 | 108.00 | 120.00 | OK | |
r-oldrel-macos-arm64 | 1.5.1 | 63.00 | OK | |||
r-oldrel-macos-x86_64 | 1.5.1 | 115.00 | OK | |||
r-oldrel-windows-x86_64 | 1.5.1 | 13.00 | 131.00 | 144.00 | OK |
Version: 1.5.1
Check: HTML version of manual
Result: NOTE
Found the following HTML validation problems:
addConnectServer.html:62:1 (addConnectServer.Rd:18): Warning: missing </ul> before </div>
authorizedUsers.html:47:1 (authorizedUsers.Rd:11): Warning: missing </ul> before </div>
connectSPCSUser.html:69:1 (connectSPCSUser.Rd:23): Warning: missing </ul> before </div>
lint.html:57:1 (lint.Rd:16): Warning: missing </ul> before </div>
makeLinterMessage.html:55:1 (makeLinterMessage.Rd:14): Warning: missing </ul> before </div>
showMetrics.html:103:1 (showMetrics.Rd:52): Warning: missing </ul> before </div>
syncAppMetadata.html:48:1 (syncAppMetadata.Rd:10): Warning: missing </ul> before </div>
writeManifest.html:173:1 (writeManifest.Rd:104): Warning: missing </ul> before </div>
Flavor: r-devel-linux-x86_64-debian-gcc