Last updated on 2025-10-21 09:48:45 CEST.
Flavor | Version | Tinstall | Tcheck | Ttotal | Status | Flags |
---|---|---|---|---|---|---|
r-devel-linux-x86_64-debian-clang | 0.3.0 | 14.69 | 133.78 | 148.47 | OK | |
r-devel-linux-x86_64-debian-gcc | 0.3.0 | 9.64 | 91.54 | 101.18 | NOTE | |
r-devel-linux-x86_64-fedora-clang | 0.3.0 | 227.13 | OK | |||
r-devel-linux-x86_64-fedora-gcc | 0.3.0 | 219.26 | OK | |||
r-devel-windows-x86_64 | 0.3.0 | 17.00 | 150.00 | 167.00 | OK | |
r-patched-linux-x86_64 | 0.3.0 | 14.70 | 119.98 | 134.68 | OK | |
r-release-linux-x86_64 | 0.3.0 | 13.80 | 120.40 | 134.20 | OK | |
r-release-macos-arm64 | 0.3.0 | 63.00 | OK | |||
r-release-macos-x86_64 | 0.3.0 | 110.00 | OK | |||
r-release-windows-x86_64 | 0.3.0 | 17.00 | 148.00 | 165.00 | OK | |
r-oldrel-macos-arm64 | 0.3.0 | 59.00 | OK | |||
r-oldrel-macos-x86_64 | 0.3.0 | 90.00 | OK | |||
r-oldrel-windows-x86_64 | 0.3.0 | 24.00 | 182.00 | 206.00 | OK |
Version: 0.3.0
Check: HTML version of manual
Result: NOTE
Found the following HTML validation problems:
HTMLcode2latex.html:46:1 (HTMLcode2latex.Rd:10): Warning: missing </ul> before </div>
Rcode2df.html:50:1 (Rcode2df.Rd:12): Warning: missing </ul> before </div>
Rcode2df2.html:50:1 (Rcode2df2.Rd:12): Warning: missing </ul> before </div>
add_anyplot.html:78:1 (add_anyplot.Rd:30): Warning: missing </ul> before </div>
add_self.html:50:1 (add_self.Rd:12): Warning: missing </ul> before </div>
add_text.html:83:1 (add_text.Rd:33): Warning: missing </ul> before </div>
add_text2hyperlink.html:50:1 (add_text2hyperlink.Rd:12): Warning: missing </ul> before </div>
add_title.html:66:1 (add_title.Rd:20): Warning: missing </ul> before </div>
chooser.html:78:1 (chooser.Rd:30): Warning: missing </ul> before </div>
chooser2.html:78:1 (chooser2.Rd:30): Warning: missing </ul> before </div>
chooser2UI.html:48:1 (chooser2UI.Rd:11): Warning: missing </ul> before </div>
chooserInput.html:83:1 (chooserInput.Rd:33): Warning: missing </ul> before </div>
chooserUI.html:46:1 (chooserUI.Rd:10): Warning: missing </ul> before </div>
data2docx2.html:46:1 (data2docx2.Rd:10): Warning: missing </ul> before </div>
data2office.html:123:1 (data2office.Rd:57): Warning: missing </ul> before </div>
data2pptx2.html:46:1 (data2pptx2.Rd:10): Warning: missing </ul> before </div>
df2flextable2.html:58:1 (df2flextable2.Rd:16): Warning: missing </ul> before </div>
exportCSV.html:63:1 (exportCSV.Rd:21): Warning: missing </ul> before </div>
file2HTML.html:54:1 (file2HTML.Rd:14): Warning: missing </ul> before </div>
file2docx.html:54:1 (file2docx.Rd:14): Warning: missing </ul> before </div>
file2docx2.html:54:1 (file2docx2.Rd:14): Warning: missing </ul> before </div>
file2pdf.html:54:1 (file2pdf.Rd:14): Warning: missing </ul> before </div>
file2plotzip.html:54:1 (file2plotzip.Rd:14): Warning: missing </ul> before </div>
file2pptx.html:54:1 (file2pptx.Rd:14): Warning: missing </ul> before </div>
file2pptx2.html:54:1 (file2pptx2.Rd:14): Warning: missing </ul> before </div>
html2latex.html:46:1 (html2latex.Rd:10): Warning: missing </ul> before </div>
insert_argument.html:54:1 (insert_argument.Rd:14): Warning: missing </ul> before </div>
is_ggsurvplot.html:46:1 (is_ggsurvplot.Rd:10): Warning: missing </ul> before </div>
myFlextable.html:50:1 (myFlextable.Rd:12): Warning: missing </ul> before </div>
mycat.html:50:1 (mycat.Rd:12): Warning: missing </ul> before </div>
mygrep.html:50:1 (mygrep.Rd:12): Warning: missing </ul> before </div>
myplot2.html:88:1 (myplot2.Rd:36): Warning: missing </ul> before </div>
open_doc.html:54:1 (open_doc.Rd:14): Warning: missing </ul> before </div>
pickerInput3.html:46:1 (pickerInput3.Rd:10): Warning: missing </ul> before </div>
plotPNG2.html:83:1 (plotPNG2.Rd:33): Warning: missing </ul> before </div>
pptxList.html:68:1 (pptxList.Rd:24): Warning: missing </ul> before </div>
readCSVComment.html:46:1 (readCSVComment.Rd:10): Warning: missing </ul> before </div>
readComment.html:50:1 (readComment.Rd:12): Warning: missing </ul> before </div>
replace_argument.html:54:1 (replace_argument.Rd:14): Warning: missing </ul> before </div>
table2office.html:103:1 (table2office.Rd:45): Warning: missing </ul> before </div>
unsink.html:46:1 (unsink.Rd:10): Warning: missing </ul> before </div>
writeCSVComment.html:58:1 (writeCSVComment.Rd:16): Warning: missing </ul> before </div>
ztable2.html:58:1 (ztable2.Rd:16): Warning: missing </ul> before </div>
Flavor: r-devel-linux-x86_64-debian-gcc