Last updated on 2025-10-21 09:48:45 CEST.
Flavor | Version | Tinstall | Tcheck | Ttotal | Status | Flags |
---|---|---|---|---|---|---|
r-devel-linux-x86_64-debian-clang | 1.0.0 | 7.68 | 54.37 | 62.05 | OK | |
r-devel-linux-x86_64-debian-gcc | 1.0.0 | 5.39 | 39.73 | 45.12 | NOTE | |
r-devel-linux-x86_64-fedora-clang | 1.0.0 | 90.71 | OK | |||
r-devel-linux-x86_64-fedora-gcc | 1.0.0 | 90.58 | OK | |||
r-devel-windows-x86_64 | 1.0.0 | 9.00 | 69.00 | 78.00 | OK | |
r-patched-linux-x86_64 | 1.0.0 | 7.38 | 50.82 | 58.20 | OK | |
r-release-linux-x86_64 | 1.0.0 | 7.57 | 50.64 | 58.21 | OK | |
r-release-macos-arm64 | 1.0.0 | 28.00 | ERROR | |||
r-release-macos-x86_64 | 1.0.0 | 54.00 | ERROR | |||
r-release-windows-x86_64 | 1.0.0 | 9.00 | 69.00 | 78.00 | OK | |
r-oldrel-macos-arm64 | 1.0.0 | 32.00 | ERROR | |||
r-oldrel-macos-x86_64 | 1.0.0 | 56.00 | ERROR | |||
r-oldrel-windows-x86_64 | 1.0.0 | 13.00 | 82.00 | 95.00 | OK |
Version: 1.0.0
Check: HTML version of manual
Result: NOTE
Found the following HTML validation problems:
AssetRoute.html:239:1 (AssetRoute.Rd:149): Warning: missing </ul> before </div>
AssetRoute.html:151:1 (AssetRoute.Rd:97): Warning: <h5> anchor "Usage" already defined
AssetRoute.html:157:1 (AssetRoute.Rd:101): Warning: <h5> anchor "Arguments" already defined
AssetRoute.html:183:1 (AssetRoute.Rd:117): Warning: <h5> anchor "Usage" already defined
AssetRoute.html:189:1 (AssetRoute.Rd:121): Warning: <h5> anchor "Arguments" already defined
AssetRoute.html:216:1 (AssetRoute.Rd:138): Warning: <h5> anchor "Usage" already defined
AssetRoute.html:222:1 (AssetRoute.Rd:142): Warning: <h5> anchor "Arguments" already defined
Route-class.html:199:1 (Route-class.Rd:136): Warning: <h5> anchor "Usage" already defined
Route-class.html:205:1 (Route-class.Rd:140): Warning: <h5> anchor "Arguments" already defined
Route-class.html:241:1 (Route-class.Rd:166): Warning: <h5> anchor "Usage" already defined
Route-class.html:247:1 (Route-class.Rd:170): Warning: <h5> anchor "Arguments" already defined
Route-class.html:283:1 (Route-class.Rd:196): Warning: <h5> anchor "Usage" already defined
Route-class.html:289:1 (Route-class.Rd:200): Warning: <h5> anchor "Arguments" already defined
Route-class.html:315:1 (Route-class.Rd:216): Warning: <h5> anchor "Usage" already defined
Route-class.html:321:1 (Route-class.Rd:220): Warning: <h5> anchor "Arguments" already defined
Route-class.html:350:1 (Route-class.Rd:239): Warning: <h5> anchor "Usage" already defined
Route-class.html:356:1 (Route-class.Rd:243): Warning: <h5> anchor "Arguments" already defined
Route-class.html:380:1 (Route-class.Rd:257): Warning: <h5> anchor "Usage" already defined
Route-class.html:386:1 (Route-class.Rd:261): Warning: <h5> anchor "Arguments" already defined
Route-class.html:414:1 (Route-class.Rd:279): Warning: <h5> anchor "Usage" already defined
Route-class.html:420:1 (Route-class.Rd:283): Warning: <h5> anchor "Arguments" already defined
Route-class.html:448:1 (Route-class.Rd:301): Warning: <h5> anchor "Usage" already defined
Route-class.html:454:1 (Route-class.Rd:305): Warning: <h5> anchor "Arguments" already defined
Route-class.html:481:1 (Route-class.Rd:322): Warning: <h5> anchor "Usage" already defined
Route-class.html:487:1 (Route-class.Rd:326): Warning: <h5> anchor "Arguments" already defined
RouteStack.html:200:1 (RouteStack.Rd:147): Warning: <h5> anchor "Usage" already defined
RouteStack.html:206:1 (RouteStack.Rd:151): Warning: <h5> anchor "Arguments" already defined
RouteStack.html:232:1 (RouteStack.Rd:167): Warning: <h5> anchor "Usage" already defined
RouteStack.html:238:1 (RouteStack.Rd:171): Warning: <h5> anchor "Arguments" already defined
RouteStack.html:268:1 (RouteStack.Rd:191): Warning: <h5> anchor "Usage" already defined
RouteStack.html:274:1 (RouteStack.Rd:195): Warning: <h5> anchor "Arguments" already defined
RouteStack.html:308:1 (RouteStack.Rd:219): Warning: <h5> anchor "Usage" already defined
RouteStack.html:314:1 (RouteStack.Rd:223): Warning: <h5> anchor "Arguments" already defined
RouteStack.html:337:1 (RouteStack.Rd:236): Warning: <h5> anchor "Usage" already defined
RouteStack.html:343:1 (RouteStack.Rd:240): Warning: <h5> anchor "Arguments" already defined
RouteStack.html:366:1 (RouteStack.Rd:253): Warning: <h5> anchor "Usage" already defined
RouteStack.html:372:1 (RouteStack.Rd:257): Warning: <h5> anchor "Arguments" already defined
RouteStack.html:398:1 (RouteStack.Rd:273): Warning: <h5> anchor "Usage" already defined
RouteStack.html:404:1 (RouteStack.Rd:277): Warning: <h5> anchor "Arguments" already defined
RouteStack.html:430:1 (RouteStack.Rd:293): Warning: <h5> anchor "Usage" already defined
RouteStack.html:436:1 (RouteStack.Rd:297): Warning: <h5> anchor "Arguments" already defined
RouteStack.html:464:1 (RouteStack.Rd:315): Warning: <h5> anchor "Usage" already defined
RouteStack.html:470:1 (RouteStack.Rd:319): Warning: <h5> anchor "Arguments" already defined
RouteStack.html:493:1 (RouteStack.Rd:332): Warning: <h5> anchor "Usage" already defined
RouteStack.html:499:1 (RouteStack.Rd:336): Warning: <h5> anchor "Arguments" already defined
Flavor: r-devel-linux-x86_64-debian-gcc
Version: 1.0.0
Check: tests
Result: ERROR
Running ‘testthat.R’ [3s/3s]
Running the tests in ‘tests/testthat.R’ failed.
Complete output:
> # This file is part of the standard setup for testthat.
> # It is recommended that you do not modify it.
> #
> # Where should you do additional test configuration?
> # Learn more about the roles of various files in:
> # * https://r-pkgs.org/testing-design.html#sec-tests-files-overview
> # * https://testthat.r-lib.org/articles/special-files.html
>
> library(testthat)
> library(routr)
>
> test_check("routr")
[ FAIL 2 | WARN 1 | SKIP 23 | PASS 237 ]
══ Skipped tests (23) ══════════════════════════════════════════════════════════
• On CRAN (23): 'test-asset_route.R:9:3', 'test-asset_route.R:17:3',
'test-asset_route.R:102:3', 'test-asset_route.R:112:3',
'test-openapi_route.R:2:3', 'test-redirector.R:134:3',
'test-redirector.R:149:3', 'test-report_route.R:3:3',
'test-report_route.R:74:3', 'test-report_route.R:94:3',
'test-resource_route.R:3:3', 'test-route.R:7:3', 'test-route.R:37:3',
'test-route.R:59:3', 'test-route.R:136:3', 'test-routestack.R:38:3',
'test-routestack.R:48:3', 'test-routestack.R:68:3',
'test-shared_secret_route.R:3:3', 'test-sizelimit_route.R:6:3',
'test-sizelimit_route.R:23:3', 'test-sizelimit_route.R:147:3',
'test-tidy_api.R:128:3'
══ Failed tests ════════════════════════════════════════════════════════════════
── Error ('test-report_route.R:54:3'): report_info detects file format correctly ──
Error in `find_quarto()`: Quarto command-line tools path not found!
Please make sure you have installed and added Quarto to your PATH or set the QUARTO_PATH environment variable.
Backtrace:
▆
1. └─routr::report_info(qmd_file) at test-report_route.R:54:3
2. └─routr:::quarto_info(file)
3. └─quarto::quarto_inspect(input)
4. └─quarto:::find_quarto()
5. └─cli::cli_abort(quarto_not_found_msg)
6. └─rlang::abort(...)
── Error ('test-report_route.R:116:3'): quarto_info extracts report information correctly ──
Error in `find_quarto()`: Quarto command-line tools path not found!
Please make sure you have installed and added Quarto to your PATH or set the QUARTO_PATH environment variable.
Backtrace:
▆
1. └─routr:::quarto_info(qmd_file) at test-report_route.R:116:3
2. └─quarto::quarto_inspect(input)
3. └─quarto:::find_quarto()
4. └─cli::cli_abort(quarto_not_found_msg)
5. └─rlang::abort(...)
[ FAIL 2 | WARN 1 | SKIP 23 | PASS 237 ]
Error: Test failures
Execution halted
Flavors: r-release-macos-arm64, r-oldrel-macos-arm64
Version: 1.0.0
Check: tests
Result: ERROR
Running ‘testthat.R’ [4s/5s]
Running the tests in ‘tests/testthat.R’ failed.
Complete output:
> # This file is part of the standard setup for testthat.
> # It is recommended that you do not modify it.
> #
> # Where should you do additional test configuration?
> # Learn more about the roles of various files in:
> # * https://r-pkgs.org/testing-design.html#sec-tests-files-overview
> # * https://testthat.r-lib.org/articles/special-files.html
>
> library(testthat)
> library(routr)
>
> test_check("routr")
[ FAIL 2 | WARN 1 | SKIP 23 | PASS 237 ]
══ Skipped tests (23) ══════════════════════════════════════════════════════════
• On CRAN (23): 'test-asset_route.R:9:3', 'test-asset_route.R:17:3',
'test-asset_route.R:102:3', 'test-asset_route.R:112:3',
'test-openapi_route.R:2:3', 'test-redirector.R:134:3',
'test-redirector.R:149:3', 'test-report_route.R:3:3',
'test-report_route.R:74:3', 'test-report_route.R:94:3',
'test-resource_route.R:3:3', 'test-route.R:7:3', 'test-route.R:37:3',
'test-route.R:59:3', 'test-route.R:136:3', 'test-routestack.R:38:3',
'test-routestack.R:48:3', 'test-routestack.R:68:3',
'test-shared_secret_route.R:3:3', 'test-sizelimit_route.R:6:3',
'test-sizelimit_route.R:23:3', 'test-sizelimit_route.R:147:3',
'test-tidy_api.R:128:3'
══ Failed tests ════════════════════════════════════════════════════════════════
── Error ('test-report_route.R:54:3'): report_info detects file format correctly ──
Error in `find_quarto()`: Quarto command-line tools path not found!
Please make sure you have installed and added Quarto to your PATH or set the QUARTO_PATH environment variable.
Backtrace:
▆
1. └─routr::report_info(qmd_file) at test-report_route.R:54:3
2. └─routr:::quarto_info(file)
3. └─quarto::quarto_inspect(input)
4. └─quarto:::find_quarto()
5. └─cli::cli_abort(quarto_not_found_msg)
6. └─rlang::abort(...)
── Error ('test-report_route.R:116:3'): quarto_info extracts report information correctly ──
Error in `find_quarto()`: Quarto command-line tools path not found!
Please make sure you have installed and added Quarto to your PATH or set the QUARTO_PATH environment variable.
Backtrace:
▆
1. └─routr:::quarto_info(qmd_file) at test-report_route.R:116:3
2. └─quarto::quarto_inspect(input)
3. └─quarto:::find_quarto()
4. └─cli::cli_abort(quarto_not_found_msg)
5. └─rlang::abort(...)
[ FAIL 2 | WARN 1 | SKIP 23 | PASS 237 ]
Error: Test failures
Execution halted
Flavor: r-release-macos-x86_64
Version: 1.0.0
Check: tests
Result: ERROR
Running ‘testthat.R’ [5s/6s]
Running the tests in ‘tests/testthat.R’ failed.
Complete output:
> # This file is part of the standard setup for testthat.
> # It is recommended that you do not modify it.
> #
> # Where should you do additional test configuration?
> # Learn more about the roles of various files in:
> # * https://r-pkgs.org/testing-design.html#sec-tests-files-overview
> # * https://testthat.r-lib.org/articles/special-files.html
>
> library(testthat)
> library(routr)
>
> test_check("routr")
[ FAIL 2 | WARN 1 | SKIP 23 | PASS 237 ]
══ Skipped tests (23) ══════════════════════════════════════════════════════════
• On CRAN (23): 'test-asset_route.R:9:3', 'test-asset_route.R:17:3',
'test-asset_route.R:102:3', 'test-asset_route.R:112:3',
'test-openapi_route.R:2:3', 'test-redirector.R:134:3',
'test-redirector.R:149:3', 'test-report_route.R:3:3',
'test-report_route.R:74:3', 'test-report_route.R:94:3',
'test-resource_route.R:3:3', 'test-route.R:7:3', 'test-route.R:37:3',
'test-route.R:59:3', 'test-route.R:136:3', 'test-routestack.R:38:3',
'test-routestack.R:48:3', 'test-routestack.R:68:3',
'test-shared_secret_route.R:3:3', 'test-sizelimit_route.R:6:3',
'test-sizelimit_route.R:23:3', 'test-sizelimit_route.R:147:3',
'test-tidy_api.R:128:3'
══ Failed tests ════════════════════════════════════════════════════════════════
── Error ('test-report_route.R:54:3'): report_info detects file format correctly ──
Error in `find_quarto()`: Quarto command-line tools path not found!
Please make sure you have installed and added Quarto to your PATH or set the QUARTO_PATH environment variable.
Backtrace:
▆
1. └─routr::report_info(qmd_file) at test-report_route.R:54:3
2. └─routr:::quarto_info(file)
3. └─quarto::quarto_inspect(input)
4. └─quarto:::find_quarto()
5. └─cli::cli_abort(quarto_not_found_msg)
6. └─rlang::abort(...)
── Error ('test-report_route.R:116:3'): quarto_info extracts report information correctly ──
Error in `find_quarto()`: Quarto command-line tools path not found!
Please make sure you have installed and added Quarto to your PATH or set the QUARTO_PATH environment variable.
Backtrace:
▆
1. └─routr:::quarto_info(qmd_file) at test-report_route.R:116:3
2. └─quarto::quarto_inspect(input)
3. └─quarto:::find_quarto()
4. └─cli::cli_abort(quarto_not_found_msg)
5. └─rlang::abort(...)
[ FAIL 2 | WARN 1 | SKIP 23 | PASS 237 ]
Error: Test failures
Execution halted
Flavor: r-oldrel-macos-x86_64