Last updated on 2025-10-21 09:48:45 CEST.
Flavor | Version | Tinstall | Tcheck | Ttotal | Status | Flags |
---|---|---|---|---|---|---|
r-devel-linux-x86_64-debian-clang | 2.5.2 | 16.09 | 367.04 | 383.13 | OK | |
r-devel-linux-x86_64-debian-gcc | 2.5.2 | 11.55 | 243.93 | 255.48 | NOTE | |
r-devel-linux-x86_64-fedora-clang | 2.5.2 | 598.20 | OK | |||
r-devel-linux-x86_64-fedora-gcc | 2.5.2 | 605.88 | OK | |||
r-devel-windows-x86_64 | 2.5.2 | 23.00 | 341.00 | 364.00 | OK | |
r-patched-linux-x86_64 | 2.5.2 | 20.97 | 347.22 | 368.19 | OK | |
r-release-linux-x86_64 | 2.5.2 | 18.66 | 349.98 | 368.64 | OK | |
r-release-macos-arm64 | 2.5.2 | 163.00 | OK | |||
r-release-macos-x86_64 | 2.5.2 | 322.00 | OK | |||
r-release-windows-x86_64 | 2.5.2 | 24.00 | 351.00 | 375.00 | OK | |
r-oldrel-macos-arm64 | 2.5.2 | 116.00 | NOTE | |||
r-oldrel-macos-x86_64 | 2.5.2 | 313.00 | NOTE | |||
r-oldrel-windows-x86_64 | 2.5.2 | 35.00 | 448.00 | 483.00 | NOTE |
Version: 2.5.2
Check: HTML version of manual
Result: NOTE
Found the following HTML validation problems:
apply_filter_dimension.html:50:1 (apply_filter_dimension.Rd:12): Warning: missing </ul> before </div>
apply_select_dimension.html:50:1 (apply_select_dimension.Rd:12): Warning: missing </ul> before </div>
apply_select_fact.html:50:1 (apply_select_fact.Rd:12): Warning: missing </ul> before </div>
group_facts.html:46:1 (group_facts.Rd:10): Warning: missing </ul> before </div>
remove_all_measures_na.html:50:1 (remove_all_measures_na.Rd:12): Warning: missing </ul> before </div>
remove_duplicate_dimension_rows.html:48:1 (remove_duplicate_dimension_rows.Rd:10): Warning: missing </ul> before </div>
Flavor: r-devel-linux-x86_64-debian-gcc
Version: 2.5.2
Check: installed package size
Result: NOTE
installed size is 17.5Mb
sub-directories of 1Mb or more:
doc 15.2Mb
Flavors: r-oldrel-macos-arm64, r-oldrel-macos-x86_64, r-oldrel-windows-x86_64