Last updated on 2025-07-12 09:49:29 CEST.
Flavor | Version | Tinstall | Tcheck | Ttotal | Status | Flags |
---|---|---|---|---|---|---|
r-devel-linux-x86_64-debian-clang | 0.2.6 | 4.89 | 26.99 | 31.88 | OK | |
r-devel-linux-x86_64-debian-gcc | 0.2.6 | 4.29 | 22.89 | 27.18 | OK | |
r-devel-linux-x86_64-fedora-clang | 0.2.6 | 49.00 | NOTE | |||
r-devel-linux-x86_64-fedora-gcc | 0.2.6 | 60.73 | NOTE | |||
r-devel-windows-x86_64 | 0.2.6 | 8.00 | 50.00 | 58.00 | OK | |
r-patched-linux-x86_64 | 0.2.6 | 4.37 | 24.85 | 29.22 | OK | |
r-release-linux-x86_64 | 0.2.6 | 4.38 | 24.76 | 29.14 | OK | |
r-release-macos-arm64 | 0.2.6 | 38.00 | OK | |||
r-release-macos-x86_64 | 0.2.6 | 56.00 | OK | |||
r-release-windows-x86_64 | 0.2.6 | 9.00 | 51.00 | 60.00 | OK | |
r-oldrel-macos-arm64 | 0.2.6 | 29.00 | OK | |||
r-oldrel-macos-x86_64 | 0.2.6 | 45.00 | OK | |||
r-oldrel-windows-x86_64 | 0.2.6 | 8.00 | 54.00 | 62.00 | OK |
Version: 0.2.6
Check: compiled code
Result: NOTE
File ‘rnetcarto/libs/rnetcarto.so’:
Found no calls to: ‘R_registerRoutines’, ‘R_useDynamicSymbols’
It is good practice to register native routines and to disable symbol
search.
See ‘Writing portable packages’ in the ‘Writing R Extensions’ manual.
Flavors: r-devel-linux-x86_64-fedora-clang, r-devel-linux-x86_64-fedora-gcc