Last updated on 2025-10-21 09:48:45 CEST.
Flavor | Version | Tinstall | Tcheck | Ttotal | Status | Flags |
---|---|---|---|---|---|---|
r-devel-linux-x86_64-debian-clang | 0.1.0 | 5.88 | 67.74 | 73.62 | NOTE | |
r-devel-linux-x86_64-debian-gcc | 0.1.0 | 4.55 | 49.65 | 54.20 | NOTE | |
r-devel-linux-x86_64-fedora-clang | 0.1.0 | 113.57 | NOTE | |||
r-devel-linux-x86_64-fedora-gcc | 0.1.0 | 128.85 | NOTE | |||
r-devel-windows-x86_64 | 0.1.0 | 9.00 | 79.00 | 88.00 | NOTE | |
r-patched-linux-x86_64 | 0.1.0 | 5.72 | 64.34 | 70.06 | NOTE | |
r-release-linux-x86_64 | 0.1.0 | 6.32 | 63.29 | 69.61 | NOTE | |
r-release-macos-arm64 | 0.1.0 | 38.00 | NOTE | |||
r-release-macos-x86_64 | 0.1.0 | 77.00 | OK | |||
r-release-windows-x86_64 | 0.1.0 | 8.00 | 80.00 | 88.00 | NOTE | |
r-oldrel-macos-arm64 | 0.1.0 | 42.00 | OK | |||
r-oldrel-macos-x86_64 | 0.1.0 | 58.00 | OK | |||
r-oldrel-windows-x86_64 | 0.1.0 | 12.00 | 98.00 | 110.00 | OK |
Version: 0.1.0
Check: DESCRIPTION meta-information
Result: NOTE
Missing dependency on R >= 4.2.0 because package code uses the pipe
placeholder syntax added in R 4.2.0.
File(s) using such syntax:
‘model-table.R’
Flavors: r-devel-linux-x86_64-debian-clang, r-devel-linux-x86_64-debian-gcc, r-devel-linux-x86_64-fedora-clang, r-devel-linux-x86_64-fedora-gcc, r-devel-windows-x86_64, r-patched-linux-x86_64, r-release-linux-x86_64, r-release-macos-arm64, r-release-windows-x86_64
Version: 0.1.0
Check: HTML version of manual
Result: NOTE
Found the following HTML validation problems:
construct_table_from_formulas.html:46:1 (construct_table_from_formulas.Rd:10): Warning: missing </ul> before </div>
construct_table_from_models.html:48:1 (construct_table_from_models.Rd:11): Warning: missing </ul> before </div>
model_table_reconstructable.html:50:1 (model_table_reconstructable.Rd:12): Warning: missing </ul> before </div>
validate_model_table.html:46:1 (validate_model_table.Rd:10): Warning: missing </ul> before </div>
Flavor: r-devel-linux-x86_64-debian-gcc